I1106 08:13:44.534206 2668 image.cpp:137] File '' does not exist.
I1106 08:13:44.534206 2668 image.cpp:137] File '' does not exist.
I1106 08:13:44.534206 2668 image.cpp:137] File '' does not exist.
I1106 08:13:44.534206 2668 image.cpp:137] File '' does not exist.
I1106 08:13:44.534206 2668 svm.cpp:66] Compilation summary: Shader name: pebble_rocks Number of SVM nodes: 1993 Peak stack usage: 25 Time (in seconds): Finalize: 0.000099 Surface: 0.000106 Bump: 0.000158 Volume: 0.000006 Displacement: 0.000043 Generate: 0.000313 Total: 0.000412
I1106 08:13:45.269207 3504 svm.cpp:66] Compilation summary: Shader name: mat_skin.001x Number of SVM nodes: 10 Peak stack usage: 7 Time (in seconds): Finalize: 0.000001 Surface: 0.737272 Bump: 0.000000 Volume: 0.000003 Displacement: 0.000002 Generate: 0.737277 Total: 0.737278
I1106 08:13:45.269207 3080 svm.cpp:66] Compilation summary: Shader name: franck_hair_face_small Number of SVM nodes: 2659 Peak stack usage: 28 Time (in seconds): Finalize: 0.000021 Surface: 1.531946 Bump: 0.000000 Volume: 0.000025 Displacement: 0.000015 Generate: 1.531985 Total: 1.532007
I1106 08:13:45.270206 3504 svm.cpp:66] Compilation summary: Shader name: red.000 Number of SVM nodes: 3 Peak stack usage: 0 Time (in seconds): Finalize: 0.000001 Surface: 0.000002 Bump: 0.000000 Volume: 0.000001 Displacement: 0.000002 Generate: 0.000005 Total: 0.000007
I1106 08:13:45.270206 3080 svm.cpp:66] Compilation summary: Shader name: red.001 Number of SVM nodes: 3 Peak stack usage: 0 Time (in seconds): Finalize: 0.000001 Surface: 0.000001 Bump: 0.000000 Volume: 0.000001 Displacement: 0.000001 Generate: 0.000003 Total: 0.000004
I1106 08:13:45.271206 3504 svm.cpp:66] Compilation summary: Shader name: red.002 Number of SVM nodes: 3 Peak stack usage: 0 Time (in seconds): Finalize: 0.000001 Surface: 0.000002 Bump: 0.000000 Volume: 0.000002 Displacement: 0.000001 Generate: 0.000004 Total: 0.000005
I1106 08:13:45.271206 3080 svm.cpp:66] Compilation summary: Shader name: red.003 Number of SVM nodes: 3 Peak stack usage: 0 Time (in seconds): Finalize: 0.000001 Surface: 0.000001 Bump: 0.000000 Volume: 0.000001 Displacement: 0.000001 Generate: 0.000002 Total: 0.000003
I1106 08:13:45.271206 3504 svm.cpp:66] Compilation summary: Shader name: red.004 Number of SVM nodes: 3 Peak stack usage: 0 Time (in seconds): Finalize: 0.000000 Surface: 0.000002 Bump: 0.000000 Volume: 0.000001 Displacement: 0.000001 Generate: 0.000004 Total: 0.000005
I1106 08:13:45.271206 3080 svm.cpp:66] Compilation summary: Shader name: red.005 Number of SVM nodes: 3 Peak stack usage: 0 Time (in seconds): Finalize: 0.000001 Surface: 0.000001 Bump: 0.000000 Volume: 0.000001 Displacement: 0.000001 Generate: 0.000002 Total: 0.000003
I1106 08:13:45.271206 3504 svm.cpp:66] Compilation summary: Shader name: red.006 Number of SVM nodes: 3 Peak stack usage: 0 Time (in seconds): Finalize: 0.000001 Surface: 0.000001 Bump: 0.000000 Volume: 0.000001 Displacement: 0.000001 Generate: 0.000004 Total: 0.000005
I1106 08:13:45.272207 3080 svm.cpp:66] Compilation summary: Shader name: red.008 Number of SVM nodes: 3 Peak stack usage: 0 Time (in seconds): Finalize: 0.000001 Surface: 0.000001 Bump: 0.000000 Volume: 0.000001 Displacement: 0.000000 Generate: 0.000002 Total: 0.000004
I1106 08:13:45.272207 3504 svm.cpp:66] Compilation summary: Shader name: red.009 Number of SVM nodes: 3 Peak stack usage: 0 Time (in seconds): Finalize: 0.000002 Surface: 0.000001 Bump: 0.000000 Volume: 0.000001 Displacement: 0.000001 Generate: 0.000004 Total: 0.000006
I1106 08:13:45.272207 3080 svm.cpp:66] Compilation summary: Shader name: red.010 Number of SVM nodes: 3 Peak stack usage: 0 Time (in seconds): Finalize: 0.000000 Surface: 0.000001 Bump: 0.000000 Volume: 0.000001 Displacement: 0.000000 Generate: 0.000002 Total: 0.000003
I1106 08:13:45.272207 3504 svm.cpp:66] Compilation summary: Shader name: red.011 Number of SVM nodes: 3 Peak stack usage: 0 Time (in seconds): Finalize: 0.000001 Surface: 0.000002 Bump: 0.000000 Volume: 0.000001 Displacement: 0.000001 Generate: 0.000004 Total: 0.000005
I1106 08:13:45.272207 3080 svm.cpp:66] Compilation summary: Shader name: red.013 Number of SVM nodes: 3 Peak stack usage: 0 Time (in seconds): Finalize: 0.000000 Surface: 0.000001 Bump: 0.000000 Volume: 0.000001 Displacement: 0.000001 Generate: 0.000002 Total: 0.000003
I1106 08:13:45.273206 3504 svm.cpp:66] Compilation summary: Shader name: timer_franck_backplate Number of SVM nodes: 3 Peak stack usage: 0 Time (in seconds): Finalize: 0.000006 Surface: 0.000002 Bump: 0.000000 Volume: 0.000003 Displacement: 0.000002 Generate: 0.000007 Total: 0.000014
I1106 08:13:45.273206 3080 svm.cpp:66] Compilation summary: Shader name: timer_franck_glass Number of SVM nodes: 3 Peak stack usage: 0 Time (in seconds): Finalize: 0.000006 Surface: 0.000003 Bump: 0.000000 Volume: 0.000001 Displacement: 0.000001 Generate: 0.000005 Total: 0.000012
I1106 08:13:45.273206 3504 svm.cpp:66] Compilation summary: Shader name: timer_franck_knob_gray Number of SVM nodes: 3 Peak stack usage: 0 Time (in seconds): Finalize: 0.000006 Surface: 0.000002 Bump: 0.000000 Volume: 0.000001 Displacement: 0.000001 Generate: 0.000004 Total: 0.000010
I1106 08:13:45.273206 3080 svm.cpp:66] Compilation summary: Shader name: timer_franck_knob_white Number of SVM nodes: 3 Peak stack usage: 0 Time (in seconds): Finalize: 0.000004 Surface: 0.000001 Bump: 0.000000 Volume: 0.000001 Displacement: 0.000001 Generate: 0.000002 Total: 0.000006
I1106 08:13:45.273206 3504 svm.cpp:66] Compilation summary: Shader name: timer_franck_metal_casing Number of SVM nodes: 3 Peak stack usage: 0 Time (in seconds): Finalize: 0.000006 Surface: 0.000008 Bump: 0.000000 Volume: 0.000002 Displacement: 0.000002 Generate: 0.000012 Total: 0.000019
I1106 08:13:45.274206 3080 svm.cpp:66] Compilation summary: Shader name: timer_franck_metal_inside Number of SVM nodes: 3 Peak stack usage: 0 Time (in seconds): Finalize: 0.000003 Surface: 0.000001 Bump: 0.000000 Volume: 0.000001 Displacement: 0.000000 Generate: 0.000002 Total: 0.000006
I1106 08:13:45.274206 3504 svm.cpp:66] Compilation summary: Shader name: timer_franck_metal_inside.001 Number of SVM nodes: 276 Peak stack usage: 7 Time (in seconds): Finalize: 0.000005 Surface: 0.000052 Bump: 0.000000 Volume: 0.000002 Displacement: 0.000002 Generate: 0.000055 Total: 0.000061
I1106 08:13:45.638206 4044 svm.cpp:66] Compilation summary: Shader name: default_background Number of SVM nodes: 23 Peak stack usage: 9 Time (in seconds): Finalize: 0.000115 Surface: 2.396432 Bump: 0.000000 Volume: 0.000004 Displacement: 0.000002 Generate: 2.396438 Total: 2.396554
I1106 08:13:45.638206 3080 svm.cpp:66] Compilation summary: Shader name: timer_tara_knob_gray Number of SVM nodes: 554 Peak stack usage: 16 Time (in seconds): Finalize: 0.000003 Surface: 0.363898 Bump: 0.000000 Volume: 0.000004 Displacement: 0.000002 Generate: 0.363904 Total: 0.363907
I1106 08:13:45.638206 2912 svm.cpp:66] Compilation summary: Shader name: mat_ground Number of SVM nodes: 860 Peak stack usage: 26 Time (in seconds): Finalize: 0.000002 Surface: 1.114757 Bump: 0.000000 Volume: 0.000005 Displacement: 0.000002 Generate: 1.114763 Total: 1.114766
I1106 08:13:45.731206 1868 svm.cpp:66] Compilation summary: Shader name: franck_body Number of SVM nodes: 849 Peak stack usage: 22 Time (in seconds): Finalize: 0.000009 Surface: 2.489027 Bump: 0.000000 Volume: 0.000010 Displacement: 0.000005 Generate: 2.489042 Total: 2.489052
I1106 08:13:45.731206 2912 svm.cpp:66] Compilation summary: Shader name: timer_watch_victor_glass Number of SVM nodes: 536 Peak stack usage: 9 Time (in seconds): Finalize: 0.000008 Surface: 0.078438 Bump: 0.000000 Volume: 0.000005 Displacement: 0.000002 Generate: 0.078445 Total: 0.078453
I1106 08:13:45.731206 1868 svm.cpp:66] Compilation summary: Shader name: timer_watch_victor_metal_decals Number of SVM nodes: 15 Peak stack usage: 7 Time (in seconds): Finalize: 0.000005 Surface: 0.000009 Bump: 0.000000 Volume: 0.000001 Displacement: 0.000001 Generate: 0.000011 Total: 0.000017
I1106 08:13:45.732206 3504 svm.cpp:66] Compilation summary: Shader name: timer_tara_knob_white Number of SVM nodes: 1872 Peak stack usage: 25 Time (in seconds): Finalize: 0.000005 Surface: 0.457528 Bump: 0.000000 Volume: 0.000022 Displacement: 0.000014 Generate: 0.457564 Total: 0.457570
I1106 08:13:45.732206 2912 svm.cpp:66] Compilation summary: Shader name: timer_watch_victor_metal_decals.001 Number of SVM nodes: 27 Peak stack usage: 8 Time (in seconds): Finalize: 0.000012 Surface: 0.000022 Bump: 0.000000 Volume: 0.000002 Displacement: 0.000003 Generate: 0.000027 Total: 0.000040
I1106 08:13:45.733206 2912 svm.cpp:66] Compilation summary: Shader name: victor_buttons Number of SVM nodes: 276 Peak stack usage: 10 Time (in seconds): Finalize: 0.000005 Surface: 0.000035 Bump: 0.000000 Volume: 0.000002 Displacement: 0.000002 Generate: 0.000038 Total: 0.000043
I1106 08:13:46.095206 2912 svm.cpp:66] Compilation summary: Shader name: victor_buttons_soft Number of SVM nodes: 32 Peak stack usage: 16 Time (in seconds): Finalize: 0.000001 Surface: 0.362069 Bump: 0.000000 Volume: 0.000004 Displacement: 0.000001 Generate: 0.362074 Total: 0.362075
I1106 08:13:46.095206 2668 svm.cpp:66] Compilation summary: Shader name: people Number of SVM nodes: 340 Peak stack usage: 23 Time (in seconds): Finalize: 0.000050 Surface: 0.457218 Bump: 1.103055 Volume: 0.000005 Displacement: 0.000010 Generate: 1.560288 Total: 1.560339
I1106 08:13:46.095206 3952 svm.cpp:66] Compilation summary: Shader name: mat_dead_log Number of SVM nodes: 2429 Peak stack usage: 29 Time (in seconds): Finalize: 0.000032 Surface: 0.093089 Bump: 1.114826 Volume: 0.000606 Displacement: 0.363551 Generate: 1.572071 Total: 1.572104
I1106 08:13:46.095206 3128 svm.cpp:66] Compilation summary: Shader name: mat_sticks Number of SVM nodes: 2159 Peak stack usage: 25 Time (in seconds): Finalize: 0.000028 Surface: 0.093059 Bump: 1.105769 Volume: 0.000610 Displacement: 0.363633 Generate: 1.563071 Total: 1.563099
I1106 08:13:46.095206 1868 svm.cpp:66] Compilation summary: Shader name: victor_belt_buckle Number of SVM nodes: 560 Peak stack usage: 15 Time (in seconds): Finalize: 0.000009 Surface: 0.362694 Bump: 0.000000 Volume: 0.000295 Displacement: 0.000004 Generate: 0.362993 Total: 0.363003
I1106 08:13:46.096206 3080 svm.cpp:66] Compilation summary: Shader name: timer_watch_victor_metal Number of SVM nodes: 3182 Peak stack usage: 29 Time (in seconds): Finalize: 0.000007 Surface: 0.443498 Bump: 0.000000 Volume: 0.000032 Displacement: 0.000019 Generate: 0.443549 Total: 0.443557
I1106 08:13:46.096206 3952 svm.cpp:66] Compilation summary: Shader name: victor_eyeball_cornea Number of SVM nodes: 49 Peak stack usage: 17 Time (in seconds): Finalize: 0.000007 Surface: 0.000051 Bump: 0.000000 Volume: 0.000002 Displacement: 0.000002 Generate: 0.000054 Total: 0.000062
I1106 08:13:46.097206 2668 svm.cpp:66] Compilation summary: Shader name: victor_hair_eyebrows Number of SVM nodes: 1075 Peak stack usage: 20 Time (in seconds): Finalize: 0.000007 Surface: 0.000104 Bump: 0.000000 Volume: 0.000004 Displacement: 0.000003 Generate: 0.000110 Total: 0.000117
I1106 08:13:46.097206 3952 svm.cpp:66] Compilation summary: Shader name: victor_hair_eyebrowsx Number of SVM nodes: 807 Peak stack usage: 13 Time (in seconds): Finalize: 0.000003 Surface: 0.000048 Bump: 0.000000 Volume: 0.000002 Displacement: 0.000001 Generate: 0.000051 Total: 0.000055
I1106 08:13:46.097206 3080 svm.cpp:66] Compilation summary: Shader name: victor_hair_eyelashes Number of SVM nodes: 1086 Peak stack usage: 25 Time (in seconds): Finalize: 0.000007 Surface: 0.000077 Bump: 0.000000 Volume: 0.000007 Displacement: 0.000004 Generate: 0.000088 Total: 0.000096
I1106 08:13:46.097206 3952 svm.cpp:66] Compilation summary: Shader name: victor_hair_eyelashesx Number of SVM nodes: 818 Peak stack usage: 17 Time (in seconds): Finalize: 0.000005 Surface: 0.000054 Bump: 0.000000 Volume: 0.000006 Displacement: 0.000002 Generate: 0.000062 Total: 0.000067
I1106 08:13:46.098206 2668 svm.cpp:66] Compilation summary: Shader name: victor_hair_head Number of SVM nodes: 1075 Peak stack usage: 20 Time (in seconds): Finalize: 0.000006 Surface: 0.000063 Bump: 0.000000 Volume: 0.000003 Displacement: 0.000002 Generate: 0.000068 Total: 0.000075
I1106 08:13:46.098206 3080 svm.cpp:66] Compilation summary: Shader name: victor_hair_headx Number of SVM nodes: 807 Peak stack usage: 13 Time (in seconds): Finalize: 0.000005 Surface: 0.000048 Bump: 0.000000 Volume: 0.000002 Displacement: 0.000002 Generate: 0.000052 Total: 0.000057
I1106 08:13:46.354207 3128 svm.cpp:66] Compilation summary: Shader name: victor_eye Number of SVM nodes: 283 Peak stack usage: 14 Time (in seconds): Finalize: 0.000006 Surface: 0.257471 Bump: 0.000000 Volume: 0.000003 Displacement: 0.000002 Generate: 0.257476 Total: 0.257482
I1106 08:13:46.354207 1868 svm.cpp:66] Compilation summary: Shader name: victor_iris Number of SVM nodes: 283 Peak stack usage: 14 Time (in seconds): Finalize: 0.000005 Surface: 0.255084 Bump: 0.000000 Volume: 0.000002 Displacement: 0.000001 Generate: 0.255087 Total: 0.255093
I1106 08:13:46.354207 2912 svm.cpp:66] Compilation summary: Shader name: victor_buttons_yarn Number of SVM nodes: 274 Peak stack usage: 7 Time (in seconds): Finalize: 0.000001 Surface: 0.257796 Bump: 0.000000 Volume: 0.000077 Displacement: 0.000024 Generate: 0.257896 Total: 0.257898
I1106 08:13:46.354207 4044 svm.cpp:66] Compilation summary: Shader name: timer_watch_victor_backplate Number of SVM nodes: 3997 Peak stack usage: 21 Time (in seconds): Finalize: 0.000016 Surface: 0.702081 Bump: 0.000000 Volume: 0.000038 Displacement: 0.000029 Generate: 0.702148 Total: 0.702164
I1106 08:13:47.210206 2668 svm.cpp:66] Compilation summary: Shader name: victor_jacket_inside Number of SVM nodes: 54 Peak stack usage: 26 Time (in seconds): Finalize: 0.000012 Surface: 1.109633 Bump: 0.000000 Volume: 0.000003 Displacement: 0.000002 Generate: 1.109638 Total: 1.109651
I1106 08:13:47.210206 4044 svm.cpp:66] Compilation summary: Shader name: victor_pupil Number of SVM nodes: 283 Peak stack usage: 14 Time (in seconds): Finalize: 0.000006 Surface: 0.853491 Bump: 0.000000 Volume: 0.000002 Displacement: 0.000001 Generate: 0.853495 Total: 0.853502
I1106 08:13:47.210206 3952 svm.cpp:66] Compilation summary: Shader name: victor_jacket_collar Number of SVM nodes: 80 Peak stack usage: 30 Time (in seconds): Finalize: 0.000010 Surface: 1.110277 Bump: 0.000000 Volume: 0.000003 Displacement: 0.000002 Generate: 1.110282 Total: 1.110293
I1106 08:13:47.210206 1868 svm.cpp:66] Compilation summary: Shader name: victor_laces Number of SVM nodes: 281 Peak stack usage: 10 Time (in seconds): Finalize: 0.000004 Surface: 0.855064 Bump: 0.000000 Volume: 0.000002 Displacement: 0.000001 Generate: 0.855068 Total: 0.855072
I1106 08:13:47.210206 3128 svm.cpp:66] Compilation summary: Shader name: victor_jacket_lint Number of SVM nodes: 41 Peak stack usage: 16 Time (in seconds): Finalize: 0.000005 Surface: 0.855408 Bump: 0.000000 Volume: 0.000002 Displacement: 0.000001 Generate: 0.855412 Total: 0.855418
I1106 08:13:47.210206 3504 svm.cpp:66] Compilation summary: Shader name: victor_belt Number of SVM nodes: 293 Peak stack usage: 19 Time (in seconds): Finalize: 0.000007 Surface: 1.477510 Bump: 0.000000 Volume: 0.000006 Displacement: 0.000001 Generate: 1.477518 Total: 1.477526
I1106 08:13:47.210206 3080 svm.cpp:66] Compilation summary: Shader name: victor_jacket Number of SVM nodes: 113 Peak stack usage: 36 Time (in seconds): Finalize: 0.000008 Surface: 1.110762 Bump: 0.000000 Volume: 0.000091 Displacement: 0.000003 Generate: 1.110856 Total: 1.110864
I1106 08:13:47.210206 3740 svm.cpp:66] Compilation summary: Shader name: mat_rock_light2 Number of SVM nodes: 3955 Peak stack usage: 51 Time (in seconds): Finalize: 0.000108 Surface: 1.478464 Bump: 1.199959 Volume: 0.000032 Displacement: 0.000070 Generate: 2.678526 Total: 2.678634
I1106 08:13:47.218206 3952 svm.cpp:66] Compilation summary: Shader name: victor_shirt Number of SVM nodes: 376 Peak stack usage: 50 Time (in seconds): Finalize: 0.000010 Surface: 0.007318 Bump: 0.000000 Volume: 0.000004 Displacement: 0.000004 Generate: 0.007326 Total: 0.007336
I1106 08:13:47.218206 2912 svm.cpp:66] Compilation summary: Shader name: victor_pants Number of SVM nodes: 621 Peak stack usage: 33 Time (in seconds): Finalize: 0.000010 Surface: 0.862634 Bump: 0.000000 Volume: 0.000005 Displacement: 0.000004 Generate: 0.862644 Total: 0.862655
I1106 08:13:47.225206 3504 svm.cpp:66] Compilation summary: Shader name: victor_shoes Number of SVM nodes: 297 Peak stack usage: 15 Time (in seconds): Finalize: 0.000009 Surface: 0.000075 Bump: 0.000000 Volume: 0.000003 Displacement: 0.000002 Generate: 0.000079 Total: 0.000089
I1106 08:13:47.229207 3504 svm.cpp:66] Compilation summary: Shader name: volume_fog Number of SVM nodes: 3 Peak stack usage: 0 Time (in seconds): Finalize: 0.000006 Surface: 0.000002 Bump: 0.000000 Volume: 0.000002 Displacement: 0.000002 Generate: 0.000006 Total: 0.000012
I1106 08:13:47.236207 3952 svm.cpp:66] Compilation summary: Shader name: wheat_straw Number of SVM nodes: 8 Peak stack usage: 4 Time (in seconds): Finalize: 0.000001 Surface: 0.000012 Bump: 0.000000 Volume: 0.000002 Displacement: 0.000002 Generate: 0.000016 Total: 0.000018
I1106 08:13:47.792207 3504 svm.cpp:66] Compilation summary: Shader name: wheat_spike Number of SVM nodes: 40 Peak stack usage: 15 Time (in seconds): Finalize: 0.000018 Surface: 0.560867 Bump: 0.000000 Volume: 0.000003 Displacement: 0.000001 Generate: 0.560872 Total: 0.560891
I1106 08:13:47.792207 3128 svm.cpp:66] Compilation summary: Shader name: victor_teethx Number of SVM nodes: 23 Peak stack usage: 11 Time (in seconds): Finalize: 0.000007 Surface: 0.563310 Bump: 0.000000 Volume: 0.000004 Displacement: 0.000002 Generate: 0.563316 Total: 0.563323
I1106 08:13:47.792207 4044 svm.cpp:66] Compilation summary: Shader name: victor_teeth Number of SVM nodes: 23 Peak stack usage: 11 Time (in seconds): Finalize: 0.000010 Surface: 0.563769 Bump: 0.000000 Volume: 0.000003 Displacement: 0.000002 Generate: 0.563775 Total: 0.563786
I1106 08:13:47.952206 2912 svm.cpp:66] Compilation summary: Shader name: victor_socks Number of SVM nodes: 314 Peak stack usage: 18 Time (in seconds): Finalize: 0.000005 Surface: 0.724862 Bump: 0.000000 Volume: 0.000003 Displacement: 0.000002 Generate: 0.724868 Total: 0.724873
I1106 08:13:47.961206 3740 svm.cpp:66] Compilation summary: Shader name: victor_skin_legs Number of SVM nodes: 314 Peak stack usage: 14 Time (in seconds): Finalize: 0.000044 Surface: 0.169223 Bump: 0.564589 Volume: 0.000026 Displacement: 0.000006 Generate: 0.733844 Total: 0.733889
I1106 08:13:47.961206 3080 svm.cpp:66] Compilation summary: Shader name: victor_skin_face Number of SVM nodes: 598 Peak stack usage: 23 Time (in seconds): Finalize: 0.000058 Surface: 0.169265 Bump: 0.566411 Volume: 0.000023 Displacement: 0.000007 Generate: 0.735707 Total: 0.735765
I1106 08:13:47.961206 1868 svm.cpp:66] Compilation summary: Shader name: victor_skin_hands Number of SVM nodes: 860 Peak stack usage: 20 Time (in seconds): Finalize: 0.000054 Surface: 0.008749 Bump: 0.726257 Volume: 0.000022 Displacement: 0.000006 Generate: 0.735034 Total: 0.735089
I1106 08:13:47.961206 2668 svm.cpp:66] Compilation summary: Shader name: watch_belt Number of SVM nodes: 3164 Peak stack usage: 31 Time (in seconds): Finalize: 0.000008 Surface: 0.731274 Bump: 0.000000 Volume: 0.000025 Displacement: 0.000015 Generate: 0.731314 Total: 0.731323
I1106 08:13:47.962206 3128 opencl_base.cpp:528] Texture allocate: __svm_nodes, 1,325,728 bytes. (1.26M)
I1106 08:13:47.963207 3128 opencl_base.cpp:528] Texture allocate: __shader_flag, 2,480 bytes. (2.42K)
I1106 08:13:47.963207 3128 svm.cpp:144] Shader manager updated 124 shaders in 4.72152 seconds.
I1106 08:13:47.963207 3128 object.cpp:552] Total 1503009 objects.
I1106 08:13:54.652206 3128 opencl_base.cpp:528] Texture allocate: __objects, 288,577,728 bytes. (275.21M)
I1106 08:13:54.780206 3128 mesh.cpp:1957] Total 167 meshes.
I1106 08:13:55.309206 3128 opencl_base.cpp:528] Texture allocate: __attributes_map, 649,299,888 bytes. (619.22M)
I1106 08:13:55.309206 3128 opencl_base.cpp:528] Texture allocate: __attributes_float, 58,546,188 bytes. (55.83M)
I1106 08:13:55.309206 3128 opencl_base.cpp:528] Texture allocate: __attributes_float3, 535,419,264 bytes. (510.62M)
I1106 08:13:55.309206 3128 opencl_base.cpp:528] Texture allocate: __attributes_uchar4, 12,608,688 bytes. (12.02M)
I1106 08:13:55.309206 2668 bvh_build.cpp:519] BVH build statistics: Build time: 4.01104e-05 Total number of nodes: 1 Number of inner nodes: 0 Number of leaf nodes: 1 Number of unaligned nodes: 0 Allocation slop factor: 1 Maximum depth: 1
I1106 08:13:55.606206 1868 bvh_build.cpp:519] BVH build statistics: Build time: 0.280031 Total number of nodes: 1,937 Number of inner nodes: 968 Number of leaf nodes: 969 Number of unaligned nodes: 0 Allocation slop factor: 1 Maximum depth: 15
I1106 08:13:55.636206 2912 bvh_build.cpp:519] BVH build statistics: Build time: 0.222808 Total number of nodes: 2,141 Number of inner nodes: 1,070 Number of leaf nodes: 1,071 Number of unaligned nodes: 0 Allocation slop factor: 1 Maximum depth: 15
I1106 08:13:55.643206 3080 bvh_build.cpp:519] BVH build statistics: Build time: 0.285796 Total number of nodes: 2,031 Number of inner nodes: 1,015 Number of leaf nodes: 1,016 Number of unaligned nodes: 0 Allocation slop factor: 1 Maximum depth: 15
I1106 08:13:55.696207 3952 bvh_build.cpp:519] BVH build statistics: Build time: 0.314984 Total number of nodes: 1,971 Number of inner nodes: 985 Number of leaf nodes: 986 Number of unaligned nodes: 0 Allocation slop factor: 1 Maximum depth: 16
I1106 08:13:55.807206 3128 bvh_build.cpp:519] BVH build statistics: Build time: 0.393612 Total number of nodes: 2,179 Number of inner nodes: 1,089 Number of leaf nodes: 1,090 Number of unaligned nodes: 0 Allocation slop factor: 1 Maximum depth: 15
I1106 08:13:55.815207 2912 bvh_build.cpp:519] BVH build statistics: Build time: 0.163185 Total number of nodes: 2,919 Number of inner nodes: 1,459 Number of leaf nodes: 1,460 Number of unaligned nodes: 0 Allocation slop factor: 1 Maximum depth: 17
I1106 08:13:55.896206 3504 bvh_build.cpp:519] BVH build statistics: Build time: 0.482835 Total number of nodes: 4,051 Number of inner nodes: 2,025 Number of leaf nodes: 2,026 Number of unaligned nodes: 0 Allocation slop factor: 1 Maximum depth: 16
I1106 08:13:55.974206 1868 bvh_build.cpp:519] BVH build statistics: Build time: 0.260157 Total number of nodes: 2,785 Number of inner nodes: 1,392 Number of leaf nodes: 1,393 Number of unaligned nodes: 0 Allocation slop factor: 1 Maximum depth: 16
I1106 08:13:56.313206 3128 bvh_build.cpp:519] BVH build statistics: Build time: 0.50537 Total number of nodes: 2,793 Number of inner nodes: 1,396 Number of leaf nodes: 1,397 Number of unaligned nodes: 0 Allocation slop factor: 1 Maximum depth: 15
I1106 08:13:56.345206 3952 bvh_build.cpp:519] BVH build statistics: Build time: 0.633224 Total number of nodes: 5,021 Number of inner nodes: 2,510 Number of leaf nodes: 2,511 Number of unaligned nodes: 0 Allocation slop factor: 1 Maximum depth: 18
I1106 08:13:56.433207 2912 bvh_build.cpp:519] BVH build statistics: Build time: 0.23581 Total number of nodes: 2,841 Number of inner nodes: 1,420 Number of leaf nodes: 1,421 Number of unaligned nodes: 0 Allocation slop factor: 1 Maximum depth: 15
I1106 08:13:56.448206 1868 bvh_build.cpp:519] BVH build statistics: Build time: 0.251612 Total number of nodes: 2,907 Number of inner nodes: 1,453 Number of leaf nodes: 1,454 Number of unaligned nodes: 0 Allocation slop factor: 1 Maximum depth: 15
I1106 08:13:56.493206 3080 bvh_build.cpp:519] BVH build statistics: Build time: 0.295195 Total number of nodes: 3,341 Number of inner nodes: 1,670 Number of leaf nodes: 1,671 Number of unaligned nodes: 0 Allocation slop factor: 1 Maximum depth: 15
I1106 08:13:56.542207 3128 bvh_build.cpp:519] BVH build statistics: Build time: 0.22747 Total number of nodes: 2,775 Number of inner nodes: 1,387 Number of leaf nodes: 1,388 Number of unaligned nodes: 0 Allocation slop factor: 1 Maximum depth: 15
I1106 08:13:56.701206 3128 bvh_build.cpp:519] BVH build statistics: Build time: 0.157541 Total number of nodes: 2,955 Number of inner nodes: 1,477 Number of leaf nodes: 1,478 Number of unaligned nodes: 0 Allocation slop factor: 1 Maximum depth: 14
I1106 08:13:56.836206 3128 bvh_build.cpp:519] BVH build statistics: Build time: 0.133691 Total number of nodes: 2,909 Number of inner nodes: 1,454 Number of leaf nodes: 1,455 Number of unaligned nodes: 0 Allocation slop factor: 1 Maximum depth: 14
I1106 08:13:57.228206 3128 bvh_build.cpp:519] BVH build statistics: Build time: 0.390773 Total number of nodes: 3,717 Number of inner nodes: 1,858 Number of leaf nodes: 1,859 Number of unaligned nodes: 0 Allocation slop factor: 1 Maximum depth: 15
I1106 08:13:57.797206 3128 bvh_build.cpp:519] BVH build statistics: Build time: 0.566423 Total number of nodes: 4,607 Number of inner nodes: 2,303 Number of leaf nodes: 2,304 Number of unaligned nodes: 0 Allocation slop factor: 1 Maximum depth: 15
I1106 08:13:58.027206 3128 bvh_build.cpp:519] BVH build statistics: Build time: 0.228456 Total number of nodes: 2,657 Number of inner nodes: 1,328 Number of leaf nodes: 1,329 Number of unaligned nodes: 0 Allocation slop factor: 1 Maximum depth: 14
I1106 08:13:58.177206 3128 bvh_build.cpp:519] BVH build statistics: Build time: 0.14956 Total number of nodes: 3,463 Number of inner nodes: 1,731 Number of leaf nodes: 1,732 Number of unaligned nodes: 0 Allocation slop factor: 0.999805 Maximum depth: 15
I1106 08:13:58.477206 3128 bvh_build.cpp:519] BVH build statistics: Build time: 0.297858 Total number of nodes: 2,725 Number of inner nodes: 1,362 Number of leaf nodes: 1,363 Number of unaligned nodes: 0 Allocation slop factor: 1 Maximum depth: 14
I1106 08:13:58.915206 3128 bvh_build.cpp:519] BVH build statistics: Build time: 0.437173 Total number of nodes: 2,619 Number of inner nodes: 1,309 Number of leaf nodes: 1,310 Number of unaligned nodes: 0 Allocation slop factor: 1 Maximum depth: 14
I1106 08:13:59.081207 3128 bvh_build.cpp:519] BVH build statistics: Build time: 0.164605 Total number of nodes: 2,843 Number of inner nodes: 1,421 Number of leaf nodes: 1,422 Number of unaligned nodes: 0 Allocation slop factor: 1 Maximum depth: 14
I1106 08:13:59.231206 3128 bvh_build.cpp:519] BVH build statistics: Build time: 0.149154 Total number of nodes: 2,809 Number of inner nodes: 1,404 Number of leaf nodes: 1,405 Number of unaligned nodes: 0 Allocation slop factor: 1 Maximum depth: 15
I1106 08:13:59.620206 3128 bvh_build.cpp:519] BVH build statistics: Build time: 0.387362 Total number of nodes: 3,827 Number of inner nodes: 1,913 Number of leaf nodes: 1,914 Number of unaligned nodes: 0 Allocation slop factor: 1 Maximum depth: 15
I1106 08:13:59.781206 3128 bvh_build.cpp:519] BVH build statistics: Build time: 0.1597 Total number of nodes: 2,843 Number of inner nodes: 1,421 Number of leaf nodes: 1,422 Number of unaligned nodes: 0 Allocation slop factor: 1 Maximum depth: 14
I1106 08:13:59.935206 3128 bvh_build.cpp:519] BVH build statistics: Build time: 0.152601 Total number of nodes: 2,809 Number of inner nodes: 1,404 Number of leaf nodes: 1,405 Number of unaligned nodes: 0 Allocation slop factor: 1 Maximum depth: 15
I1106 08:14:00.159206 3128 bvh_build.cpp:519] BVH build statistics: Build time: 0.223123 Total number of nodes: 2,619 Number of inner nodes: 1,309 Number of leaf nodes: 1,310 Number of unaligned nodes: 0 Allocation slop factor: 1 Maximum depth: 14
I1106 08:14:00.498206 3128 bvh_build.cpp:519] BVH build statistics: Build time: 0.337711 Total number of nodes: 3,717 Number of inner nodes: 1,858 Number of leaf nodes: 1,859 Number of unaligned nodes: 0 Allocation slop factor: 1 Maximum depth: 15
I1106 08:14:00.638206 3128 bvh_build.cpp:519] BVH build statistics: Build time: 0.138911 Total number of nodes: 2,793 Number of inner nodes: 1,396 Number of leaf nodes: 1,397 Number of unaligned nodes: 0 Allocation slop factor: 1 Maximum depth: 15
I1106 08:14:00.791206 3128 bvh_build.cpp:519] BVH build statistics: Build time: 0.151244 Total number of nodes: 2,907 Number of inner nodes: 1,453 Number of leaf nodes: 1,454 Number of unaligned nodes: 0 Allocation slop factor: 1 Maximum depth: 15
I1106 08:14:01.122206 3128 bvh_build.cpp:519] BVH build statistics: Build time: 0.329651 Total number of nodes: 3,341 Number of inner nodes: 1,670 Number of leaf nodes: 1,671 Number of unaligned nodes: 0 Allocation slop factor: 1 Maximum depth: 15
I1106 08:14:01.278206 3128 bvh_build.cpp:519] BVH build statistics: Build time: 0.155488 Total number of nodes: 3,463 Number of inner nodes: 1,731 Number of leaf nodes: 1,732 Number of unaligned nodes: 0 Allocation slop factor: 1 Maximum depth: 15
I1106 08:14:01.550206 3128 bvh_build.cpp:519] BVH build statistics: Build time: 0.270409 Total number of nodes: 2,775 Number of inner nodes: 1,387 Number of leaf nodes: 1,388 Number of unaligned nodes: 0 Allocation slop factor: 1 Maximum depth: 15
I1106 08:14:01.797206 3128 bvh_build.cpp:519] BVH build statistics: Build time: 0.245834 Total number of nodes: 2,955 Number of inner nodes: 1,477 Number of leaf nodes: 1,478 Number of unaligned nodes: 0 Allocation slop factor: 1 Maximum depth: 14
I1106 08:14:02.025207 3128 bvh_build.cpp:519] BVH build statistics: Build time: 0.227042 Total number of nodes: 2,909 Number of inner nodes: 1,454 Number of leaf nodes: 1,455 Number of unaligned nodes: 0 Allocation slop factor: 1 Maximum depth: 14
I1106 08:14:02.289206 3128 bvh_build.cpp:519] BVH build statistics: Build time: 0.262365 Total number of nodes: 2,657 Number of inner nodes: 1,328 Number of leaf nodes: 1,329 Number of unaligned nodes: 0 Allocation slop factor: 1 Maximum depth: 14
I1106 08:14:02.629206 3128 bvh_build.cpp:519] BVH build statistics: Build time: 0.339491 Total number of nodes: 2,841 Number of inner nodes: 1,420 Number of leaf nodes: 1,421 Number of unaligned nodes: 0 Allocation slop factor: 1 Maximum depth: 15
I1106 08:14:02.797206 3128 bvh_build.cpp:519] BVH build statistics: Build time: 0.166285 Total number of nodes: 2,725 Number of inner nodes: 1,362 Number of leaf nodes: 1,363 Number of unaligned nodes: 0 Allocation slop factor: 1 Maximum depth: 14
I1106 08:14:03.068207 3128 bvh_build.cpp:519] BVH build statistics: Build time: 0.269464 Total number of nodes: 4,607 Number of inner nodes: 2,303 Number of leaf nodes: 2,304 Number of unaligned nodes: 0 Allocation slop factor: 1 Maximum depth: 15
I1106 08:14:03.074206 3128 bvh_build.cpp:519] BVH build statistics: Build time: 0.00476981 Total number of nodes: 37 Number of inner nodes: 18 Number of leaf nodes: 19 Number of unaligned nodes: 0 Allocation slop factor: 1 Maximum depth: 7
I1106 08:14:03.413206 3128 bvh_build.cpp:519] BVH build statistics: Build time: 0.338817 Total number of nodes: 4,907 Number of inner nodes: 2,453 Number of leaf nodes: 2,454 Number of unaligned nodes: 0 Allocation slop factor: 1 Maximum depth: 16
I1106 08:14:03.882206 3128 bvh_build.cpp:519] BVH build statistics: Build time: 0.466767 Total number of nodes: 4,699 Number of inner nodes: 2,349 Number of leaf nodes: 2,350 Number of unaligned nodes: 0 Allocation slop factor: 1 Maximum depth: 17
I1106 08:14:04.224206 3128 bvh_build.cpp:519] BVH build statistics: Build time: 0.339966 Total number of nodes: 4,639 Number of inner nodes: 2,319 Number of leaf nodes: 2,320 Number of unaligned nodes: 0 Allocation slop factor: 1 Maximum depth: 15
I1106 08:14:04.434206 3128 bvh_build.cpp:519] BVH build statistics: Build time: 0.208155 Total number of nodes: 2,967 Number of inner nodes: 1,483 Number of leaf nodes: 1,484 Number of unaligned nodes: 0 Allocation slop factor: 1 Maximum depth: 14
I1106 08:14:04.632206 3128 bvh_build.cpp:519] BVH build statistics: Build time: 0.197216 Total number of nodes: 2,211 Number of inner nodes: 1,105 Number of leaf nodes: 1,106 Number of unaligned nodes: 0 Allocation slop factor: 1 Maximum depth: 14
I1106 08:14:04.681206 3128 bvh_build.cpp:519] BVH build statistics: Build time: 0.0479861 Total number of nodes: 651 Number of inner nodes: 325 Number of leaf nodes: 326 Number of unaligned nodes: 0 Allocation slop factor: 1 Maximum depth: 12
I1106 08:14:04.952206 3128 bvh_build.cpp:519] BVH build statistics: Build time: 0.270484 Total number of nodes: 2,225 Number of inner nodes: 1,112 Number of leaf nodes: 1,113 Number of unaligned nodes: 0 Allocation slop factor: 1 Maximum depth: 15
I1106 08:14:05.418206 3128 bvh_build.cpp:519] BVH build statistics: Build time: 0.465769 Total number of nodes: 5,093 Number of inner nodes: 2,546 Number of leaf nodes: 2,547 Number of unaligned nodes: 0 Allocation slop factor: 1 Maximum depth: 17
I1106 08:14:05.673207 3128 bvh_build.cpp:519] BVH build statistics: Build time: 0.253661 Total number of nodes: 3,057 Number of inner nodes: 1,528 Number of leaf nodes: 1,529 Number of unaligned nodes: 0 Allocation slop factor: 1 Maximum depth: 16
I1106 08:14:06.370206 3128 bvh_build.cpp:519] BVH build statistics: Build time: 0.695343 Total number of nodes: 14,637 Number of inner nodes: 7,318 Number of leaf nodes: 7,319 Number of unaligned nodes: 0 Allocation slop factor: 0.999804 Maximum depth: 18
I1106 08:14:06.551206 3128 bvh_build.cpp:519] BVH build statistics: Build time: 0.177703 Total number of nodes: 1,809 Number of inner nodes: 904 Number of leaf nodes: 905 Number of unaligned nodes: 0 Allocation slop factor: 1 Maximum depth: 16
I1106 08:14:06.717206 3128 bvh_build.cpp:519] BVH build statistics: Build time: 0.164679 Total number of nodes: 1,581 Number of inner nodes: 790 Number of leaf nodes: 791 Number of unaligned nodes: 0 Allocation slop factor: 1 Maximum depth: 15
I1106 08:14:06.805207 3128 bvh_build.cpp:519] BVH build statistics: Build time: 0.0877699 Total number of nodes: 863 Number of inner nodes: 431 Number of leaf nodes: 432 Number of unaligned nodes: 0 Allocation slop factor: 1 Maximum depth: 13
I1106 08:14:06.993206 3128 bvh_build.cpp:519] BVH build statistics: Build time: 0.187169 Total number of nodes: 1,727 Number of inner nodes: 863 Number of leaf nodes: 864 Number of unaligned nodes: 0 Allocation slop factor: 1 Maximum depth: 14
I1106 08:14:07.134207 3128 bvh_build.cpp:519] BVH build statistics: Build time: 0.140647 Total number of nodes: 1,327 Number of inner nodes: 663 Number of leaf nodes: 664 Number of unaligned nodes: 0 Allocation slop factor: 1 Maximum depth: 14
I1106 08:14:07.477206 3128 bvh_build.cpp:519] BVH build statistics: Build time: 0.341949 Total number of nodes: 3,533 Number of inner nodes: 1,766 Number of leaf nodes: 1,767 Number of unaligned nodes: 0 Allocation slop factor: 1 Maximum depth: 17
I1106 08:14:07.838207 3128 bvh_build.cpp:519] BVH build statistics: Build time: 0.359944 Total number of nodes: 2,291 Number of inner nodes: 1,145 Number of leaf nodes: 1,146 Number of unaligned nodes: 0 Allocation slop factor: 1 Maximum depth: 15
I1106 08:14:08.419206 3128 bvh_build.cpp:519] BVH build statistics: Build time: 0.57826 Total number of nodes: 13,625 Number of inner nodes: 6,812 Number of leaf nodes: 6,813 Number of unaligned nodes: 0 Allocation slop factor: 0.999466 Maximum depth: 19
I1106 08:14:08.714206 3128 bvh_build.cpp:519] BVH build statistics: Build time: 0.290584 Total number of nodes: 4,325 Number of inner nodes: 2,162 Number of leaf nodes: 2,163 Number of unaligned nodes: 0 Allocation slop factor: 1 Maximum depth: 16
I1106 08:14:08.948206 3128 bvh_build.cpp:519] BVH build statistics: Build time: 0.232724 Total number of nodes: 2,251 Number of inner nodes: 1,125 Number of leaf nodes: 1,126 Number of unaligned nodes: 0 Allocation slop factor: 1 Maximum depth: 15
I1106 08:14:09.381206 3128 bvh_build.cpp:519] BVH build statistics: Build time: 0.43163 Total number of nodes: 10,143 Number of inner nodes: 5,071 Number of leaf nodes: 5,072 Number of unaligned nodes: 0 Allocation slop factor: 0.999717 Maximum depth: 20
I1106 08:14:09.780206 3128 bvh_build.cpp:519] BVH build statistics: Build time: 0.395002 Total number of nodes: 7,323 Number of inner nodes: 3,661 Number of leaf nodes: 3,662 Number of unaligned nodes: 0 Allocation slop factor: 1 Maximum depth: 18
I1106 08:14:10.492207 3128 bvh_build.cpp:519] BVH build statistics: Build time: 0.709755 Total number of nodes: 9,369 Number of inner nodes: 4,684 Number of leaf nodes: 4,685 Number of unaligned nodes: 0 Allocation slop factor: 0.999866 Maximum depth: 19
I1106 08:14:11.480206 3128 bvh_build.cpp:519] BVH build statistics: Build time: 0.983398 Total number of nodes: 11,065 Number of inner nodes: 5,532 Number of leaf nodes: 5,533 Number of unaligned nodes: 0 Allocation slop factor: 0.999924 Maximum depth: 18
I1106 08:14:11.564206 3128 bvh_build.cpp:519] BVH build statistics: Build time: 0.0814872 Total number of nodes: 869 Number of inner nodes: 434 Number of leaf nodes: 435 Number of unaligned nodes: 0 Allocation slop factor: 1 Maximum depth: 14
I1106 08:14:11.622206 3128 bvh_build.cpp:519] BVH build statistics: Build time: 0.0578238 Total number of nodes: 559 Number of inner nodes: 279 Number of leaf nodes: 280 Number of unaligned nodes: 0 Allocation slop factor: 1 Maximum depth: 12
I1106 08:14:11.856206 2668 bvh_build.cpp:519] BVH build statistics: Build time: 16.3966 Total number of nodes: 769,281 Number of inner nodes: 384,640 Number of leaf nodes: 384,641 Number of unaligned nodes: 0 Allocation slop factor: 0.999622 Maximum depth: 30
I1106 08:14:12.040206 3128 bvh_build.cpp:519] BVH build statistics: Build time: 0.415469 Total number of nodes: 9,895 Number of inner nodes: 4,947 Number of leaf nodes: 4,948 Number of unaligned nodes: 0 Allocation slop factor: 0.999851 Maximum depth: 19
I1106 08:14:13.216207 3128 bvh_build.cpp:519] BVH build statistics: Build time: 1.16862 Total number of nodes: 54,195 Number of inner nodes: 27,097 Number of leaf nodes: 27,098 Number of unaligned nodes: 0 Allocation slop factor: 1 Maximum depth: 21
I1106 08:14:13.978206 3128 bvh_build.cpp:519] BVH build statistics: Build time: 0.741155 Total number of nodes: 21,791 Number of inner nodes: 10,895 Number of leaf nodes: 10,896 Number of unaligned nodes: 0 Allocation slop factor: 0.999705 Maximum depth: 22
I1106 08:14:14.430207 3128 bvh_build.cpp:519] BVH build statistics: Build time: 0.444257 Total number of nodes: 16,705 Number of inner nodes: 8,352 Number of leaf nodes: 8,353 Number of unaligned nodes: 0 Allocation slop factor: 1 Maximum depth: 19
I1106 08:14:15.147207 3128 bvh_build.cpp:519] BVH build statistics: Build time: 0.710117 Total number of nodes: 19,761 Number of inner nodes: 9,880 Number of leaf nodes: 9,881 Number of unaligned nodes: 0 Allocation slop factor: 0.999833 Maximum depth: 22
I1106 08:14:15.418206 3128 bvh_build.cpp:519] BVH build statistics: Build time: 0.265703 Total number of nodes: 2,781 Number of inner nodes: 1,390 Number of leaf nodes: 1,391 Number of unaligned nodes: 0 Allocation slop factor: 1 Maximum depth: 18
I1106 08:14:15.597206 3128 bvh_build.cpp:519] BVH build statistics: Build time: 0.177794 Total number of nodes: 1,173 Number of inner nodes: 586 Number of leaf nodes: 587 Number of unaligned nodes: 0 Allocation slop factor: 1 Maximum depth: 14
I1106 08:14:16.057206 3128 bvh_build.cpp:519] BVH build statistics: Build time: 0.45932 Total number of nodes: 3,625 Number of inner nodes: 1,812 Number of leaf nodes: 1,813 Number of unaligned nodes: 0 Allocation slop factor: 1 Maximum depth: 17
I1106 08:14:16.387207 3128 bvh_build.cpp:519] BVH build statistics: Build time: 0.328473 Total number of nodes: 1,915 Number of inner nodes: 957 Number of leaf nodes: 958 Number of unaligned nodes: 0 Allocation slop factor: 1 Maximum depth: 15
I1106 08:14:20.789206 3128 bvh_build.cpp:519] BVH build statistics: Build time: 4.38887 Total number of nodes: 86,887 Number of inner nodes: 43,443 Number of leaf nodes: 43,444 Number of unaligned nodes: 0 Allocation slop factor: 1 Maximum depth: 24
I1106 08:14:22.546206 3128 bvh_build.cpp:519] BVH build statistics: Build time: 1.72606 Total number of nodes: 46,381 Number of inner nodes: 23,190 Number of leaf nodes: 23,191 Number of unaligned nodes: 0 Allocation slop factor: 0.999969 Maximum depth: 23
I1106 08:14:22.670207 4044 bvh_build.cpp:519] BVH build statistics: Build time: 27.2426 Total number of nodes: 1,935,557 Number of inner nodes: 967,778 Number of leaf nodes: 967,779 Number of unaligned nodes: 1,353,578 Allocation slop factor: 0.999683 Maximum depth: 29
I1106 08:14:24.134207 3128 bvh_build.cpp:519] BVH build statistics: Build time: 1.56554 Total number of nodes: 60,335 Number of inner nodes: 30,167 Number of leaf nodes: 30,168 Number of unaligned nodes: 0 Allocation slop factor: 0.999941 Maximum depth: 26
I1106 08:14:24.439206 3128 bvh_build.cpp:519] BVH build statistics: Build time: 0.254461 Total number of nodes: 2,243 Number of inner nodes: 1,121 Number of leaf nodes: 1,122 Number of unaligned nodes: 0 Allocation slop factor: 1 Maximum depth: 14
I1106 08:14:24.473206 3128 bvh_build.cpp:519] BVH build statistics: Build time: 0.0333266 Total number of nodes: 469 Number of inner nodes: 234 Number of leaf nodes: 235 Number of unaligned nodes: 0 Allocation slop factor: 1 Maximum depth: 12
I1106 08:14:24.529206 3128 bvh_build.cpp:519] BVH build statistics: Build time: 0.0556563 Total number of nodes: 801 Number of inner nodes: 400 Number of leaf nodes: 401 Number of unaligned nodes: 0 Allocation slop factor: 1 Maximum depth: 13
I1106 08:14:24.643206 3128 bvh_build.cpp:519] BVH build statistics: Build time: 0.11353 Total number of nodes: 1,489 Number of inner nodes: 744 Number of leaf nodes: 745 Number of unaligned nodes: 0 Allocation slop factor: 1 Maximum depth: 13
I1106 08:14:24.700206 3128 bvh_build.cpp:519] BVH build statistics: Build time: 0.0562736 Total number of nodes: 807 Number of inner nodes: 403 Number of leaf nodes: 404 Number of unaligned nodes: 0 Allocation slop factor: 1 Maximum depth: 13
I1106 08:14:24.878206 3128 bvh_build.cpp:519] BVH build statistics: Build time: 0.177079 Total number of nodes: 1,915 Number of inner nodes: 957 Number of leaf nodes: 958 Number of unaligned nodes: 0 Allocation slop factor: 1 Maximum depth: 15
I1106 08:14:25.063206 3128 bvh_build.cpp:519] BVH build statistics: Build time: 0.183414 Total number of nodes: 1,793 Number of inner nodes: 896 Number of leaf nodes: 897 Number of unaligned nodes: 0 Allocation slop factor: 1 Maximum depth: 16
I1106 08:14:25.307206 3128 bvh_build.cpp:519] BVH build statistics: Build time: 0.243457 Total number of nodes: 1,681 Number of inner nodes: 840 Number of leaf nodes: 841 Number of unaligned nodes: 0 Allocation slop factor: 1 Maximum depth: 15
I1106 08:14:25.499207 3128 bvh_build.cpp:519] BVH build statistics: Build time: 0.190879 Total number of nodes: 1,757 Number of inner nodes: 878 Number of leaf nodes: 879 Number of unaligned nodes: 0 Allocation slop factor: 1 Maximum depth: 15
I1106 08:14:25.517206 3128 bvh_build.cpp:519] BVH build statistics: Build time: 0.0171368 Total number of nodes: 181 Number of inner nodes: 90 Number of leaf nodes: 91 Number of unaligned nodes: 0 Allocation slop factor: 1 Maximum depth: 9
I1106 08:14:25.685206 3128 bvh_build.cpp:519] BVH build statistics: Build time: 0.168103 Total number of nodes: 1,759 Number of inner nodes: 879 Number of leaf nodes: 880 Number of unaligned nodes: 0 Allocation slop factor: 1 Maximum depth: 16
I1106 08:14:28.644207 3740 bvh_build.cpp:519] BVH build statistics: Build time: 32.8521 Total number of nodes: 5,559,375 Number of inner nodes: 2,779,687 Number of leaf nodes: 2,779,688 Number of unaligned nodes: 4,040,133 Allocation slop factor: 0.999133 Maximum depth: 30
I1106 08:14:30.463207 3128 mesh.cpp:2102] Objects BVH build pool statistics: Total time: 35.152735 Tasks handled: 167
I1106 08:14:30.624207 3128 mesh.cpp:1826] Using regular BVH optimization structure
I1106 08:14:50.112206 3128 bvh_build.cpp:519] BVH build statistics: Build time: 18.152 Total number of nodes: 18,611,337 Number of inner nodes: 9,305,668 Number of leaf nodes: 9,305,669 Number of unaligned nodes: 11,985,613 Allocation slop factor: 1 Maximum depth: 40
I1106 08:14:56.048207 3128 opencl_base.cpp:528] Texture allocate: __bvh_nodes, 1,339,776,288 bytes. (1.25G)
I1106 08:14:56.048207 3128 opencl_base.cpp:528] Texture allocate: __bvh_leaf_nodes, 219,636,416 bytes. (209.46M)
I1106 08:14:56.049206 3128 opencl_base.cpp:528] Texture allocate: __object_node, 6,012,036 bytes. (5.73M)
I1106 08:14:56.049206 3128 opencl_base.cpp:528] Texture allocate: __prim_tri_index, 73,261,344 bytes. (69.87M)
I1106 08:14:56.049206 3128 opencl_base.cpp:528] Texture allocate: __prim_tri_verts, 297,037,536 bytes. (283.28M)
I1106 08:14:56.049206 3128 opencl_base.cpp:528] Texture allocate: __prim_type, 73,261,344 bytes. (69.87M)
I1106 08:14:56.049206 3128 opencl_base.cpp:528] Texture allocate: __prim_visibility, 73,261,344 bytes. (69.87M)
I1106 08:14:56.049206 3128 opencl_base.cpp:528] Texture allocate: __prim_index, 73,261,344 bytes. (69.87M)
I1106 08:14:56.049206 3128 opencl_base.cpp:528] Texture allocate: __prim_object, 73,261,344 bytes. (69.87M)
I1106 08:14:56.168206 3128 opencl_base.cpp:528] Texture allocate: __tri_shader, 22,642,456 bytes. (21.59M)
I1106 08:14:56.168206 3128 opencl_base.cpp:528] Texture allocate: __tri_vnormal, 46,871,696 bytes. (44.70M)
I1106 08:14:56.168206 3128 opencl_base.cpp:528] Texture allocate: __tri_vindex, 90,569,824 bytes. (86.37M)
I1106 08:14:56.168206 3128 opencl_base.cpp:528] Texture allocate: __tri_patch, 22,642,456 bytes. (21.59M)
I1106 08:14:56.168206 3128 opencl_base.cpp:528] Texture allocate: __tri_patch_uv, 23,435,848 bytes. (22.35M)
I1106 08:14:56.263206 3128 opencl_base.cpp:528] Texture allocate: __curve_keys, 188,645,680 bytes. (179.91M)
I1106 08:14:56.263206 3128 opencl_base.cpp:528] Texture allocate: __curves, 18,666,288 bytes. (17.80M)
I1106 08:14:56.296206 3128 opencl_base.cpp:528] Texture allocate: __object_flag, 6,012,036 bytes. (5.73M)
I1106 08:14:56.308207 3504 opencl_base.cpp:528] Texture allocate: __tex_image_byte4_049, 4,194,304 bytes. (4.00M)
I1106 08:14:56.315207 3952 opencl_base.cpp:528] Texture allocate: __tex_image_byte4_057, 4 bytes. (4)
I1106 08:14:56.317206 3504 opencl_base.cpp:528] Texture allocate: __tex_image_byte4_065, 4,353,600 bytes. (4.15M)
I1106 08:14:56.331207 3952 opencl_base.cpp:528] Texture allocate: __tex_image_byte4_073, 4,194,304 bytes. (4.00M)
I1106 08:14:56.334206 3128 opencl_base.cpp:528] Texture allocate: __tex_image_byte4_041, 1,040,384 bytes. (1016.00K)
I1106 08:14:56.348206 3080 opencl_base.cpp:528] Texture allocate: __tex_image_byte4_009, 16,777,216 bytes. (16.00M)
I1106 08:14:56.352206 4044 opencl_base.cpp:528] Texture allocate: __tex_image_byte4_001, 4,194,304 bytes. (4.00M)
I1106 08:14:56.357206 2912 opencl_base.cpp:528] Texture allocate: __tex_image_byte4_017, 16,777,216 bytes. (16.00M)
I1106 08:14:56.359206 3952 opencl_base.cpp:528] Texture allocate: __tex_image_byte4_089, 11,943,936 bytes. (11.39M)
I1106 08:14:56.392206 1868 opencl_base.cpp:528] Texture allocate: __tex_image_byte4_025, 16,777,216 bytes. (16.00M)
I1106 08:14:56.448206 1868 opencl_base.cpp:528] Texture allocate: __tex_image_byte4_137, 12,582,912 bytes. (12.00M)
I1106 08:14:56.483206 4044 opencl_base.cpp:528] Texture allocate: __tex_image_byte4_113, 39,860,100 bytes. (38.01M)
I1106 08:14:56.496206 3952 opencl_base.cpp:528] Texture allocate: __tex_image_byte4_129, 39,860,100 bytes. (38.01M)
I1106 08:14:56.532207 1868 opencl_base.cpp:528] Texture allocate: __tex_image_byte4_145, 16,777,216 bytes. (16.00M)
I1106 08:14:56.549206 1868 opencl_base.cpp:528] Texture allocate: __tex_image_byte4_169, 4,194,304 bytes. (4.00M)
I1106 08:14:56.568207 1868 opencl_base.cpp:528] Texture allocate: __tex_image_byte4_177, 4,194,304 bytes. (4.00M)
I1106 08:14:56.625206 3128 opencl_base.cpp:528] Texture allocate: __tex_image_byte4_097, 67,108,864 bytes. (64.00M)
I1106 08:14:56.698206 3128 opencl_base.cpp:528] Texture allocate: __tex_image_byte4_193, 16,777,216 bytes. (16.00M)
I1106 08:14:56.734206 3128 opencl_base.cpp:528] Texture allocate: __tex_image_byte4_201, 8,388,608 bytes. (8.00M)
I1106 08:14:56.773206 2668 opencl_base.cpp:528] Texture allocate: __tex_image_float4_000, 128,000,000 bytes. (122.07M)
I1106 08:14:56.789206 2668 opencl_base.cpp:528] Texture allocate: __tex_image_byte4_217, 2,359,296 bytes. (2.25M)
I1106 08:14:56.794206 4044 opencl_base.cpp:528] Texture allocate: __tex_image_byte4_153, 67,108,864 bytes. (64.00M)
I1106 08:14:56.804206 3952 opencl_base.cpp:528] Texture allocate: __tex_image_byte4_161, 67,108,864 bytes. (64.00M)
I1106 08:14:56.809206 2668 opencl_base.cpp:528] Texture allocate: __tex_image_byte4_225, 2,359,296 bytes. (2.25M)
I1106 08:14:56.812206 3952 opencl_base.cpp:528] Texture allocate: __tex_image_byte4_241, 2,359,296 bytes. (2.25M)
I1106 08:14:56.822206 4044 opencl_base.cpp:528] Texture allocate: __tex_image_byte4_233, 4,194,304 bytes. (4.00M)
I1106 08:14:56.867207 3128 opencl_base.cpp:528] Texture allocate: __tex_image_byte4_209, 13,000,000 bytes. (12.40M)
I1106 08:14:56.873206 3128 opencl_base.cpp:528] Texture allocate: __tex_image_byte4_273, 2,359,296 bytes. (2.25M)
I1106 08:14:56.883206 1868 opencl_base.cpp:528] Texture allocate: __tex_image_byte4_185, 67,108,864 bytes. (64.00M)
I1106 08:14:56.886206 3128 opencl_base.cpp:528] Texture allocate: __tex_image_byte4_281, 2,359,296 bytes. (2.25M)
I1106 08:14:56.890206 1868 opencl_base.cpp:528] Texture allocate: __tex_image_byte4_289, 2,359,296 bytes. (2.25M)
I1106 08:14:56.891206 2668 opencl_base.cpp:528] Texture allocate: __tex_image_byte4_249, 20,155,392 bytes. (19.22M)
