I1106 08:08:54.487206 1192 opencl_base.cpp:291] Buffer allocate: memory manager buffer, 803,854,720 bytes. (766.62M)
I1106 08:08:54.635206 1192 opencl_base.cpp:291] Buffer allocate: memory manager buffer, 819,166,160 bytes. (781.22M)
I1106 08:08:55.373206 1144 light.cpp:606] Background MIS build time 0.010968
I1106 08:08:55.373206 1144 opencl_base.cpp:528] Texture allocate: __light_background_marginal_cdf, 16,392 bytes. (16.01K)
I1106 08:08:55.373206 1144 opencl_base.cpp:528] Texture allocate: __light_background_conditional_cdf, 33,587,208 bytes. (32.03M)
I1106 08:08:55.377207 1144 particles.cpp:102] Total 0 particle systems.
I1106 08:08:55.377207 1144 opencl_base.cpp:528] Texture allocate: __particles, 80 bytes. (80)
I1106 08:08:55.377207 1144 opencl_base.cpp:528] Texture allocate: __sobol_directions, 18,688 bytes. (18.25K)
I1106 08:08:55.377207 1144 tables.cpp:43] Total 2 lookup tables.
I1106 08:08:55.377207 1144 opencl_base.cpp:528] Texture allocate: __lookup_table, 266,240 bytes. (260.00K)
I1106 08:08:55.378206 1144 scene.cpp:284] System memory statistics after full device sync: Usage: 8,906,283,503 (8.29G) Peak: 9,006,878,607 (8.39G)
I1106 08:08:55.379206 1192 opencl_base.cpp:291] Buffer allocate: memory manager buffer, 760,583,104 bytes. (725.35M)
I1106 08:08:55.420207 1192 opencl_base.cpp:291] Buffer allocate: memory manager buffer, 760,577,904 bytes. (725.34M)
I1106 08:08:55.452206 1192 opencl_base.cpp:291] Buffer allocate: kernel_globals, 1,982,464 bytes. (1.89M)
I1106 08:08:55.452206 1192 opencl_base.cpp:291] Buffer allocate: RenderBuffers, 131,072 bytes. (128.00K)
I1106 08:08:55.452206 1192 opencl_split.cpp:381] Maximum device allocation size: 4,244,635,648 bytes. (3.95G).
I1106 08:08:55.452206 1192 opencl_split.cpp:392] Free mem AMD: 1,095,827,456 bytes. (1.02G).
I1106 08:08:55.452206 1192 opencl_base.cpp:291] Buffer allocate: size_buffer, 8 bytes. (8)
I1106 08:08:55.455206 1192 device_split_kernel.cpp:127] Split state element size: 4,464 bytes. (4.36K).
I1106 08:08:55.455206 1192 opencl_split.cpp:401] Global size: (448, 470).
I1106 08:08:55.455206 1192 opencl_base.cpp:291] Buffer allocate: work_pool_wgs, 52,656 bytes. (51.42K)
I1106 08:08:55.455206 1192 opencl_base.cpp:291] Buffer allocate: queue_index, 144 bytes. (144)
I1106 08:08:55.455206 1192 opencl_base.cpp:291] Buffer allocate: use_queues_flag, 1 bytes. (1)
I1106 08:08:55.455206 1192 opencl_base.cpp:291] Buffer allocate: size_buffer, 8 bytes. (8)
I1106 08:08:55.457206 1192 opencl_base.cpp:291] Buffer allocate: split_data, 939,939,840 bytes. (896.40M)
I1106 08:08:55.460206 1192 opencl_base.cpp:291] Buffer allocate: ray_state, 210,560 bytes. (205.63K)
I1106 08:08:57.858206 1192 opencl_base.cpp:291] Buffer allocate: RenderBuffers, 131,072 bytes. (128.00K)
I1106 08:08:58.951206 1192 opencl_base.cpp:291] Buffer allocate: RenderBuffers, 131,072 bytes. (128.00K)
I1106 08:08:59.473206 1192 opencl_base.cpp:291] Buffer allocate: RenderBuffers, 110,592 bytes. (108.00K)
I1106 08:09:00.311206 1192 opencl_base.cpp:291] Buffer allocate: RenderBuffers, 131,072 bytes. (128.00K)
I1106 08:09:01.601207 1192 opencl_base.cpp:291] Buffer allocate: RenderBuffers, 131,072 bytes. (128.00K)
I1106 08:09:04.309206 1192 opencl_base.cpp:291] Buffer allocate: RenderBuffers, 110,592 bytes. (108.00K)
I1106 08:09:08.376206 1192 opencl_base.cpp:291] Buffer allocate: RenderBuffers, 131,072 bytes. (128.00K)
I1106 08:09:12.740206 1192 opencl_base.cpp:291] Buffer allocate: RenderBuffers, 110,592 bytes. (108.00K)
I1106 08:09:13.974206 1192 opencl_base.cpp:291] Buffer allocate: RenderBuffers, 131,072 bytes. (128.00K)
I1106 08:09:19.116206 1192 opencl_base.cpp:291] Buffer allocate: RenderBuffers, 131,072 bytes. (128.00K)
I1106 08:09:24.022207 1192 opencl_base.cpp:291] Buffer allocate: RenderBuffers, 110,592 bytes. (108.00K)
I1106 08:09:27.845206 1192 opencl_base.cpp:291] Buffer allocate: RenderBuffers, 131,072 bytes. (128.00K)
I1106 08:09:33.478206 1192 opencl_base.cpp:291] Buffer allocate: RenderBuffers, 131,072 bytes. (128.00K)
I1106 08:09:39.198206 1192 opencl_base.cpp:291] Buffer allocate: RenderBuffers, 110,592 bytes. (108.00K)
I1106 08:09:39.633206 1192 opencl_base.cpp:291] Buffer allocate: RenderBuffers, 34,816 bytes. (34.00K)
I1106 08:09:40.830206 1192 opencl_base.cpp:291] Buffer allocate: RenderBuffers, 34,816 bytes. (34.00K)
I1106 08:09:41.846206 1192 opencl_base.cpp:291] Buffer allocate: RenderBuffers, 29,376 bytes. (28.69K)
I1106 08:09:42.066206 1380 blender_session.cpp:502] Total render time: 163.172
I1106 08:09:42.066206 1380 blender_session.cpp:503] Render time (without synchronization): 46.6866
I1106 08:12:50.883206 2524 util_task.cpp:203] Creating pool of 8 threads.
I1106 08:12:50.883206 2524 device_opencl.cpp:37] Using split kernel.
I1106 08:12:50.883206 2524 opencl_base.cpp:99] Creating new Cycles device for OpenCL platform AMD Accelerated Parallel Processing, device Radeon RX Vega. Device init success
I1106 08:12:50.900207 2668 graph.cpp:617] Deduplicated 1 nodes.
I1106 08:12:50.900207 1868 constant_fold.cpp:109] Folding Mix::Color to socket Image Texture.004::Color.
I1106 08:12:50.900207 3504 nodes.cpp:1981] Using GGX glossy with filter glossy.
I1106 08:12:50.900207 1868 nodes.cpp:1981] Using GGX glossy with filter glossy.
I1106 08:12:50.900207 1868 graph.cpp:617] Deduplicated 16 nodes.
I1106 08:12:50.900207 3504 graph.cpp:617] Deduplicated 2 nodes.
I1106 08:12:50.900207 2668 graph.cpp:617] Deduplicated 2 nodes.
I1106 08:12:50.901206 3080 graph.cpp:617] Deduplicated 8 nodes.
I1106 08:12:50.901206 3952 graph.cpp:617] Deduplicated 8 nodes.
I1106 08:12:50.901206 4044 graph.cpp:617] Deduplicated 2 nodes.
I1106 08:12:50.901206 1868 constant_fold.cpp:54] Folding RGB::Color to constant (0.561401, 0.501731, 0.453753).
I1106 08:12:50.901206 1868 graph.cpp:617] Deduplicated 1 nodes.
I1106 08:12:50.901206 3504 graph.cpp:617] Deduplicated 2 nodes.
I1106 08:12:50.902206 1868 constant_fold.cpp:109] Folding convert_vector_to_normal::value_normal to socket Bump::Normal.
I1106 08:12:50.902206 1868 constant_fold.cpp:109] Folding convert_vector_to_normal::value_normal to socket Bump::Normal.
I1106 08:12:50.902206 1868 constant_fold.cpp:109] Folding convert_vector_to_normal::value_normal to socket Bump::Normal.
I1106 08:12:50.902206 1868 graph.cpp:617] Deduplicated 5 nodes.
I1106 08:12:50.902206 2912 constant_fold.cpp:109] Folding convert_vector_to_normal::value_normal to socket Bump::Normal.
I1106 08:12:50.902206 2912 constant_fold.cpp:109] Folding convert_vector_to_normal::value_normal to socket Bump::Normal.
I1106 08:12:50.902206 2912 constant_fold.cpp:109] Folding convert_vector_to_normal::value_normal to socket Bump::Normal.
I1106 08:12:50.902206 2912 graph.cpp:617] Deduplicated 5 nodes.
I1106 08:12:50.902206 3740 constant_fold.cpp:109] Folding convert_vector_to_normal::value_normal to socket Bump::Normal.
I1106 08:12:50.902206 3740 constant_fold.cpp:109] Folding convert_vector_to_normal::value_normal to socket Bump::Normal.
I1106 08:12:50.902206 3740 constant_fold.cpp:109] Folding convert_vector_to_normal::value_normal to socket Bump::Normal.
I1106 08:12:50.902206 3740 graph.cpp:617] Deduplicated 5 nodes.
I1106 08:12:50.902206 2668 constant_fold.cpp:109] Folding convert_vector_to_normal::value_normal to socket Bump::Normal.
I1106 08:12:50.902206 2668 constant_fold.cpp:109] Folding convert_vector_to_normal::value_normal to socket Bump::Normal.
I1106 08:12:50.902206 3080 constant_fold.cpp:54] Folding RGB::Color to constant (0.310167, 0.361913, 0.483659).
I1106 08:12:50.902206 2668 constant_fold.cpp:109] Folding convert_vector_to_normal::value_normal to socket Bump::Normal.
I1106 08:12:50.902206 2668 graph.cpp:617] Deduplicated 5 nodes.
I1106 08:12:50.902206 3504 graph.cpp:617] Deduplicated 1 nodes.
I1106 08:12:50.902206 3952 graph.cpp:617] Deduplicated 2 nodes.
I1106 08:12:50.903206 2912 constant_fold.cpp:109] Folding convert_vector_to_normal::value_normal to socket Bump::Normal.
I1106 08:12:50.903206 2912 constant_fold.cpp:109] Folding convert_vector_to_normal::value_normal to socket Bump::Normal.
I1106 08:12:50.903206 2912 constant_fold.cpp:109] Folding convert_vector_to_normal::value_normal to socket Bump::Normal.
I1106 08:12:50.903206 2912 graph.cpp:617] Deduplicated 5 nodes.
I1106 08:12:50.903206 3740 constant_fold.cpp:109] Folding convert_vector_to_normal::value_normal to socket Bump::Normal.
I1106 08:12:50.903206 3740 constant_fold.cpp:109] Folding convert_vector_to_normal::value_normal to socket Bump::Normal.
I1106 08:12:50.903206 3740 constant_fold.cpp:109] Folding convert_vector_to_normal::value_normal to socket Bump::Normal.
I1106 08:12:50.903206 3740 graph.cpp:617] Deduplicated 5 nodes.
I1106 08:12:50.903206 4044 constant_fold.cpp:109] Folding Mix.001::Color to socket ColorRamp.003::Color.
I1106 08:12:50.903206 4044 graph.cpp:617] Deduplicated 2 nodes.
I1106 08:12:50.903206 1868 constant_fold.cpp:109] Folding Mix.001::Color to socket Mix.004::Color.
I1106 08:12:50.903206 1868 graph.cpp:617] Deduplicated 3 nodes.
I1106 08:12:50.903206 3952 constant_fold.cpp:109] Folding Mix.004::Color to socket Hue Saturation Value::Color.
I1106 08:12:50.903206 3952 graph.cpp:617] Deduplicated 6 nodes.
I1106 08:12:50.903206 3952 graph.cpp:617] Deduplicated 1 nodes.
I1106 08:12:50.904206 3080 graph.cpp:617] Deduplicated 3 nodes.
I1106 08:12:50.904206 1868 constant_fold.cpp:109] Folding Mix.001::Color to socket Mix.004::Color.
I1106 08:12:50.904206 1868 graph.cpp:617] Deduplicated 2 nodes.
I1106 08:12:50.904206 2912 constant_fold.cpp:54] Folding RGB::Color to constant (0.240158, 0.0932817, 0.125065).
I1106 08:12:50.904206 2912 constant_fold.cpp:54] Folding convert_color_to_vector::value_vector to constant (0.240158, 0.0932817, 0.125065).
I1106 08:12:50.904206 2912 graph.cpp:617] Deduplicated 3 nodes.
I1106 08:12:50.904206 2668 constant_fold.cpp:109] Folding Mix Shader.004::Closure to socket Transparent BSDF::BSDF.
I1106 08:12:50.904206 2668 nodes.cpp:1981] Using GGX glossy with filter glossy.
I1106 08:12:50.904206 3504 graph.cpp:617] Deduplicated 2 nodes.
I1106 08:12:50.904206 2668 graph.cpp:617] Deduplicated 2 nodes.
I1106 08:12:50.904206 3952 graph.cpp:617] Deduplicated 2 nodes.
I1106 08:12:50.904206 2912 constant_fold.cpp:54] Folding Mix.001::Color to constant (0.0256854, 0.0257086, 0.0241112).
I1106 08:12:50.904206 2912 graph.cpp:617] Deduplicated 4 nodes.
I1106 08:12:50.905206 1868 graph.cpp:617] Deduplicated 3 nodes.
I1106 08:12:50.905206 3504 graph.cpp:617] Deduplicated 1 nodes.
I1106 08:12:50.905206 2668 constant_fold.cpp:54] Folding RGB::Color to constant (0.0490753, 0.0432376, 0.0399975).
I1106 08:12:50.905206 2668 graph.cpp:617] Deduplicated 1 nodes.
I1106 08:12:50.905206 3740 nodes.cpp:2171] Using GGX refraction with filter glossy.
I1106 08:12:50.905206 3740 nodes.cpp:1981] Using GGX glossy with filter glossy.
I1106 08:12:50.905206 1868 constant_fold.cpp:109] Folding convert_vector_to_point::value_point to socket UV Map::UV.
I1106 08:12:50.905206 1868 constant_fold.cpp:109] Folding convert_vector_to_point::value_point to socket UV Map::UV.
I1106 08:12:50.905206 1868 constant_fold.cpp:109] Folding convert_vector_to_point::value_point to socket UV Map::UV.
I1106 08:12:50.905206 1868 graph.cpp:617] Deduplicated 3 nodes.
I1106 08:12:50.905206 3504 constant_fold.cpp:109] Folding convert_vector_to_point::value_point to socket UV Map::UV.
I1106 08:12:50.905206 3504 constant_fold.cpp:109] Folding convert_vector_to_point::value_point to socket UV Map::UV.
I1106 08:12:50.905206 3504 graph.cpp:617] Deduplicated 1 nodes.
I1106 08:12:50.905206 2668 constant_fold.cpp:54] Folding RGB::Color to constant (0.0874762, 0.0342926, 0.0143094).
I1106 08:12:50.905206 2668 constant_fold.cpp:109] Folding convert_vector_to_point::value_point to socket UV Map::UV.
I1106 08:12:50.905206 2668 constant_fold.cpp:109] Folding convert_vector_to_point::value_point to socket UV Map::UV.
I1106 08:12:50.905206 2668 constant_fold.cpp:109] Folding convert_vector_to_point::value_point to socket UV Map::UV.
I1106 08:12:50.905206 2668 graph.cpp:617] Deduplicated 3 nodes.
I1106 08:12:50.905206 3952 constant_fold.cpp:54] Folding RGB::Color to constant (0.0874762, 0.0342926, 0.0143094).
I1106 08:12:50.905206 3952 constant_fold.cpp:109] Folding convert_vector_to_point::value_point to socket UV Map::UV.
I1106 08:12:50.905206 3952 constant_fold.cpp:109] Folding convert_vector_to_point::value_point to socket UV Map::UV.
I1106 08:12:50.905206 3952 graph.cpp:617] Deduplicated 1 nodes.
I1106 08:12:50.905206 4044 constant_fold.cpp:109] Folding convert_vector_to_point::value_point to socket UV Map::UV.
I1106 08:12:50.905206 4044 constant_fold.cpp:109] Folding convert_vector_to_point::value_point to socket UV Map::UV.
I1106 08:12:50.905206 4044 constant_fold.cpp:109] Folding convert_vector_to_point::value_point to socket UV Map::UV.
I1106 08:12:50.905206 4044 graph.cpp:617] Deduplicated 2 nodes.
I1106 08:12:50.905206 2912 constant_fold.cpp:109] Folding convert_vector_to_point::value_point to socket UV Map::UV.
I1106 08:12:50.905206 2912 constant_fold.cpp:109] Folding convert_vector_to_point::value_point to socket UV Map::UV.
I1106 08:12:50.906206 3740 constant_fold.cpp:109] Folding Math::Value to socket Image Texture.004::Alpha.
I1106 08:12:50.906206 3740 constant_fold.cpp:109] Folding convert_vector_to_normal::value_normal to socket Bump.004::Normal.
I1106 08:12:50.906206 3740 constant_fold.cpp:109] Folding convert_vector_to_normal::value_normal to socket Bump.004::Normal.
I1106 08:12:50.906206 3740 graph.cpp:617] Deduplicated 1 nodes.
I1106 08:12:50.906206 1868 constant_fold.cpp:109] Folding convert_vector_to_normal::value_normal to socket Bump.001::Normal.
I1106 08:12:50.906206 1868 constant_fold.cpp:109] Folding convert_vector_to_normal::value_normal to socket Bump.001::Normal.
I1106 08:12:50.906206 3504 graph.cpp:617] Deduplicated 1 nodes.
I1106 08:12:50.906206 4044 constant_fold.cpp:109] Folding convert_vector_to_normal::value_normal to socket Bump.001::Normal.
I1106 08:12:50.906206 4044 constant_fold.cpp:109] Folding convert_vector_to_normal::value_normal to socket Bump.001::Normal.
I1106 08:12:50.906206 4044 graph.cpp:617] Deduplicated 2 nodes.
I1106 08:12:50.906206 3080 constant_fold.cpp:109] Folding convert_vector_to_normal::value_normal to socket Bump.001::Normal.
I1106 08:12:50.906206 3080 constant_fold.cpp:109] Folding convert_vector_to_normal::value_normal to socket Bump.001::Normal.
I1106 08:12:50.906206 3740 graph.cpp:617] Deduplicated 1 nodes.
I1106 08:12:50.906206 1868 constant_fold.cpp:54] Folding RGB::Color to constant (0.240158, 0.0932817, 0.125065).
I1106 08:12:50.906206 1868 constant_fold.cpp:54] Folding convert_color_to_vector::value_vector to constant (0.240158, 0.0932817, 0.125065).
I1106 08:12:50.906206 1868 graph.cpp:617] Deduplicated 4 nodes.
I1106 08:12:50.906206 3504 constant_fold.cpp:54] Folding RGB::Color to constant (0.240158, 0.0932817, 0.125065).
I1106 08:12:50.906206 3504 constant_fold.cpp:54] Folding convert_color_to_vector::value_vector to constant (0.240158, 0.0932817, 0.125065).
I1106 08:12:50.906206 3504 graph.cpp:617] Deduplicated 4 nodes.
I1106 08:12:50.906206 2668 graph.cpp:617] Deduplicated 1 nodes.
I1106 08:12:50.907207 3952 constant_fold.cpp:109] Folding convert_vector_to_normal::value_normal to socket Bump::Normal.
I1106 08:12:50.907207 3952 constant_fold.cpp:109] Folding convert_vector_to_normal::value_normal to socket Bump::Normal.
I1106 08:12:50.907207 3952 graph.cpp:617] Deduplicated 1 nodes.
I1106 08:12:50.907207 3740 constant_fold.cpp:54] Folding RGB.001::Color to constant (0.0392065, 0.045089, 0.0592535).
I1106 08:12:50.907207 3740 constant_fold.cpp:127] Discarding closure Emission.002.
I1106 08:12:50.907207 3080 graph.cpp:617] Deduplicated 6 nodes.
I1106 08:12:52.039206 2524 blender_curves.cpp:584] Exporting curve segments for mesh GEO-victor_jacket
I1106 08:12:54.613206 2524 blender_curves.cpp:584] Exporting curve segments for mesh GEO-victor_head
I1106 08:13:07.328207 2524 blender_curves.cpp:584] Exporting curve segments for mesh GEO-franck_sheep_body
I1106 08:13:11.494206 2524 blender_curves.cpp:584] Exporting curve segments for mesh GEO-franck_sheep_furcoat
I1106 08:13:13.126206 2524 blender_curves.cpp:584] Exporting curve segments for mesh Cube.006
I1106 08:13:33.687206 3128 session.cpp:701] Requested features: Experimental features: Off Max closure count: 7 Max nodes group: 3 Nodes features: 6 Use Hair: True Use Object Motion: False Use Camera Motion: False Use Baking: False Use Subsurface: True Use Volume: True Use Branched Integrator: False Use Patch Evaluation: False Use Transparent Shadows: True Use Principled BSDF: False Use Denoising: False
I1106 08:13:33.687206 3128 opencl_base.cpp:215] Loading kernels for platform AMD Accelerated Parallel Processing, device Radeon RX Vega.
I1106 08:13:33.687206 3128 opencl_util.cpp:287] OpenCL program split not found in cache.
I1106 08:13:34.127207 3128 opencl_util.cpp:314] Build options passed to clBuildProgram: '-cl-no-signed-zeros -cl-mad-enable -D__KERNEL_OPENCL_AMD__ -D__SPLIT_KERNEL__ -D__NODES_MAX_GROUP__=3 -D__NODES_FEATURES__=6 -D__MAX_CLOSURE__=7 -D__NO_OBJECT_MOTION__ -D__NO_CAMERA_MOTION__ -D__NO_BAKING__ -D__NO_BRANCHED_PATH__ -D__NO_PATCH_EVAL__ -D__NO_SHADOW_TRICKS__ -D__NO_PRINCIPLED__ -D__NO_DENOISING__ -D__NO_SHADER_RAYTRACE__ -D__COMPUTE_DEVICE_GPU__'.
I1106 08:13:34.161206 3128 opencl_util.cpp:287] Loaded program from C:\Users\test\AppData\Roaming\Blender Foundation\Blender\2.79\cache\kernels\cycles_kernel_split_CEA7E7FC96B47DAE835CB242AC22C58A_A4D4F14C38CEBD19AD1849E14198C353.clbin.
I1106 08:13:34.164206 3128 opencl_util.cpp:287] OpenCL program split not found in cache.
I1106 08:13:34.600206 3128 opencl_util.cpp:314] Build options passed to clBuildProgram: '-cl-no-signed-zeros -cl-mad-enable -D__KERNEL_OPENCL_AMD__ -D__SPLIT_KERNEL__ -D__NODES_MAX_GROUP__=3 -D__NODES_FEATURES__=6 -D__MAX_CLOSURE__=7 -D__NO_OBJECT_MOTION__ -D__NO_CAMERA_MOTION__ -D__NO_BAKING__ -D__NO_BRANCHED_PATH__ -D__NO_PATCH_EVAL__ -D__NO_SHADOW_TRICKS__ -D__NO_PRINCIPLED__ -D__NO_DENOISING__ -D__NO_SHADER_RAYTRACE__ -D__COMPUTE_DEVICE_GPU__'.
I1106 08:13:34.631206 3128 opencl_util.cpp:287] Loaded program from C:\Users\test\AppData\Roaming\Blender Foundation\Blender\2.79\cache\kernels\cycles_kernel_split_CEA7E7FC96B47DAE835CB242AC22C58A_A4D4F14C38CEBD19AD1849E14198C353.clbin.
I1106 08:13:34.634207 3128 opencl_util.cpp:287] OpenCL program split not found in cache.
I1106 08:13:35.071207 3128 opencl_util.cpp:314] Build options passed to clBuildProgram: '-cl-no-signed-zeros -cl-mad-enable -D__KERNEL_OPENCL_AMD__ -D__SPLIT_KERNEL__ -D__NODES_MAX_GROUP__=3 -D__NODES_FEATURES__=6 -D__MAX_CLOSURE__=7 -D__NO_OBJECT_MOTION__ -D__NO_CAMERA_MOTION__ -D__NO_BAKING__ -D__NO_BRANCHED_PATH__ -D__NO_PATCH_EVAL__ -D__NO_SHADOW_TRICKS__ -D__NO_PRINCIPLED__ -D__NO_DENOISING__ -D__NO_SHADER_RAYTRACE__ -D__COMPUTE_DEVICE_GPU__'.
I1106 08:13:35.102206 3128 opencl_util.cpp:287] Loaded program from C:\Users\test\AppData\Roaming\Blender Foundation\Blender\2.79\cache\kernels\cycles_kernel_split_CEA7E7FC96B47DAE835CB242AC22C58A_A4D4F14C38CEBD19AD1849E14198C353.clbin.
I1106 08:13:35.105206 3128 opencl_util.cpp:287] OpenCL program split not found in cache.
I1106 08:13:35.543206 3128 opencl_util.cpp:314] Build options passed to clBuildProgram: '-cl-no-signed-zeros -cl-mad-enable -D__KERNEL_OPENCL_AMD__ -D__SPLIT_KERNEL__ -D__NODES_MAX_GROUP__=3 -D__NODES_FEATURES__=6 -D__MAX_CLOSURE__=7 -D__NO_OBJECT_MOTION__ -D__NO_CAMERA_MOTION__ -D__NO_BAKING__ -D__NO_BRANCHED_PATH__ -D__NO_PATCH_EVAL__ -D__NO_SHADOW_TRICKS__ -D__NO_PRINCIPLED__ -D__NO_DENOISING__ -D__NO_SHADER_RAYTRACE__ -D__COMPUTE_DEVICE_GPU__'.
I1106 08:13:35.575206 3128 opencl_util.cpp:287] Loaded program from C:\Users\test\AppData\Roaming\Blender Foundation\Blender\2.79\cache\kernels\cycles_kernel_split_CEA7E7FC96B47DAE835CB242AC22C58A_A4D4F14C38CEBD19AD1849E14198C353.clbin.
I1106 08:13:35.578207 3128 opencl_util.cpp:287] OpenCL program split not found in cache.
I1106 08:13:36.016206 3128 opencl_util.cpp:314] Build options passed to clBuildProgram: '-cl-no-signed-zeros -cl-mad-enable -D__KERNEL_OPENCL_AMD__ -D__SPLIT_KERNEL__ -D__NODES_MAX_GROUP__=3 -D__NODES_FEATURES__=6 -D__MAX_CLOSURE__=7 -D__NO_OBJECT_MOTION__ -D__NO_CAMERA_MOTION__ -D__NO_BAKING__ -D__NO_BRANCHED_PATH__ -D__NO_PATCH_EVAL__ -D__NO_SHADOW_TRICKS__ -D__NO_PRINCIPLED__ -D__NO_DENOISING__ -D__NO_SHADER_RAYTRACE__ -D__COMPUTE_DEVICE_GPU__'.
I1106 08:13:36.048207 3128 opencl_util.cpp:287] Loaded program from C:\Users\test\AppData\Roaming\Blender Foundation\Blender\2.79\cache\kernels\cycles_kernel_split_CEA7E7FC96B47DAE835CB242AC22C58A_A4D4F14C38CEBD19AD1849E14198C353.clbin.
I1106 08:13:36.052206 3128 opencl_util.cpp:287] OpenCL program split not found in cache.
I1106 08:13:36.490206 3128 opencl_util.cpp:314] Build options passed to clBuildProgram: '-cl-no-signed-zeros -cl-mad-enable -D__KERNEL_OPENCL_AMD__ -D__SPLIT_KERNEL__ -D__NODES_MAX_GROUP__=3 -D__NODES_FEATURES__=6 -D__MAX_CLOSURE__=7 -D__NO_OBJECT_MOTION__ -D__NO_CAMERA_MOTION__ -D__NO_BAKING__ -D__NO_BRANCHED_PATH__ -D__NO_PATCH_EVAL__ -D__NO_SHADOW_TRICKS__ -D__NO_PRINCIPLED__ -D__NO_DENOISING__ -D__NO_SHADER_RAYTRACE__ -D__COMPUTE_DEVICE_GPU__'.
I1106 08:13:36.521206 3128 opencl_util.cpp:287] Loaded program from C:\Users\test\AppData\Roaming\Blender Foundation\Blender\2.79\cache\kernels\cycles_kernel_split_CEA7E7FC96B47DAE835CB242AC22C58A_A4D4F14C38CEBD19AD1849E14198C353.clbin.
I1106 08:13:36.524206 3128 opencl_util.cpp:287] OpenCL program split not found in cache.
I1106 08:13:36.963207 3128 opencl_util.cpp:314] Build options passed to clBuildProgram: '-cl-no-signed-zeros -cl-mad-enable -D__KERNEL_OPENCL_AMD__ -D__SPLIT_KERNEL__ -D__NODES_MAX_GROUP__=3 -D__NODES_FEATURES__=6 -D__MAX_CLOSURE__=7 -D__NO_OBJECT_MOTION__ -D__NO_CAMERA_MOTION__ -D__NO_BAKING__ -D__NO_BRANCHED_PATH__ -D__NO_PATCH_EVAL__ -D__NO_SHADOW_TRICKS__ -D__NO_PRINCIPLED__ -D__NO_DENOISING__ -D__NO_SHADER_RAYTRACE__ -D__COMPUTE_DEVICE_GPU__'.
I1106 08:13:36.994206 3128 opencl_util.cpp:287] Loaded program from C:\Users\test\AppData\Roaming\Blender Foundation\Blender\2.79\cache\kernels\cycles_kernel_split_CEA7E7FC96B47DAE835CB242AC22C58A_A4D4F14C38CEBD19AD1849E14198C353.clbin.
I1106 08:13:36.998206 3128 opencl_util.cpp:287] OpenCL program split not found in cache.
I1106 08:13:37.436206 3128 opencl_util.cpp:314] Build options passed to clBuildProgram: '-cl-no-signed-zeros -cl-mad-enable -D__KERNEL_OPENCL_AMD__ -D__SPLIT_KERNEL__ -D__NODES_MAX_GROUP__=3 -D__NODES_FEATURES__=6 -D__MAX_CLOSURE__=7 -D__NO_OBJECT_MOTION__ -D__NO_CAMERA_MOTION__ -D__NO_BAKING__ -D__NO_BRANCHED_PATH__ -D__NO_PATCH_EVAL__ -D__NO_SHADOW_TRICKS__ -D__NO_PRINCIPLED__ -D__NO_DENOISING__ -D__NO_SHADER_RAYTRACE__ -D__COMPUTE_DEVICE_GPU__'.
I1106 08:13:37.467206 3128 opencl_util.cpp:287] Loaded program from C:\Users\test\AppData\Roaming\Blender Foundation\Blender\2.79\cache\kernels\cycles_kernel_split_CEA7E7FC96B47DAE835CB242AC22C58A_A4D4F14C38CEBD19AD1849E14198C353.clbin.
I1106 08:13:37.471206 3128 opencl_util.cpp:287] OpenCL program split not found in cache.
I1106 08:13:37.909206 3128 opencl_util.cpp:314] Build options passed to clBuildProgram: '-cl-no-signed-zeros -cl-mad-enable -D__KERNEL_OPENCL_AMD__ -D__SPLIT_KERNEL__ -D__NODES_MAX_GROUP__=3 -D__NODES_FEATURES__=6 -D__MAX_CLOSURE__=7 -D__NO_OBJECT_MOTION__ -D__NO_CAMERA_MOTION__ -D__NO_BAKING__ -D__NO_BRANCHED_PATH__ -D__NO_PATCH_EVAL__ -D__NO_SHADOW_TRICKS__ -D__NO_PRINCIPLED__ -D__NO_DENOISING__ -D__NO_SHADER_RAYTRACE__ -D__COMPUTE_DEVICE_GPU__'.
I1106 08:13:37.941206 3128 opencl_util.cpp:287] Loaded program from C:\Users\test\AppData\Roaming\Blender Foundation\Blender\2.79\cache\kernels\cycles_kernel_split_CEA7E7FC96B47DAE835CB242AC22C58A_A4D4F14C38CEBD19AD1849E14198C353.clbin.
I1106 08:13:37.944206 3128 opencl_util.cpp:287] OpenCL program split not found in cache.
I1106 08:13:38.381206 3128 opencl_util.cpp:314] Build options passed to clBuildProgram: '-cl-no-signed-zeros -cl-mad-enable -D__KERNEL_OPENCL_AMD__ -D__SPLIT_KERNEL__ -D__NODES_MAX_GROUP__=3 -D__NODES_FEATURES__=6 -D__MAX_CLOSURE__=7 -D__NO_OBJECT_MOTION__ -D__NO_CAMERA_MOTION__ -D__NO_BAKING__ -D__NO_BRANCHED_PATH__ -D__NO_PATCH_EVAL__ -D__NO_SHADOW_TRICKS__ -D__NO_PRINCIPLED__ -D__NO_DENOISING__ -D__NO_SHADER_RAYTRACE__ -D__COMPUTE_DEVICE_GPU__'.
I1106 08:13:38.412206 3128 opencl_util.cpp:287] Loaded program from C:\Users\test\AppData\Roaming\Blender Foundation\Blender\2.79\cache\kernels\cycles_kernel_split_CEA7E7FC96B47DAE835CB242AC22C58A_A4D4F14C38CEBD19AD1849E14198C353.clbin.
I1106 08:13:38.416206 3128 opencl_util.cpp:287] OpenCL program split not found in cache.
I1106 08:13:38.854207 3128 opencl_util.cpp:314] Build options passed to clBuildProgram: '-cl-no-signed-zeros -cl-mad-enable -D__KERNEL_OPENCL_AMD__ -D__SPLIT_KERNEL__ -D__NODES_MAX_GROUP__=3 -D__NODES_FEATURES__=6 -D__MAX_CLOSURE__=7 -D__NO_OBJECT_MOTION__ -D__NO_CAMERA_MOTION__ -D__NO_BAKING__ -D__NO_BRANCHED_PATH__ -D__NO_PATCH_EVAL__ -D__NO_SHADOW_TRICKS__ -D__NO_PRINCIPLED__ -D__NO_DENOISING__ -D__NO_SHADER_RAYTRACE__ -D__COMPUTE_DEVICE_GPU__'.
I1106 08:13:38.885206 3128 opencl_util.cpp:287] Loaded program from C:\Users\test\AppData\Roaming\Blender Foundation\Blender\2.79\cache\kernels\cycles_kernel_split_CEA7E7FC96B47DAE835CB242AC22C58A_A4D4F14C38CEBD19AD1849E14198C353.clbin.
I1106 08:13:38.889206 3128 opencl_util.cpp:287] OpenCL program split not found in cache.
I1106 08:13:39.325206 3128 opencl_util.cpp:314] Build options passed to clBuildProgram: '-cl-no-signed-zeros -cl-mad-enable -D__KERNEL_OPENCL_AMD__ -D__SPLIT_KERNEL__ -D__NODES_MAX_GROUP__=3 -D__NODES_FEATURES__=6 -D__MAX_CLOSURE__=7 -D__NO_OBJECT_MOTION__ -D__NO_CAMERA_MOTION__ -D__NO_BAKING__ -D__NO_BRANCHED_PATH__ -D__NO_PATCH_EVAL__ -D__NO_SHADOW_TRICKS__ -D__NO_PRINCIPLED__ -D__NO_DENOISING__ -D__NO_SHADER_RAYTRACE__ -D__COMPUTE_DEVICE_GPU__'.
I1106 08:13:39.357206 3128 opencl_util.cpp:287] Loaded program from C:\Users\test\AppData\Roaming\Blender Foundation\Blender\2.79\cache\kernels\cycles_kernel_split_CEA7E7FC96B47DAE835CB242AC22C58A_A4D4F14C38CEBD19AD1849E14198C353.clbin.
I1106 08:13:39.361207 3128 opencl_util.cpp:287] OpenCL program split not found in cache.
I1106 08:13:39.799206 3128 opencl_util.cpp:314] Build options passed to clBuildProgram: '-cl-no-signed-zeros -cl-mad-enable -D__KERNEL_OPENCL_AMD__ -D__SPLIT_KERNEL__ -D__NODES_MAX_GROUP__=3 -D__NODES_FEATURES__=6 -D__MAX_CLOSURE__=7 -D__NO_OBJECT_MOTION__ -D__NO_CAMERA_MOTION__ -D__NO_BAKING__ -D__NO_BRANCHED_PATH__ -D__NO_PATCH_EVAL__ -D__NO_SHADOW_TRICKS__ -D__NO_PRINCIPLED__ -D__NO_DENOISING__ -D__NO_SHADER_RAYTRACE__ -D__COMPUTE_DEVICE_GPU__'.
I1106 08:13:39.831207 3128 opencl_util.cpp:287] Loaded program from C:\Users\test\AppData\Roaming\Blender Foundation\Blender\2.79\cache\kernels\cycles_kernel_split_CEA7E7FC96B47DAE835CB242AC22C58A_A4D4F14C38CEBD19AD1849E14198C353.clbin.
I1106 08:13:39.834206 3128 opencl_util.cpp:287] OpenCL program split not found in cache.
I1106 08:13:40.271206 3128 opencl_util.cpp:314] Build options passed to clBuildProgram: '-cl-no-signed-zeros -cl-mad-enable -D__KERNEL_OPENCL_AMD__ -D__SPLIT_KERNEL__ -D__NODES_MAX_GROUP__=3 -D__NODES_FEATURES__=6 -D__MAX_CLOSURE__=7 -D__NO_OBJECT_MOTION__ -D__NO_CAMERA_MOTION__ -D__NO_BAKING__ -D__NO_BRANCHED_PATH__ -D__NO_PATCH_EVAL__ -D__NO_SHADOW_TRICKS__ -D__NO_PRINCIPLED__ -D__NO_DENOISING__ -D__NO_SHADER_RAYTRACE__ -D__COMPUTE_DEVICE_GPU__'.
I1106 08:13:40.303206 3128 opencl_util.cpp:287] Loaded program from C:\Users\test\AppData\Roaming\Blender Foundation\Blender\2.79\cache\kernels\cycles_kernel_split_CEA7E7FC96B47DAE835CB242AC22C58A_A4D4F14C38CEBD19AD1849E14198C353.clbin.
I1106 08:13:40.306206 3128 opencl_util.cpp:287] OpenCL program split not found in cache.
I1106 08:13:40.744206 3128 opencl_util.cpp:314] Build options passed to clBuildProgram: '-cl-no-signed-zeros -cl-mad-enable -D__KERNEL_OPENCL_AMD__ -D__SPLIT_KERNEL__ -D__NODES_MAX_GROUP__=3 -D__NODES_FEATURES__=6 -D__MAX_CLOSURE__=7 -D__NO_OBJECT_MOTION__ -D__NO_CAMERA_MOTION__ -D__NO_BAKING__ -D__NO_BRANCHED_PATH__ -D__NO_PATCH_EVAL__ -D__NO_SHADOW_TRICKS__ -D__NO_PRINCIPLED__ -D__NO_DENOISING__ -D__NO_SHADER_RAYTRACE__ -D__COMPUTE_DEVICE_GPU__'.
I1106 08:13:40.776206 3128 opencl_util.cpp:287] Loaded program from C:\Users\test\AppData\Roaming\Blender Foundation\Blender\2.79\cache\kernels\cycles_kernel_split_CEA7E7FC96B47DAE835CB242AC22C58A_A4D4F14C38CEBD19AD1849E14198C353.clbin.
I1106 08:13:40.779206 3128 opencl_util.cpp:287] OpenCL program split not found in cache.
I1106 08:13:41.217206 3128 opencl_util.cpp:314] Build options passed to clBuildProgram: '-cl-no-signed-zeros -cl-mad-enable -D__KERNEL_OPENCL_AMD__ -D__SPLIT_KERNEL__ -D__NODES_MAX_GROUP__=3 -D__NODES_FEATURES__=6 -D__MAX_CLOSURE__=7 -D__NO_OBJECT_MOTION__ -D__NO_CAMERA_MOTION__ -D__NO_BAKING__ -D__NO_BRANCHED_PATH__ -D__NO_PATCH_EVAL__ -D__NO_SHADOW_TRICKS__ -D__NO_PRINCIPLED__ -D__NO_DENOISING__ -D__NO_SHADER_RAYTRACE__ -D__COMPUTE_DEVICE_GPU__'.
I1106 08:13:41.249207 3128 opencl_util.cpp:287] Loaded program from C:\Users\test\AppData\Roaming\Blender Foundation\Blender\2.79\cache\kernels\cycles_kernel_split_CEA7E7FC96B47DAE835CB242AC22C58A_A4D4F14C38CEBD19AD1849E14198C353.clbin.
I1106 08:13:41.252207 3128 opencl_util.cpp:287] OpenCL program split not found in cache.
I1106 08:13:41.691206 3128 opencl_util.cpp:314] Build options passed to clBuildProgram: '-cl-no-signed-zeros -cl-mad-enable -D__KERNEL_OPENCL_AMD__ -D__SPLIT_KERNEL__ -D__NODES_MAX_GROUP__=3 -D__NODES_FEATURES__=6 -D__MAX_CLOSURE__=7 -D__NO_OBJECT_MOTION__ -D__NO_CAMERA_MOTION__ -D__NO_BAKING__ -D__NO_BRANCHED_PATH__ -D__NO_PATCH_EVAL__ -D__NO_SHADOW_TRICKS__ -D__NO_PRINCIPLED__ -D__NO_DENOISING__ -D__NO_SHADER_RAYTRACE__ -D__COMPUTE_DEVICE_GPU__'.
I1106 08:13:41.722206 3128 opencl_util.cpp:287] Loaded program from C:\Users\test\AppData\Roaming\Blender Foundation\Blender\2.79\cache\kernels\cycles_kernel_split_CEA7E7FC96B47DAE835CB242AC22C58A_A4D4F14C38CEBD19AD1849E14198C353.clbin.
I1106 08:13:41.726207 3128 opencl_util.cpp:287] OpenCL program split not found in cache.
I1106 08:13:42.164206 3128 opencl_util.cpp:314] Build options passed to clBuildProgram: '-cl-no-signed-zeros -cl-mad-enable -D__KERNEL_OPENCL_AMD__ -D__SPLIT_KERNEL__ -D__NODES_MAX_GROUP__=3 -D__NODES_FEATURES__=6 -D__MAX_CLOSURE__=7 -D__NO_OBJECT_MOTION__ -D__NO_CAMERA_MOTION__ -D__NO_BAKING__ -D__NO_BRANCHED_PATH__ -D__NO_PATCH_EVAL__ -D__NO_SHADOW_TRICKS__ -D__NO_PRINCIPLED__ -D__NO_DENOISING__ -D__NO_SHADER_RAYTRACE__ -D__COMPUTE_DEVICE_GPU__'.
I1106 08:13:42.197206 3128 opencl_util.cpp:287] Loaded program from C:\Users\test\AppData\Roaming\Blender Foundation\Blender\2.79\cache\kernels\cycles_kernel_split_CEA7E7FC96B47DAE835CB242AC22C58A_A4D4F14C38CEBD19AD1849E14198C353.clbin.
I1106 08:13:42.200206 3128 opencl_util.cpp:287] OpenCL program base not found in cache.
I1106 08:13:42.249207 3128 opencl_util.cpp:314] Build options passed to clBuildProgram: '-cl-no-signed-zeros -cl-mad-enable -D__KERNEL_OPENCL_AMD__ -D__NODES_MAX_GROUP__=3 -D__NODES_FEATURES__=6 -D__MAX_CLOSURE__=7 -D__NO_OBJECT_MOTION__ -D__NO_CAMERA_MOTION__ -D__NO_BAKING__ -D__NO_BRANCHED_PATH__ -D__NO_PATCH_EVAL__ -D__NO_SHADOW_TRICKS__ -D__NO_PRINCIPLED__ -D__NO_DENOISING__ -D__NO_SHADER_RAYTRACE__'.
I1106 08:13:42.262207 3128 opencl_util.cpp:287] Loaded program from C:\Users\test\AppData\Roaming\Blender Foundation\Blender\2.79\cache\kernels\cycles_kernel_base_FF47F49870DCC71AABA6E9E53AFCFAB6_29D893947441B8B9F83561C97AB18A77.clbin.
I1106 08:13:42.262207 3128 opencl_util.cpp:287] OpenCL program denoising not found in cache.
I1106 08:13:42.271206 3128 opencl_util.cpp:314] Build options passed to clBuildProgram: '-cl-no-signed-zeros -cl-mad-enable -D__KERNEL_OPENCL_AMD__ '.
I1106 08:13:42.274206 3128 opencl_util.cpp:287] Loaded program from C:\Users\test\AppData\Roaming\Blender Foundation\Blender\2.79\cache\kernels\cycles_kernel_denoising_6D2A6ACDFE0507A69833F0E59E420C8E_E9C1C7AFD28B94B1CF64E5E43369C8C9.clbin.
I1106 08:13:42.274206 3128 opencl_util.cpp:287] OpenCL program split not found in cache.
I1106 08:13:42.712206 3128 opencl_util.cpp:314] Build options passed to clBuildProgram: '-cl-no-signed-zeros -cl-mad-enable -D__KERNEL_OPENCL_AMD__ -D__SPLIT_KERNEL__ -D__NODES_MAX_GROUP__=3 -D__NODES_FEATURES__=6 -D__MAX_CLOSURE__=7 -D__NO_OBJECT_MOTION__ -D__NO_CAMERA_MOTION__ -D__NO_BAKING__ -D__NO_BRANCHED_PATH__ -D__NO_PATCH_EVAL__ -D__NO_SHADOW_TRICKS__ -D__NO_PRINCIPLED__ -D__NO_DENOISING__ -D__NO_SHADER_RAYTRACE__ -D__COMPUTE_DEVICE_GPU__'.
I1106 08:13:42.743206 3128 opencl_util.cpp:287] Loaded program from C:\Users\test\AppData\Roaming\Blender Foundation\Blender\2.79\cache\kernels\cycles_kernel_split_CEA7E7FC96B47DAE835CB242AC22C58A_A4D4F14C38CEBD19AD1849E14198C353.clbin.
I1106 08:13:42.747206 3128 opencl_util.cpp:287] OpenCL program split not found in cache.
I1106 08:13:43.184206 3128 opencl_util.cpp:314] Build options passed to clBuildProgram: '-cl-no-signed-zeros -cl-mad-enable -D__KERNEL_OPENCL_AMD__ -D__SPLIT_KERNEL__ -D__NODES_MAX_GROUP__=3 -D__NODES_FEATURES__=6 -D__MAX_CLOSURE__=7 -D__NO_OBJECT_MOTION__ -D__NO_CAMERA_MOTION__ -D__NO_BAKING__ -D__NO_BRANCHED_PATH__ -D__NO_PATCH_EVAL__ -D__NO_SHADOW_TRICKS__ -D__NO_PRINCIPLED__ -D__NO_DENOISING__ -D__NO_SHADER_RAYTRACE__ -D__COMPUTE_DEVICE_GPU__'.
I1106 08:13:43.216207 3128 opencl_util.cpp:287] Loaded program from C:\Users\test\AppData\Roaming\Blender Foundation\Blender\2.79\cache\kernels\cycles_kernel_split_CEA7E7FC96B47DAE835CB242AC22C58A_A4D4F14C38CEBD19AD1849E14198C353.clbin.
I1106 08:13:43.219207 3128 session.cpp:714] Total time spent loading kernels: 9.53197
I1106 08:13:43.241206 3128 svm.cpp:98] Total 124 shaders.
I1106 08:13:43.241206 3952 constant_fold.cpp:127] Discarding closure emission.
I1106 08:13:43.241206 4044 constant_fold.cpp:109] Folding Gamma::Color to socket Environment Texture.001::Color.
I1106 08:13:43.241206 2668 svm.cpp:66] Compilation summary: Shader name: default_surface Number of SVM nodes: 8 Peak stack usage: 4 Time (in seconds): Finalize: 0.000015 Surface: 0.000007 Bump: 0.000000 Volume: 0.000001 Displacement: 0.000001 Generate: 0.000009 Total: 0.000025
I1106 08:13:43.241206 3952 svm.cpp:66] Compilation summary: Shader name: default_light Number of SVM nodes: 3 Peak stack usage: 0 Time (in seconds): Finalize: 0.000052 Surface: 0.000001 Bump: 0.000000 Volume: 0.000001 Displacement: 0.000001 Generate: 0.000002 Total: 0.000054
I1106 08:13:43.241206 2912 svm.cpp:66] Compilation summary: Shader name: default_empty Number of SVM nodes: 3 Peak stack usage: 0 Time (in seconds): Finalize: 0.000005 Surface: 0.000001 Bump: 0.000000 Volume: 0.000001 Displacement: 0.000001 Generate: 0.000003 Total: 0.000008
I1106 08:13:43.241206 3740 svm.cpp:66] Compilation summary: Shader name: Sun.001 Number of SVM nodes: 10 Peak stack usage: 4 Time (in seconds): Finalize: 0.000007 Surface: 0.000005 Bump: 0.000000 Volume: 0.000001 Displacement: 0.000001 Generate: 0.000007 Total: 0.000015
I1106 08:13:43.241206 2668 svm.cpp:66] Compilation summary: Shader name: BI_victor_skin_face Number of SVM nodes: 3 Peak stack usage: 0 Time (in seconds): Finalize: 0.000001 Surface: 0.000002 Bump: 0.000000 Volume: 0.000001 Displacement: 0.000001 Generate: 0.000004 Total: 0.000005
I1106 08:13:43.241206 3080 svm.cpp:66] Compilation summary: Shader name: BI_victor_skin_face.001 Number of SVM nodes: 3 Peak stack usage: 0 Time (in seconds): Finalize: 0.000001 Surface: 0.000002 Bump: 0.000000 Volume: 0.000001 Displacement: 0.000001 Generate: 0.000004 Total: 0.000005
I1106 08:13:43.241206 3740 svm.cpp:66] Compilation summary: Shader name: BI_victor_skin_hands Number of SVM nodes: 3 Peak stack usage: 0 Time (in seconds): Finalize: 0.000000 Surface: 0.000001 Bump: 0.000000 Volume: 0.000001 Displacement: 0.000001 Generate: 0.000002 Total: 0.000003
I1106 08:13:43.241206 2668 svm.cpp:66] Compilation summary: Shader name: black_plate Number of SVM nodes: 8 Peak stack usage: 4 Time (in seconds): Finalize: 0.000000 Surface: 0.000004 Bump: 0.000000 Volume: 0.000000 Displacement: 0.000000 Generate: 0.000004 Total: 0.000005
I1106 08:13:43.242207 3740 svm.cpp:66] Compilation summary: Shader name: dummy_green Number of SVM nodes: 3 Peak stack usage: 0 Time (in seconds): Finalize: 0.000000 Surface: 0.000001 Bump: 0.000000 Volume: 0.000001 Displacement: 0.000000 Generate: 0.000002 Total: 0.000003
I1106 08:13:43.274206 3952 svm.cpp:66] Compilation summary: Shader name: dummy_red Number of SVM nodes: 3 Peak stack usage: 0 Time (in seconds): Finalize: 0.000000 Surface: 0.000001 Bump: 0.000000 Volume: 0.000001 Displacement: 0.000001 Generate: 0.000002 Total: 0.000003
I1106 08:13:43.289206 2912 svm.cpp:66] Compilation summary: Shader name: dummy_white Number of SVM nodes: 8 Peak stack usage: 4 Time (in seconds): Finalize: 0.000001 Surface: 0.000003 Bump: 0.000000 Volume: 0.000000 Displacement: 0.000001 Generate: 0.000004 Total: 0.000006
I1106 08:13:43.296206 3504 svm.cpp:66] Compilation summary: Shader name: franck_belt_chrome Number of SVM nodes: 3 Peak stack usage: 0 Time (in seconds): Finalize: 0.000005 Surface: 0.000002 Bump: 0.000000 Volume: 0.000001 Displacement: 0.000001 Generate: 0.000004 Total: 0.000009
I1106 08:13:43.299206 3128 svm.cpp:66] Compilation summary: Shader name: franck_belt_leather Number of SVM nodes: 3 Peak stack usage: 0 Time (in seconds): Finalize: 0.000005 Surface: 0.000002 Bump: 0.000000 Volume: 0.000001 Displacement: 0.000001 Generate: 0.000004 Total: 0.000009
I1106 08:13:43.320206 3080 svm.cpp:66] Compilation summary: Shader name: dummy_gray Number of SVM nodes: 3 Peak stack usage: 0 Time (in seconds): Finalize: 0.000000 Surface: 0.000001 Bump: 0.000000 Volume: 0.000001 Displacement: 0.000000 Generate: 0.000001 Total: 0.000002
I1106 08:13:43.737206 3952 svm.cpp:66] Compilation summary: Shader name: franck_eye_iris_L2_view_color_1 Number of SVM nodes: 15 Peak stack usage: 10 Time (in seconds): Finalize: 0.000001 Surface: 0.463318 Bump: 0.000000 Volume: 0.000003 Displacement: 0.000003 Generate: 0.463323 Total: 0.463325
I1106 08:13:43.737206 3080 svm.cpp:66] Compilation summary: Shader name: franck_eye_iris_R2_view_color_2 Number of SVM nodes: 15 Peak stack usage: 10 Time (in seconds): Finalize: 0.000001 Surface: 0.416330 Bump: 0.000000 Volume: 0.000003 Displacement: 0.000002 Generate: 0.416334 Total: 0.416337
I1106 08:13:43.737206 3128 svm.cpp:66] Compilation summary: Shader name: franck_eye_iris_R2_view_color_1 Number of SVM nodes: 15 Peak stack usage: 10 Time (in seconds): Finalize: 0.000001 Surface: 0.438252 Bump: 0.000000 Volume: 0.000003 Displacement: 0.000001 Generate: 0.438256 Total: 0.438258
I1106 08:13:43.737206 2912 svm.cpp:66] Compilation summary: Shader name: franck_eye_iris_L2_view_color_2 Number of SVM nodes: 15 Peak stack usage: 10 Time (in seconds): Finalize: 0.000002 Surface: 0.447421 Bump: 0.000000 Volume: 0.000003 Displacement: 0.000002 Generate: 0.447426 Total: 0.447428
I1106 08:13:43.737206 3504 svm.cpp:66] Compilation summary: Shader name: franck_eye_iris_R2 Number of SVM nodes: 15 Peak stack usage: 10 Time (in seconds): Finalize: 0.000001 Surface: 0.441374 Bump: 0.000000 Volume: 0.000002 Displacement: 0.000002 Generate: 0.441379 Total: 0.441380
I1106 08:13:43.737206 3128 svm.cpp:66] Compilation summary: Shader name: franck_eyelashes Number of SVM nodes: 541 Peak stack usage: 12 Time (in seconds): Finalize: 0.000005 Surface: 0.000040 Bump: 0.000000 Volume: 0.000148 Displacement: 0.000007 Generate: 0.000195 Total: 0.000201
I1106 08:13:43.737206 2912 svm.cpp:66] Compilation summary: Shader name: franck_glsl_eye_L Number of SVM nodes: 3 Peak stack usage: 0 Time (in seconds): Finalize: 0.000001 Surface: 0.000001 Bump: 0.000000 Volume: 0.000001 Displacement: 0.000001 Generate: 0.000002 Total: 0.000004
I1106 08:13:43.737206 3080 svm.cpp:66] Compilation summary: Shader name: franck_glsl Number of SVM nodes: 3 Peak stack usage: 0 Time (in seconds): Finalize: 0.000001 Surface: 0.000002 Bump: 0.000000 Volume: 0.000001 Displacement: 0.000001 Generate: 0.000003 Total: 0.000004
I1106 08:13:43.737206 2668 svm.cpp:66] Compilation summary: Shader name: franck_eye_cornea Number of SVM nodes: 805 Peak stack usage: 16 Time (in seconds): Finalize: 0.000003 Surface: 0.494812 Bump: 0.000000 Volume: 0.000059 Displacement: 0.000043 Generate: 0.494914 Total: 0.494917
I1106 08:13:43.737206 3128 svm.cpp:66] Compilation summary: Shader name: franck_glsl_eye_R Number of SVM nodes: 3 Peak stack usage: 0 Time (in seconds): Finalize: 0.000001 Surface: 0.000001 Bump: 0.000000 Volume: 0.000001 Displacement: 0.000001 Generate: 0.000002 Total: 0.000004
I1106 08:13:44.522207 3740 svm.cpp:66] Compilation summary: Shader name: franck_eye_iris_L2 Number of SVM nodes: 15 Peak stack usage: 10 Time (in seconds): Finalize: 0.000000 Surface: 1.279239 Bump: 0.000000 Volume: 0.000002 Displacement: 0.000002 Generate: 1.279243 Total: 1.279244
I1106 08:13:44.522207 3952 svm.cpp:66] Compilation summary: Shader name: franck_eyebrows Number of SVM nodes: 1602 Peak stack usage: 26 Time (in seconds): Finalize: 0.000009 Surface: 0.784497 Bump: 0.000000 Volume: 0.000039 Displacement: 0.000013 Generate: 0.784549 Total: 0.784559
I1106 08:13:44.522207 3128 svm.cpp:66] Compilation summary: Shader name: franck_hair_wool_brown Number of SVM nodes: 1335 Peak stack usage: 25 Time (in seconds): Finalize: 0.000010 Surface: 0.784170 Bump: 0.000000 Volume: 0.000036 Displacement: 0.000017 Generate: 0.784223 Total: 0.784234
I1106 08:13:44.522207 2912 svm.cpp:66] Compilation summary: Shader name: franck_hair_face_random Number of SVM nodes: 1597 Peak stack usage: 26 Time (in seconds): Finalize: 0.000007 Surface: 0.784130 Bump: 0.000000 Volume: 0.000115 Displacement: 0.000005 Generate: 0.784250 Total: 0.784257
I1106 08:13:44.522207 3952 svm.cpp:66] Compilation summary: Shader name: green.000 Number of SVM nodes: 3 Peak stack usage: 0 Time (in seconds): Finalize: 0.000001 Surface: 0.000002 Bump: 0.000000 Volume: 0.000001 Displacement: 0.000001 Generate: 0.000003 Total: 0.000005
I1106 08:13:44.522207 2668 svm.cpp:66] Compilation summary: Shader name: franck_hair_legs Number of SVM nodes: 2663 Peak stack usage: 31 Time (in seconds): Finalize: 0.000027 Surface: 0.784286 Bump: 0.000000 Volume: 0.000055 Displacement: 0.000023 Generate: 0.784364 Total: 0.784391
I1106 08:13:44.522207 3128 svm.cpp:66] Compilation summary: Shader name: green.001 Number of SVM nodes: 3 Peak stack usage: 0 Time (in seconds): Finalize: 0.000001 Surface: 0.000002 Bump: 0.000000 Volume: 0.000001 Displacement: 0.000001 Generate: 0.000004 Total: 0.000005
I1106 08:13:44.522207 2668 svm.cpp:66] Compilation summary: Shader name: green.002 Number of SVM nodes: 3 Peak stack usage: 0 Time (in seconds): Finalize: 0.000001 Surface: 0.000001 Bump: 0.000000 Volume: 0.000002 Displacement: 0.000002 Generate: 0.000004 Total: 0.000005
I1106 08:13:44.522207 2912 svm.cpp:66] Compilation summary: Shader name: green.005 Number of SVM nodes: 3 Peak stack usage: 0 Time (in seconds): Finalize: 0.000001 Surface: 0.000001 Bump: 0.000000 Volume: 0.000001 Displacement: 0.000001 Generate: 0.000003 Total: 0.000004
I1106 08:13:44.522207 3504 svm.cpp:66] Compilation summary: Shader name: franck_rope Number of SVM nodes: 1925 Peak stack usage: 27 Time (in seconds): Finalize: 0.000008 Surface: 0.762323 Bump: 0.000000 Volume: 0.000168 Displacement: 0.000052 Generate: 0.762542 Total: 0.762551
I1106 08:13:44.522207 3128 svm.cpp:66] Compilation summary: Shader name: island_flowers_brighter Number of SVM nodes: 8 Peak stack usage: 4 Time (in seconds): Finalize: 0.000000 Surface: 0.000006 Bump: 0.000000 Volume: 0.000001 Displacement: 0.000001 Generate: 0.000008 Total: 0.000009
I1106 08:13:44.522207 3740 svm.cpp:66] Compilation summary: Shader name: franck_wool_brown_furcoat Number of SVM nodes: 2134 Peak stack usage: 29 Time (in seconds): Finalize: 0.000007 Surface: 0.000436 Bump: 0.000000 Volume: 0.000111 Displacement: 0.000085 Generate: 0.000632 Total: 0.000639
I1106 08:13:44.522207 2668 svm.cpp:66] Compilation summary: Shader name: island_flowers_brighter.001 Number of SVM nodes: 8 Peak stack usage: 4 Time (in seconds): Finalize: 0.000001 Surface: 0.000008 Bump: 0.000000 Volume: 0.000001 Displacement: 0.000002 Generate: 0.000011 Total: 0.000012
I1106 08:13:44.523206 2912 svm.cpp:66] Compilation summary: Shader name: light_meshlight_01 Number of SVM nodes: 13 Peak stack usage: 4 Time (in seconds): Finalize: 0.000004 Surface: 0.000010 Bump: 0.000000 Volume: 0.000001 Displacement: 0.000002 Generate: 0.000012 Total: 0.000017
I1106 08:13:44.523206 3128 svm.cpp:66] Compilation summary: Shader name: island_grass_mesh Number of SVM nodes: 3483 Peak stack usage: 38 Time (in seconds): Finalize: 0.000013 Surface: 0.000727 Bump: 0.000000 Volume: 0.000049 Displacement: 0.000049 Generate: 0.000824 Total: 0.000837
I1106 08:13:44.524206 3504 svm.cpp:66] Compilation summary: Shader name: island_grass_mesh.001 Number of SVM nodes: 3483 Peak stack usage: 38 Time (in seconds): Finalize: 0.000009 Surface: 0.000730 Bump: 0.000000 Volume: 0.000086 Displacement: 0.000148 Generate: 0.000964 Total: 0.000974
I1106 08:13:44.524206 3740 svm.cpp:66] Compilation summary: Shader name: island_grass_mesh_yellowish Number of SVM nodes: 3483 Peak stack usage: 47 Time (in seconds): Finalize: 0.000007 Surface: 0.000575 Bump: 0.000000 Volume: 0.000084 Displacement: 0.000144 Generate: 0.000803 Total: 0.000811
I1106 08:13:44.524206 2668 svm.cpp:66] Compilation summary: Shader name: island_grass_mesh_darker Number of SVM nodes: 3483 Peak stack usage: 47 Time (in seconds): Finalize: 0.000009 Surface: 0.000735 Bump: 0.000000 Volume: 0.000049 Displacement: 0.000166 Generate: 0.000950 Total: 0.000960
I1106 08:13:44.524206 3740 svm.cpp:66] Compilation summary: Shader name: mat_pink.001x Number of SVM nodes: 8 Peak stack usage: 4 Time (in seconds): Finalize: 0.000001 Surface: 0.000005 Bump: 0.000000 Volume: 0.000001 Displacement: 0.000001 Generate: 0.000006 Total: 0.000007
I1106 08:13:44.524206 3128 svm.cpp:66] Compilation summary: Shader name: mat_island_grass_bushes Number of SVM nodes: 1122 Peak stack usage: 20 Time (in seconds): Finalize: 0.000025 Surface: 0.000148 Bump: 0.000019 Volume: 0.000010 Displacement: 0.000053 Generate: 0.000230 Total: 0.000255
I1106 08:13:44.524206 2668 svm.cpp:66] Compilation summary: Shader name: mat_plant_dark Number of SVM nodes: 15 Peak stack usage: 7 Time (in seconds): Finalize: 0.000003 Surface: 0.000009 Bump: 0.000000 Volume: 0.000001 Displacement: 0.000001 Generate: 0.000011 Total: 0.000015
I1106 08:13:44.524206 3128 svm.cpp:66] Compilation summary: Shader name: mat_plant_dark.001 Number of SVM nodes: 15 Peak stack usage: 7 Time (in seconds): Finalize: 0.000003 Surface: 0.000008 Bump: 0.000000 Volume: 0.000001 Displacement: 0.000001 Generate: 0.000010 Total: 0.000014
I1106 08:13:44.525207 2668 svm.cpp:66] Compilation summary: Shader name: mat_red Number of SVM nodes: 3 Peak stack usage: 0 Time (in seconds): Finalize: 0.000001 Surface: 0.000001 Bump: 0.000000 Volume: 0.000001 Displacement: 0.000001 Generate: 0.000002 Total: 0.000003
I1106 08:13:44.526206 3128 image.cpp:137] File '' does not exist.
I1106 08:13:44.526206 3128 image.cpp:137] File '' does not exist.
I1106 08:13:44.526206 3504 svm.cpp:66] Compilation summary: Shader name: mat_plant Number of SVM nodes: 3489 Peak stack usage: 44 Time (in seconds): Finalize: 0.000006 Surface: 0.000593 Bump: 0.000000 Volume: 0.001434 Displacement: 0.000080 Generate: 0.002107 Total: 0.002114
I1106 08:13:44.526206 3128 image.cpp:137] File '' does not exist.
I1106 08:13:44.526206 3740 svm.cpp:66] Compilation summary: Shader name: mat_plant.001 Number of SVM nodes: 3489 Peak stack usage: 44 Time (in seconds): Finalize: 0.000006 Surface: 0.002056 Bump: 0.000000 Volume: 0.000077 Displacement: 0.000035 Generate: 0.002168 Total: 0.002175
I1106 08:13:44.526206 3128 image.cpp:137] File '' does not exist.
I1106 08:13:44.526206 3128 svm.cpp:66] Compilation summary: Shader name: mat_rock_dark Number of SVM nodes: 2222 Peak stack usage: 26 Time (in seconds): Finalize: 0.000063 Surface: 0.000114 Bump: 0.000788 Volume: 0.000018 Displacement: 0.000038 Generate: 0.000957 Total: 0.001021
I1106 08:13:44.531206 2668 image.cpp:137] File '' does not exist.
I1106 08:13:44.531206 2668 image.cpp:137] File '' does not exist.
I1106 08:13:44.531206 2668 image.cpp:137] File '' does not exist.
I1106 08:13:44.532207 2668 image.cpp:137] File '' does not exist.
I1106 08:13:44.532207 2668 svm.cpp:66] Compilation summary: Shader name: mat_rock_light Number of SVM nodes: 2241 Peak stack usage: 25 Time (in seconds): Finalize: 0.000057 Surface: 0.000156 Bump: 0.000302 Volume: 0.000018 Displacement: 0.000039 Generate: 0.000514 Total: 0.000573
I1106 08:13:44.533206 2668 svm.cpp:66] Compilation summary: Shader name: mat_tree Number of SVM nodes: 2256 Peak stack usage: 67 Time (in seconds): Finalize: 0.000179 Surface: 0.000104 Bump: 0.000115 Volume: 0.000017 Displacement: 0.000059 Generate: 0.000295 Total: 0.000475
I1106 08:13:44.533206 2668 svm.cpp:66] Compilation summary: Shader name: Material.000 Number of SVM nodes: 3 Peak stack usage: 0 Time (in seconds): Finalize: 0.000001 Surface: 0.000002 Bump: 0.000000 Volume: 0.000002 Displacement: 0.000002 Generate: 0.000005 Total: 0.000007
I1106 08:13:44.533206 2668 svm.cpp:66] Compilation summary: Shader name: Material.001 Number of SVM nodes: 3 Peak stack usage: 0 Time (in seconds): Finalize: 0.000000 Surface: 0.000002 Bump: 0.000000 Volume: 0.000002 Displacement: 0.000001 Generate: 0.000005 Total: 0.000005
I1106 08:13:44.534206 2668 svm.cpp:66] Compilation summary: Shader name: Material.002 Number of SVM nodes: 5 Peak stack usage: 0 Time (in seconds): Finalize: 0.000001 Surface: 0.000005 Bump: 0.000000 Volume: 0.000001 Displacement: 0.000001 Generate: 0.000008 Total: 0.000009
