I1106 08:07:42.398206 1088 svm.cpp:66] Compilation summary: Shader name: red.010 Number of SVM nodes: 3 Peak stack usage: 0 Time (in seconds): Finalize: 0.000000 Surface: 0.000002 Bump: 0.000000 Volume: 0.000001 Displacement: 0.000002 Generate: 0.000004 Total: 0.000005
I1106 08:07:42.398206 1088 svm.cpp:66] Compilation summary: Shader name: red.011 Number of SVM nodes: 3 Peak stack usage: 0 Time (in seconds): Finalize: 0.000000 Surface: 0.000002 Bump: 0.000000 Volume: 0.000001 Displacement: 0.000001 Generate: 0.000004 Total: 0.000005
I1106 08:07:42.398206 1088 svm.cpp:66] Compilation summary: Shader name: red.013 Number of SVM nodes: 3 Peak stack usage: 0 Time (in seconds): Finalize: 0.000000 Surface: 0.000002 Bump: 0.000000 Volume: 0.000001 Displacement: 0.000001 Generate: 0.000004 Total: 0.000005
I1106 08:07:42.398206 1088 svm.cpp:66] Compilation summary: Shader name: timer_franck_backplate Number of SVM nodes: 3 Peak stack usage: 0 Time (in seconds): Finalize: 0.000004 Surface: 0.000002 Bump: 0.000000 Volume: 0.000001 Displacement: 0.000002 Generate: 0.000004 Total: 0.000008
I1106 08:07:42.398206 1088 svm.cpp:66] Compilation summary: Shader name: timer_franck_glass Number of SVM nodes: 3 Peak stack usage: 0 Time (in seconds): Finalize: 0.000008 Surface: 0.000003 Bump: 0.000000 Volume: 0.000002 Displacement: 0.000002 Generate: 0.000007 Total: 0.000015
I1106 08:07:42.398206 1088 svm.cpp:66] Compilation summary: Shader name: timer_franck_knob_gray Number of SVM nodes: 3 Peak stack usage: 0 Time (in seconds): Finalize: 0.000005 Surface: 0.000001 Bump: 0.000000 Volume: 0.000003 Displacement: 0.000002 Generate: 0.000007 Total: 0.000012
I1106 08:07:42.399206 1088 svm.cpp:66] Compilation summary: Shader name: timer_franck_knob_white Number of SVM nodes: 3 Peak stack usage: 0 Time (in seconds): Finalize: 0.000005 Surface: 0.000002 Bump: 0.000000 Volume: 0.000002 Displacement: 0.000002 Generate: 0.000005 Total: 0.000011
I1106 08:07:42.399206 1088 svm.cpp:66] Compilation summary: Shader name: timer_franck_metal_casing Number of SVM nodes: 3 Peak stack usage: 0 Time (in seconds): Finalize: 0.000004 Surface: 0.000006 Bump: 0.000000 Volume: 0.000002 Displacement: 0.000002 Generate: 0.000010 Total: 0.000015
I1106 08:07:42.399206 1088 svm.cpp:66] Compilation summary: Shader name: timer_franck_metal_inside Number of SVM nodes: 3 Peak stack usage: 0 Time (in seconds): Finalize: 0.000004 Surface: 0.000002 Bump: 0.000000 Volume: 0.000001 Displacement: 0.000002 Generate: 0.000005 Total: 0.000009
I1106 08:07:42.399206 1088 svm.cpp:66] Compilation summary: Shader name: timer_franck_metal_inside.001 Number of SVM nodes: 276 Peak stack usage: 7 Time (in seconds): Finalize: 0.000005 Surface: 0.000035 Bump: 0.000000 Volume: 0.000003 Displacement: 0.000003 Generate: 0.000040 Total: 0.000046
I1106 08:07:42.975206 1088 svm.cpp:66] Compilation summary: Shader name: timer_tara_knob_gray Number of SVM nodes: 554 Peak stack usage: 16 Time (in seconds): Finalize: 0.000005 Surface: 0.575718 Bump: 0.000000 Volume: 0.000006 Displacement: 0.000003 Generate: 0.575726 Total: 0.575732
I1106 08:07:42.975206 260 svm.cpp:66] Compilation summary: Shader name: mat_ground Number of SVM nodes: 860 Peak stack usage: 26 Time (in seconds): Finalize: 0.000003 Surface: 1.227959 Bump: 0.000000 Volume: 0.000009 Displacement: 0.000005 Generate: 1.227972 Total: 1.227975
I1106 08:07:42.975206 2872 svm.cpp:66] Compilation summary: Shader name: franck_rope Number of SVM nodes: 1925 Peak stack usage: 27 Time (in seconds): Finalize: 0.000006 Surface: 1.965002 Bump: 0.000000 Volume: 0.000103 Displacement: 0.000009 Generate: 1.965114 Total: 1.965121
I1106 08:07:43.034206 1144 svm.cpp:66] Compilation summary: Shader name: franck_hair_face_random Number of SVM nodes: 1597 Peak stack usage: 26 Time (in seconds): Finalize: 0.000007 Surface: 2.031015 Bump: 0.000000 Volume: 0.000015 Displacement: 0.000011 Generate: 2.031042 Total: 2.031050
I1106 08:07:43.034206 3904 svm.cpp:66] Compilation summary: Shader name: franck_body Number of SVM nodes: 849 Peak stack usage: 22 Time (in seconds): Finalize: 0.000008 Surface: 2.476667 Bump: 0.000000 Volume: 0.000014 Displacement: 0.000003 Generate: 2.476685 Total: 2.476693
I1106 08:07:43.034206 3904 svm.cpp:66] Compilation summary: Shader name: timer_watch_victor_metal_decals Number of SVM nodes: 15 Peak stack usage: 7 Time (in seconds): Finalize: 0.000005 Surface: 0.000014 Bump: 0.000000 Volume: 0.000002 Displacement: 0.000002 Generate: 0.000018 Total: 0.000024
I1106 08:07:43.034206 3904 svm.cpp:66] Compilation summary: Shader name: timer_watch_victor_metal_decals.001 Number of SVM nodes: 27 Peak stack usage: 8 Time (in seconds): Finalize: 0.000010 Surface: 0.000021 Bump: 0.000000 Volume: 0.000002 Displacement: 0.000002 Generate: 0.000025 Total: 0.000036
I1106 08:07:43.369206 2120 svm.cpp:66] Compilation summary: Shader name: mat_dead_log Number of SVM nodes: 2429 Peak stack usage: 29 Time (in seconds): Finalize: 0.000040 Surface: 0.059176 Bump: 1.228141 Volume: 0.000063 Displacement: 0.334744 Generate: 1.622124 Total: 1.622164
I1106 08:07:43.369206 1764 svm.cpp:66] Compilation summary: Shader name: mat_sticks Number of SVM nodes: 2159 Peak stack usage: 25 Time (in seconds): Finalize: 0.000061 Surface: 0.059128 Bump: 1.226666 Volume: 0.000009 Displacement: 0.334834 Generate: 1.620638 Total: 1.620699
I1106 08:07:43.369206 3328 svm.cpp:66] Compilation summary: Shader name: people Number of SVM nodes: 340 Peak stack usage: 23 Time (in seconds): Finalize: 0.000046 Surface: 0.393995 Bump: 0.577827 Volume: 0.000009 Displacement: 0.000010 Generate: 0.971841 Total: 0.971888
I1106 08:07:43.369206 1088 svm.cpp:66] Compilation summary: Shader name: timer_tara_knob_white Number of SVM nodes: 1872 Peak stack usage: 25 Time (in seconds): Finalize: 0.000007 Surface: 0.393775 Bump: 0.000000 Volume: 0.000101 Displacement: 0.000005 Generate: 0.393882 Total: 0.393890
I1106 08:07:43.369206 3948 svm.cpp:66] Compilation summary: Shader name: mat_rock_light2 Number of SVM nodes: 3955 Peak stack usage: 51 Time (in seconds): Finalize: 0.000124 Surface: 0.394036 Bump: 1.227059 Volume: 0.000113 Displacement: 0.000107 Generate: 1.621315 Total: 1.621440
I1106 08:07:43.369206 1088 svm.cpp:66] Compilation summary: Shader name: victor_buttons Number of SVM nodes: 276 Peak stack usage: 10 Time (in seconds): Finalize: 0.000005 Surface: 0.000032 Bump: 0.000000 Volume: 0.000002 Displacement: 0.000002 Generate: 0.000036 Total: 0.000041
I1106 08:07:43.370206 1088 svm.cpp:66] Compilation summary: Shader name: victor_eyeball_cornea Number of SVM nodes: 49 Peak stack usage: 17 Time (in seconds): Finalize: 0.000014 Surface: 0.000053 Bump: 0.000000 Volume: 0.000002 Displacement: 0.000002 Generate: 0.000057 Total: 0.000072
I1106 08:07:43.370206 1088 svm.cpp:66] Compilation summary: Shader name: victor_hair_eyebrows Number of SVM nodes: 1075 Peak stack usage: 20 Time (in seconds): Finalize: 0.000006 Surface: 0.000073 Bump: 0.000000 Volume: 0.000003 Displacement: 0.000003 Generate: 0.000079 Total: 0.000086
I1106 08:07:43.371206 1088 svm.cpp:66] Compilation summary: Shader name: victor_hair_eyebrowsx Number of SVM nodes: 807 Peak stack usage: 13 Time (in seconds): Finalize: 0.000007 Surface: 0.000058 Bump: 0.000000 Volume: 0.000004 Displacement: 0.000004 Generate: 0.000065 Total: 0.000072
I1106 08:07:43.371206 1088 svm.cpp:66] Compilation summary: Shader name: victor_hair_eyelashes Number of SVM nodes: 1086 Peak stack usage: 25 Time (in seconds): Finalize: 0.000014 Surface: 0.000081 Bump: 0.000000 Volume: 0.000003 Displacement: 0.000003 Generate: 0.000088 Total: 0.000102
I1106 08:07:43.372206 1088 svm.cpp:66] Compilation summary: Shader name: victor_hair_eyelashesx Number of SVM nodes: 818 Peak stack usage: 17 Time (in seconds): Finalize: 0.000012 Surface: 0.000063 Bump: 0.000000 Volume: 0.000003 Displacement: 0.000003 Generate: 0.000068 Total: 0.000080
I1106 08:07:43.372206 1088 svm.cpp:66] Compilation summary: Shader name: victor_hair_head Number of SVM nodes: 1075 Peak stack usage: 20 Time (in seconds): Finalize: 0.000007 Surface: 0.000067 Bump: 0.000000 Volume: 0.000003 Displacement: 0.000003 Generate: 0.000073 Total: 0.000080
I1106 08:07:43.372206 1088 svm.cpp:66] Compilation summary: Shader name: victor_hair_headx Number of SVM nodes: 807 Peak stack usage: 13 Time (in seconds): Finalize: 0.000006 Surface: 0.000055 Bump: 0.000000 Volume: 0.000003 Displacement: 0.000003 Generate: 0.000061 Total: 0.000068
I1106 08:07:43.560206 3904 svm.cpp:66] Compilation summary: Shader name: victor_belt Number of SVM nodes: 293 Peak stack usage: 19 Time (in seconds): Finalize: 0.000004 Surface: 0.525862 Bump: 0.000000 Volume: 0.000008 Displacement: 0.000004 Generate: 0.525874 Total: 0.525879
I1106 08:07:43.560206 3948 svm.cpp:66] Compilation summary: Shader name: victor_buttons_yarn Number of SVM nodes: 274 Peak stack usage: 7 Time (in seconds): Finalize: 0.000001 Surface: 0.190854 Bump: 0.000000 Volume: 0.000002 Displacement: 0.000002 Generate: 0.190859 Total: 0.190860
I1106 08:07:43.560206 1764 svm.cpp:66] Compilation summary: Shader name: victor_eye Number of SVM nodes: 283 Peak stack usage: 14 Time (in seconds): Finalize: 0.000006 Surface: 0.190537 Bump: 0.000000 Volume: 0.000002 Displacement: 0.000002 Generate: 0.190540 Total: 0.190547
I1106 08:07:43.560206 1088 svm.cpp:66] Compilation summary: Shader name: victor_iris Number of SVM nodes: 283 Peak stack usage: 14 Time (in seconds): Finalize: 0.000007 Surface: 0.187352 Bump: 0.000000 Volume: 0.000003 Displacement: 0.000002 Generate: 0.187357 Total: 0.187364
I1106 08:07:43.560206 2120 svm.cpp:66] Compilation summary: Shader name: victor_belt_buckle Number of SVM nodes: 560 Peak stack usage: 15 Time (in seconds): Finalize: 0.000010 Surface: 0.191240 Bump: 0.000000 Volume: 0.000003 Displacement: 0.000011 Generate: 0.191254 Total: 0.191264
I1106 08:07:43.670207 260 svm.cpp:66] Compilation summary: Shader name: timer_watch_victor_glass Number of SVM nodes: 536 Peak stack usage: 9 Time (in seconds): Finalize: 0.000006 Surface: 0.694834 Bump: 0.000000 Volume: 0.000005 Displacement: 0.000009 Generate: 0.694847 Total: 0.694854
I1106 08:07:43.923207 1088 svm.cpp:66] Compilation summary: Shader name: victor_jacket_lint Number of SVM nodes: 41 Peak stack usage: 16 Time (in seconds): Finalize: 0.000005 Surface: 0.360431 Bump: 0.000000 Volume: 0.000002 Displacement: 0.000001 Generate: 0.360435 Total: 0.360441
I1106 08:07:43.923207 1764 svm.cpp:66] Compilation summary: Shader name: victor_laces Number of SVM nodes: 281 Peak stack usage: 10 Time (in seconds): Finalize: 0.000006 Surface: 0.359734 Bump: 0.000000 Volume: 0.000004 Displacement: 0.000001 Generate: 0.359740 Total: 0.359746
I1106 08:07:43.923207 1144 svm.cpp:66] Compilation summary: Shader name: timer_watch_victor_metal Number of SVM nodes: 3182 Peak stack usage: 29 Time (in seconds): Finalize: 0.000004 Surface: 0.889093 Bump: 0.000000 Volume: 0.000009 Displacement: 0.000004 Generate: 0.889106 Total: 0.889110
I1106 08:07:43.923207 2872 svm.cpp:66] Compilation summary: Shader name: timer_watch_victor_backplate Number of SVM nodes: 3997 Peak stack usage: 21 Time (in seconds): Finalize: 0.000011 Surface: 0.948078 Bump: 0.000000 Volume: 0.000026 Displacement: 0.000006 Generate: 0.948110 Total: 0.948122
I1106 08:07:44.706207 1088 svm.cpp:66] Compilation summary: Shader name: victor_pupil Number of SVM nodes: 283 Peak stack usage: 14 Time (in seconds): Finalize: 0.000006 Surface: 0.781925 Bump: 0.000000 Volume: 0.000002 Displacement: 0.000001 Generate: 0.781928 Total: 0.781935
I1106 08:07:44.739207 3328 svm.cpp:66] Compilation summary: Shader name: victor_buttons_soft Number of SVM nodes: 32 Peak stack usage: 16 Time (in seconds): Finalize: 0.000001 Surface: 1.369168 Bump: 0.000000 Volume: 0.000004 Displacement: 0.000002 Generate: 1.369174 Total: 1.369175
I1106 08:07:44.739207 2120 svm.cpp:66] Compilation summary: Shader name: victor_jacket_inside Number of SVM nodes: 54 Peak stack usage: 26 Time (in seconds): Finalize: 0.000010 Surface: 1.176651 Bump: 0.000000 Volume: 0.000004 Displacement: 0.000001 Generate: 1.176656 Total: 1.176667
I1106 08:07:44.739207 3948 svm.cpp:66] Compilation summary: Shader name: victor_jacket_collar Number of SVM nodes: 80 Peak stack usage: 30 Time (in seconds): Finalize: 0.000006 Surface: 1.177277 Bump: 0.000000 Volume: 0.000003 Displacement: 0.000051 Generate: 1.177331 Total: 1.177338
I1106 08:07:44.941206 2120 svm.cpp:66] Compilation summary: Shader name: victor_teeth Number of SVM nodes: 23 Peak stack usage: 11 Time (in seconds): Finalize: 0.000010 Surface: 0.200559 Bump: 0.000000 Volume: 0.000003 Displacement: 0.000002 Generate: 0.200564 Total: 0.200575
I1106 08:07:44.954206 2120 svm.cpp:66] Compilation summary: Shader name: victor_teethx Number of SVM nodes: 23 Peak stack usage: 11 Time (in seconds): Finalize: 0.000010 Surface: 0.011675 Bump: 0.000000 Volume: 0.000002 Displacement: 0.000001 Generate: 0.011678 Total: 0.011688
I1106 08:07:44.954206 2120 svm.cpp:66] Compilation summary: Shader name: volume_fog Number of SVM nodes: 3 Peak stack usage: 0 Time (in seconds): Finalize: 0.000003 Surface: 0.000001 Bump: 0.000000 Volume: 0.000001 Displacement: 0.000001 Generate: 0.000002 Total: 0.000006
I1106 08:07:45.135206 1144 svm.cpp:66] Compilation summary: Shader name: victor_skin_face Number of SVM nodes: 598 Peak stack usage: 23 Time (in seconds): Finalize: 0.000043 Surface: 0.429166 Bump: 0.779492 Volume: 0.000009 Displacement: 0.000010 Generate: 1.208678 Total: 1.208721
I1106 08:07:45.135206 1764 svm.cpp:66] Compilation summary: Shader name: victor_shoes Number of SVM nodes: 297 Peak stack usage: 15 Time (in seconds): Finalize: 0.000010 Surface: 1.209494 Bump: 0.000000 Volume: 0.000004 Displacement: 0.000003 Generate: 1.209501 Total: 1.209512
I1106 08:07:45.135206 1088 svm.cpp:66] Compilation summary: Shader name: victor_skin_hands Number of SVM nodes: 860 Peak stack usage: 20 Time (in seconds): Finalize: 0.000037 Surface: 0.396229 Bump: 0.031941 Volume: 0.000006 Displacement: 0.000022 Generate: 0.428199 Total: 0.428237
I1106 08:07:45.135206 260 svm.cpp:66] Compilation summary: Shader name: victor_pants Number of SVM nodes: 621 Peak stack usage: 33 Time (in seconds): Finalize: 0.000014 Surface: 1.463810 Bump: 0.000000 Volume: 0.000005 Displacement: 0.000004 Generate: 1.463819 Total: 1.463834
I1106 08:07:45.135206 3904 svm.cpp:66] Compilation summary: Shader name: victor_jacket Number of SVM nodes: 113 Peak stack usage: 36 Time (in seconds): Finalize: 0.000010 Surface: 1.573944 Bump: 0.000000 Volume: 0.000007 Displacement: 0.000006 Generate: 1.573958 Total: 1.573968
I1106 08:07:45.135206 2120 svm.cpp:66] Compilation summary: Shader name: watch_belt Number of SVM nodes: 3164 Peak stack usage: 31 Time (in seconds): Finalize: 0.000004 Surface: 0.180182 Bump: 0.000000 Volume: 0.000006 Displacement: 0.000004 Generate: 0.180192 Total: 0.180197
I1106 08:07:45.135206 2872 svm.cpp:66] Compilation summary: Shader name: victor_shirt Number of SVM nodes: 376 Peak stack usage: 50 Time (in seconds): Finalize: 0.000010 Surface: 1.210483 Bump: 0.000000 Volume: 0.000007 Displacement: 0.000003 Generate: 1.210493 Total: 1.210504
I1106 08:07:45.136206 260 svm.cpp:66] Compilation summary: Shader name: wheat_straw Number of SVM nodes: 8 Peak stack usage: 4 Time (in seconds): Finalize: 0.000001 Surface: 0.000009 Bump: 0.000000 Volume: 0.000001 Displacement: 0.000002 Generate: 0.000012 Total: 0.000014
I1106 08:07:45.136206 1144 svm.cpp:66] Compilation summary: Shader name: wheat_spike Number of SVM nodes: 40 Peak stack usage: 15 Time (in seconds): Finalize: 0.000020 Surface: 0.000818 Bump: 0.000000 Volume: 0.000002 Displacement: 0.000001 Generate: 0.000821 Total: 0.000841
I1106 08:07:45.135206 3328 svm.cpp:66] Compilation summary: Shader name: victor_skin_legs Number of SVM nodes: 314 Peak stack usage: 14 Time (in seconds): Finalize: 0.000030 Surface: 0.000049 Bump: 0.395462 Volume: 0.000002 Displacement: 0.000010 Generate: 0.395523 Total: 0.395554
I1106 08:07:45.135206 3948 svm.cpp:66] Compilation summary: Shader name: victor_socks Number of SVM nodes: 314 Peak stack usage: 18 Time (in seconds): Finalize: 0.000006 Surface: 0.395115 Bump: 0.000000 Volume: 0.000005 Displacement: 0.000002 Generate: 0.395123 Total: 0.395130
I1106 08:07:45.141206 1144 opencl_base.cpp:528] Texture allocate: __svm_nodes, 1,325,728 bytes. (1.26M)
I1106 08:07:45.141206 1144 opencl_base.cpp:528] Texture allocate: __shader_flag, 2,480 bytes. (2.42K)
I1106 08:07:45.162206 1144 svm.cpp:144] Shader manager updated 124 shaders in 4.60476 seconds.
I1106 08:07:45.162206 1144 object.cpp:552] Total 1503009 objects.
I1106 08:07:51.819206 1144 opencl_base.cpp:528] Texture allocate: __objects, 288,577,728 bytes. (275.21M)
I1106 08:07:51.948206 1144 mesh.cpp:1957] Total 167 meshes.
I1106 08:07:52.475206 1144 opencl_base.cpp:528] Texture allocate: __attributes_map, 649,299,888 bytes. (619.22M)
I1106 08:07:52.476207 1144 opencl_base.cpp:528] Texture allocate: __attributes_float, 58,546,188 bytes. (55.83M)
I1106 08:07:52.476207 1144 opencl_base.cpp:528] Texture allocate: __attributes_float3, 535,419,264 bytes. (510.62M)
I1106 08:07:52.476207 1144 opencl_base.cpp:528] Texture allocate: __attributes_uchar4, 12,608,688 bytes. (12.02M)
I1106 08:07:52.476207 3948 bvh_build.cpp:519] BVH build statistics: Build time: 3.75556e-05 Total number of nodes: 1 Number of inner nodes: 0 Number of leaf nodes: 1 Number of unaligned nodes: 0 Allocation slop factor: 1 Maximum depth: 1
I1106 08:07:52.714206 1764 bvh_build.cpp:519] BVH build statistics: Build time: 0.183609 Total number of nodes: 1,971 Number of inner nodes: 985 Number of leaf nodes: 986 Number of unaligned nodes: 0 Allocation slop factor: 1 Maximum depth: 16
I1106 08:07:52.787206 2120 bvh_build.cpp:519] BVH build statistics: Build time: 0.29452 Total number of nodes: 1,937 Number of inner nodes: 968 Number of leaf nodes: 969 Number of unaligned nodes: 0 Allocation slop factor: 1 Maximum depth: 15
I1106 08:07:52.794206 1088 bvh_build.cpp:519] BVH build statistics: Build time: 0.285272 Total number of nodes: 2,031 Number of inner nodes: 1,015 Number of leaf nodes: 1,016 Number of unaligned nodes: 0 Allocation slop factor: 1 Maximum depth: 15
I1106 08:07:52.810206 3328 bvh_build.cpp:519] BVH build statistics: Build time: 0.279214 Total number of nodes: 2,141 Number of inner nodes: 1,070 Number of leaf nodes: 1,071 Number of unaligned nodes: 0 Allocation slop factor: 1 Maximum depth: 15
I1106 08:07:52.979207 3948 bvh_build.cpp:519] BVH build statistics: Build time: 0.448158 Total number of nodes: 4,051 Number of inner nodes: 2,025 Number of leaf nodes: 2,026 Number of unaligned nodes: 0 Allocation slop factor: 1 Maximum depth: 16
I1106 08:07:52.995206 1144 bvh_build.cpp:519] BVH build statistics: Build time: 0.433179 Total number of nodes: 2,179 Number of inner nodes: 1,089 Number of leaf nodes: 1,090 Number of unaligned nodes: 0 Allocation slop factor: 1 Maximum depth: 15
I1106 08:07:53.094207 1088 bvh_build.cpp:519] BVH build statistics: Build time: 0.266433 Total number of nodes: 2,919 Number of inner nodes: 1,459 Number of leaf nodes: 1,460 Number of unaligned nodes: 0 Allocation slop factor: 1 Maximum depth: 17
I1106 08:07:53.154206 3328 bvh_build.cpp:519] BVH build statistics: Build time: 0.325827 Total number of nodes: 2,785 Number of inner nodes: 1,392 Number of leaf nodes: 1,393 Number of unaligned nodes: 0 Allocation slop factor: 1 Maximum depth: 16
I1106 08:07:53.281206 1764 bvh_build.cpp:519] BVH build statistics: Build time: 0.45315 Total number of nodes: 5,021 Number of inner nodes: 2,510 Number of leaf nodes: 2,511 Number of unaligned nodes: 0 Allocation slop factor: 1 Maximum depth: 18
I1106 08:07:53.500206 1144 bvh_build.cpp:519] BVH build statistics: Build time: 0.503675 Total number of nodes: 2,793 Number of inner nodes: 1,396 Number of leaf nodes: 1,397 Number of unaligned nodes: 0 Allocation slop factor: 1 Maximum depth: 15
I1106 08:07:53.541206 1764 bvh_build.cpp:519] BVH build statistics: Build time: 0.229719 Total number of nodes: 2,841 Number of inner nodes: 1,420 Number of leaf nodes: 1,421 Number of unaligned nodes: 0 Allocation slop factor: 1 Maximum depth: 15
I1106 08:07:53.547206 1088 bvh_build.cpp:519] BVH build statistics: Build time: 0.235031 Total number of nodes: 3,341 Number of inner nodes: 1,670 Number of leaf nodes: 1,671 Number of unaligned nodes: 0 Allocation slop factor: 1 Maximum depth: 15
I1106 08:07:53.552206 3948 bvh_build.cpp:519] BVH build statistics: Build time: 0.239944 Total number of nodes: 2,907 Number of inner nodes: 1,453 Number of leaf nodes: 1,454 Number of unaligned nodes: 0 Allocation slop factor: 1 Maximum depth: 15
I1106 08:07:53.552206 3328 bvh_build.cpp:519] BVH build statistics: Build time: 0.240475 Total number of nodes: 2,775 Number of inner nodes: 1,387 Number of leaf nodes: 1,388 Number of unaligned nodes: 0 Allocation slop factor: 1 Maximum depth: 15
I1106 08:07:53.655206 1144 bvh_build.cpp:519] BVH build statistics: Build time: 0.154659 Total number of nodes: 2,955 Number of inner nodes: 1,477 Number of leaf nodes: 1,478 Number of unaligned nodes: 0 Allocation slop factor: 1 Maximum depth: 14
I1106 08:07:53.829206 1088 bvh_build.cpp:519] BVH build statistics: Build time: 0.281331 Total number of nodes: 2,909 Number of inner nodes: 1,454 Number of leaf nodes: 1,455 Number of unaligned nodes: 0 Allocation slop factor: 1 Maximum depth: 14
I1106 08:07:53.883206 1144 bvh_build.cpp:519] BVH build statistics: Build time: 0.225947 Total number of nodes: 4,607 Number of inner nodes: 2,303 Number of leaf nodes: 2,304 Number of unaligned nodes: 0 Allocation slop factor: 1 Maximum depth: 15
I1106 08:07:53.898206 3328 bvh_build.cpp:519] BVH build statistics: Build time: 0.344254 Total number of nodes: 3,717 Number of inner nodes: 1,858 Number of leaf nodes: 1,859 Number of unaligned nodes: 0 Allocation slop factor: 1 Maximum depth: 15
I1106 08:07:54.112206 1144 bvh_build.cpp:519] BVH build statistics: Build time: 0.227624 Total number of nodes: 2,657 Number of inner nodes: 1,328 Number of leaf nodes: 1,329 Number of unaligned nodes: 0 Allocation slop factor: 1 Maximum depth: 14
I1106 08:07:54.280206 1144 bvh_build.cpp:519] BVH build statistics: Build time: 0.166575 Total number of nodes: 3,463 Number of inner nodes: 1,731 Number of leaf nodes: 1,732 Number of unaligned nodes: 0 Allocation slop factor: 1 Maximum depth: 15
I1106 08:07:54.518206 1144 bvh_build.cpp:519] BVH build statistics: Build time: 0.237018 Total number of nodes: 2,725 Number of inner nodes: 1,362 Number of leaf nodes: 1,363 Number of unaligned nodes: 0 Allocation slop factor: 1 Maximum depth: 14
I1106 08:07:54.740206 1144 bvh_build.cpp:519] BVH build statistics: Build time: 0.221213 Total number of nodes: 2,619 Number of inner nodes: 1,309 Number of leaf nodes: 1,310 Number of unaligned nodes: 0 Allocation slop factor: 1 Maximum depth: 14
I1106 08:07:55.038206 1144 bvh_build.cpp:519] BVH build statistics: Build time: 0.29653 Total number of nodes: 2,843 Number of inner nodes: 1,421 Number of leaf nodes: 1,422 Number of unaligned nodes: 0 Allocation slop factor: 1 Maximum depth: 14
I1106 08:07:55.288206 1144 bvh_build.cpp:519] BVH build statistics: Build time: 0.24866 Total number of nodes: 2,809 Number of inner nodes: 1,404 Number of leaf nodes: 1,405 Number of unaligned nodes: 0 Allocation slop factor: 1 Maximum depth: 15
I1106 08:07:55.531206 1144 bvh_build.cpp:519] BVH build statistics: Build time: 0.242313 Total number of nodes: 3,827 Number of inner nodes: 1,913 Number of leaf nodes: 1,914 Number of unaligned nodes: 0 Allocation slop factor: 1 Maximum depth: 15
I1106 08:07:55.689206 1144 bvh_build.cpp:519] BVH build statistics: Build time: 0.157095 Total number of nodes: 2,843 Number of inner nodes: 1,421 Number of leaf nodes: 1,422 Number of unaligned nodes: 0 Allocation slop factor: 1 Maximum depth: 14
I1106 08:07:55.867207 1144 bvh_build.cpp:519] BVH build statistics: Build time: 0.176359 Total number of nodes: 2,809 Number of inner nodes: 1,404 Number of leaf nodes: 1,405 Number of unaligned nodes: 0 Allocation slop factor: 1 Maximum depth: 15
I1106 08:07:56.087206 1144 bvh_build.cpp:519] BVH build statistics: Build time: 0.219312 Total number of nodes: 2,619 Number of inner nodes: 1,309 Number of leaf nodes: 1,310 Number of unaligned nodes: 0 Allocation slop factor: 1 Maximum depth: 14
I1106 08:07:56.622206 1144 bvh_build.cpp:519] BVH build statistics: Build time: 0.533522 Total number of nodes: 3,717 Number of inner nodes: 1,858 Number of leaf nodes: 1,859 Number of unaligned nodes: 0 Allocation slop factor: 1 Maximum depth: 15
I1106 08:07:56.814206 1144 bvh_build.cpp:519] BVH build statistics: Build time: 0.190859 Total number of nodes: 2,793 Number of inner nodes: 1,396 Number of leaf nodes: 1,397 Number of unaligned nodes: 0 Allocation slop factor: 1 Maximum depth: 15
I1106 08:07:57.048207 1144 bvh_build.cpp:519] BVH build statistics: Build time: 0.233105 Total number of nodes: 2,907 Number of inner nodes: 1,453 Number of leaf nodes: 1,454 Number of unaligned nodes: 0 Allocation slop factor: 1 Maximum depth: 15
I1106 08:07:57.488206 1144 bvh_build.cpp:519] BVH build statistics: Build time: 0.437937 Total number of nodes: 3,341 Number of inner nodes: 1,670 Number of leaf nodes: 1,671 Number of unaligned nodes: 0 Allocation slop factor: 1 Maximum depth: 15
I1106 08:07:57.636206 1144 bvh_build.cpp:519] BVH build statistics: Build time: 0.146856 Total number of nodes: 3,463 Number of inner nodes: 1,731 Number of leaf nodes: 1,732 Number of unaligned nodes: 0 Allocation slop factor: 1 Maximum depth: 15
I1106 08:07:57.823206 1144 bvh_build.cpp:519] BVH build statistics: Build time: 0.186498 Total number of nodes: 2,775 Number of inner nodes: 1,387 Number of leaf nodes: 1,388 Number of unaligned nodes: 0 Allocation slop factor: 1 Maximum depth: 15
I1106 08:07:58.044206 1144 bvh_build.cpp:519] BVH build statistics: Build time: 0.219549 Total number of nodes: 2,955 Number of inner nodes: 1,477 Number of leaf nodes: 1,478 Number of unaligned nodes: 0 Allocation slop factor: 1 Maximum depth: 14
I1106 08:07:58.279206 1144 bvh_build.cpp:519] BVH build statistics: Build time: 0.234249 Total number of nodes: 2,909 Number of inner nodes: 1,454 Number of leaf nodes: 1,455 Number of unaligned nodes: 0 Allocation slop factor: 1 Maximum depth: 14
I1106 08:07:58.517206 1144 bvh_build.cpp:519] BVH build statistics: Build time: 0.237209 Total number of nodes: 2,657 Number of inner nodes: 1,328 Number of leaf nodes: 1,329 Number of unaligned nodes: 0 Allocation slop factor: 1 Maximum depth: 14
I1106 08:07:58.815207 1144 bvh_build.cpp:519] BVH build statistics: Build time: 0.29676 Total number of nodes: 2,841 Number of inner nodes: 1,420 Number of leaf nodes: 1,421 Number of unaligned nodes: 0 Allocation slop factor: 1 Maximum depth: 15
I1106 08:07:59.044206 1144 bvh_build.cpp:519] BVH build statistics: Build time: 0.227707 Total number of nodes: 2,725 Number of inner nodes: 1,362 Number of leaf nodes: 1,363 Number of unaligned nodes: 0 Allocation slop factor: 1 Maximum depth: 14
I1106 08:07:59.462206 1144 bvh_build.cpp:519] BVH build statistics: Build time: 0.41643 Total number of nodes: 4,607 Number of inner nodes: 2,303 Number of leaf nodes: 2,304 Number of unaligned nodes: 0 Allocation slop factor: 1 Maximum depth: 15
I1106 08:07:59.467206 1144 bvh_build.cpp:519] BVH build statistics: Build time: 0.00442466 Total number of nodes: 37 Number of inner nodes: 18 Number of leaf nodes: 19 Number of unaligned nodes: 0 Allocation slop factor: 1 Maximum depth: 7
I1106 08:07:59.922206 1144 bvh_build.cpp:519] BVH build statistics: Build time: 0.454253 Total number of nodes: 4,907 Number of inner nodes: 2,453 Number of leaf nodes: 2,454 Number of unaligned nodes: 0 Allocation slop factor: 1 Maximum depth: 16
I1106 08:08:00.481206 1144 bvh_build.cpp:519] BVH build statistics: Build time: 0.557616 Total number of nodes: 4,699 Number of inner nodes: 2,349 Number of leaf nodes: 2,350 Number of unaligned nodes: 0 Allocation slop factor: 1 Maximum depth: 17
I1106 08:08:00.897207 1144 bvh_build.cpp:519] BVH build statistics: Build time: 0.413759 Total number of nodes: 4,639 Number of inner nodes: 2,319 Number of leaf nodes: 2,320 Number of unaligned nodes: 0 Allocation slop factor: 1 Maximum depth: 15
I1106 08:08:01.130206 1144 bvh_build.cpp:519] BVH build statistics: Build time: 0.231675 Total number of nodes: 2,967 Number of inner nodes: 1,483 Number of leaf nodes: 1,484 Number of unaligned nodes: 0 Allocation slop factor: 1 Maximum depth: 14
I1106 08:08:01.300206 1144 bvh_build.cpp:519] BVH build statistics: Build time: 0.169508 Total number of nodes: 2,211 Number of inner nodes: 1,105 Number of leaf nodes: 1,106 Number of unaligned nodes: 0 Allocation slop factor: 1 Maximum depth: 14
I1106 08:08:01.345206 1144 bvh_build.cpp:519] BVH build statistics: Build time: 0.0438077 Total number of nodes: 651 Number of inner nodes: 325 Number of leaf nodes: 326 Number of unaligned nodes: 0 Allocation slop factor: 1 Maximum depth: 12
I1106 08:08:01.555207 1144 bvh_build.cpp:519] BVH build statistics: Build time: 0.210094 Total number of nodes: 2,225 Number of inner nodes: 1,112 Number of leaf nodes: 1,113 Number of unaligned nodes: 0 Allocation slop factor: 1 Maximum depth: 15
I1106 08:08:02.218206 1144 bvh_build.cpp:519] BVH build statistics: Build time: 0.662333 Total number of nodes: 5,093 Number of inner nodes: 2,546 Number of leaf nodes: 2,547 Number of unaligned nodes: 0 Allocation slop factor: 1 Maximum depth: 17
I1106 08:08:02.597206 1144 bvh_build.cpp:519] BVH build statistics: Build time: 0.37713 Total number of nodes: 3,057 Number of inner nodes: 1,528 Number of leaf nodes: 1,529 Number of unaligned nodes: 0 Allocation slop factor: 1 Maximum depth: 16
I1106 08:08:03.497206 1144 bvh_build.cpp:519] BVH build statistics: Build time: 0.899137 Total number of nodes: 14,637 Number of inner nodes: 7,318 Number of leaf nodes: 7,319 Number of unaligned nodes: 0 Allocation slop factor: 1 Maximum depth: 18
I1106 08:08:03.719207 1144 bvh_build.cpp:519] BVH build statistics: Build time: 0.218993 Total number of nodes: 1,809 Number of inner nodes: 904 Number of leaf nodes: 905 Number of unaligned nodes: 0 Allocation slop factor: 1 Maximum depth: 16
I1106 08:08:03.879206 1144 bvh_build.cpp:519] BVH build statistics: Build time: 0.159278 Total number of nodes: 1,581 Number of inner nodes: 790 Number of leaf nodes: 791 Number of unaligned nodes: 0 Allocation slop factor: 1 Maximum depth: 15
I1106 08:08:03.965206 1144 bvh_build.cpp:519] BVH build statistics: Build time: 0.0854882 Total number of nodes: 863 Number of inner nodes: 431 Number of leaf nodes: 432 Number of unaligned nodes: 0 Allocation slop factor: 1 Maximum depth: 13
I1106 08:08:04.232206 1144 bvh_build.cpp:519] BVH build statistics: Build time: 0.266473 Total number of nodes: 1,727 Number of inner nodes: 863 Number of leaf nodes: 864 Number of unaligned nodes: 0 Allocation slop factor: 1 Maximum depth: 14
I1106 08:08:04.374207 1144 bvh_build.cpp:519] BVH build statistics: Build time: 0.141523 Total number of nodes: 1,327 Number of inner nodes: 663 Number of leaf nodes: 664 Number of unaligned nodes: 0 Allocation slop factor: 1 Maximum depth: 14
I1106 08:08:04.764206 1144 bvh_build.cpp:519] BVH build statistics: Build time: 0.388965 Total number of nodes: 3,533 Number of inner nodes: 1,766 Number of leaf nodes: 1,767 Number of unaligned nodes: 0 Allocation slop factor: 1 Maximum depth: 17
I1106 08:08:04.941206 1144 bvh_build.cpp:519] BVH build statistics: Build time: 0.176116 Total number of nodes: 2,291 Number of inner nodes: 1,145 Number of leaf nodes: 1,146 Number of unaligned nodes: 0 Allocation slop factor: 1 Maximum depth: 15
I1106 08:08:05.863206 1144 bvh_build.cpp:519] BVH build statistics: Build time: 0.918735 Total number of nodes: 13,625 Number of inner nodes: 6,812 Number of leaf nodes: 6,813 Number of unaligned nodes: 0 Allocation slop factor: 1 Maximum depth: 19
I1106 08:08:06.153206 1144 bvh_build.cpp:519] BVH build statistics: Build time: 0.286702 Total number of nodes: 4,325 Number of inner nodes: 2,162 Number of leaf nodes: 2,163 Number of unaligned nodes: 0 Allocation slop factor: 1 Maximum depth: 16
I1106 08:08:06.385206 1144 bvh_build.cpp:519] BVH build statistics: Build time: 0.230497 Total number of nodes: 2,251 Number of inner nodes: 1,125 Number of leaf nodes: 1,126 Number of unaligned nodes: 0 Allocation slop factor: 1 Maximum depth: 15
I1106 08:08:07.181206 1144 bvh_build.cpp:519] BVH build statistics: Build time: 0.795119 Total number of nodes: 10,143 Number of inner nodes: 5,071 Number of leaf nodes: 5,072 Number of unaligned nodes: 0 Allocation slop factor: 0.999879 Maximum depth: 20
I1106 08:08:07.504206 1144 bvh_build.cpp:519] BVH build statistics: Build time: 0.306293 Total number of nodes: 7,323 Number of inner nodes: 3,661 Number of leaf nodes: 3,662 Number of unaligned nodes: 0 Allocation slop factor: 0.999772 Maximum depth: 18
I1106 08:08:07.929206 1144 bvh_build.cpp:519] BVH build statistics: Build time: 0.422556 Total number of nodes: 9,369 Number of inner nodes: 4,684 Number of leaf nodes: 4,685 Number of unaligned nodes: 0 Allocation slop factor: 1 Maximum depth: 19
I1106 08:08:08.417207 1144 bvh_build.cpp:519] BVH build statistics: Build time: 0.484542 Total number of nodes: 11,065 Number of inner nodes: 5,532 Number of leaf nodes: 5,533 Number of unaligned nodes: 0 Allocation slop factor: 1 Maximum depth: 18
I1106 08:08:08.502207 1144 bvh_build.cpp:519] BVH build statistics: Build time: 0.0806589 Total number of nodes: 869 Number of inner nodes: 434 Number of leaf nodes: 435 Number of unaligned nodes: 0 Allocation slop factor: 1 Maximum depth: 14
I1106 08:08:08.547206 2872 bvh_build.cpp:519] BVH build statistics: Build time: 15.8911 Total number of nodes: 769,281 Number of inner nodes: 384,640 Number of leaf nodes: 384,641 Number of unaligned nodes: 0 Allocation slop factor: 0.9995 Maximum depth: 30
I1106 08:08:08.560206 1144 bvh_build.cpp:519] BVH build statistics: Build time: 0.057551 Total number of nodes: 559 Number of inner nodes: 279 Number of leaf nodes: 280 Number of unaligned nodes: 0 Allocation slop factor: 1 Maximum depth: 12
I1106 08:08:09.067206 1144 bvh_build.cpp:519] BVH build statistics: Build time: 0.505784 Total number of nodes: 9,895 Number of inner nodes: 4,947 Number of leaf nodes: 4,948 Number of unaligned nodes: 0 Allocation slop factor: 0.999752 Maximum depth: 19
I1106 08:08:10.622206 1144 bvh_build.cpp:519] BVH build statistics: Build time: 1.54773 Total number of nodes: 54,195 Number of inner nodes: 27,097 Number of leaf nodes: 27,098 Number of unaligned nodes: 0 Allocation slop factor: 0.999984 Maximum depth: 21
I1106 08:08:11.546206 1144 bvh_build.cpp:519] BVH build statistics: Build time: 0.906267 Total number of nodes: 21,791 Number of inner nodes: 10,895 Number of leaf nodes: 10,896 Number of unaligned nodes: 0 Allocation slop factor: 0.999773 Maximum depth: 22
I1106 08:08:12.048207 1144 bvh_build.cpp:519] BVH build statistics: Build time: 0.495599 Total number of nodes: 16,705 Number of inner nodes: 8,352 Number of leaf nodes: 8,353 Number of unaligned nodes: 0 Allocation slop factor: 0.999661 Maximum depth: 19
I1106 08:08:12.864207 1144 bvh_build.cpp:519] BVH build statistics: Build time: 0.808706 Total number of nodes: 19,761 Number of inner nodes: 9,880 Number of leaf nodes: 9,881 Number of unaligned nodes: 0 Allocation slop factor: 0.999905 Maximum depth: 22
I1106 08:08:13.097206 1144 bvh_build.cpp:519] BVH build statistics: Build time: 0.228697 Total number of nodes: 2,781 Number of inner nodes: 1,390 Number of leaf nodes: 1,391 Number of unaligned nodes: 0 Allocation slop factor: 1 Maximum depth: 18
I1106 08:08:13.260206 1144 bvh_build.cpp:519] BVH build statistics: Build time: 0.162337 Total number of nodes: 1,173 Number of inner nodes: 586 Number of leaf nodes: 587 Number of unaligned nodes: 0 Allocation slop factor: 1 Maximum depth: 14
I1106 08:08:13.656206 1144 bvh_build.cpp:519] BVH build statistics: Build time: 0.39506 Total number of nodes: 3,625 Number of inner nodes: 1,812 Number of leaf nodes: 1,813 Number of unaligned nodes: 0 Allocation slop factor: 1 Maximum depth: 17
I1106 08:08:14.052206 1144 bvh_build.cpp:519] BVH build statistics: Build time: 0.39437 Total number of nodes: 1,915 Number of inner nodes: 957 Number of leaf nodes: 958 Number of unaligned nodes: 0 Allocation slop factor: 1 Maximum depth: 15
I1106 08:08:16.987206 1144 bvh_build.cpp:519] BVH build statistics: Build time: 2.89516 Total number of nodes: 86,887 Number of inner nodes: 43,443 Number of leaf nodes: 43,444 Number of unaligned nodes: 0 Allocation slop factor: 0.999935 Maximum depth: 24
I1106 08:08:18.346206 1144 bvh_build.cpp:519] BVH build statistics: Build time: 1.3095 Total number of nodes: 46,381 Number of inner nodes: 23,190 Number of leaf nodes: 23,191 Number of unaligned nodes: 0 Allocation slop factor: 1 Maximum depth: 23
I1106 08:08:20.629206 1144 bvh_build.cpp:519] BVH build statistics: Build time: 2.26273 Total number of nodes: 60,335 Number of inner nodes: 30,167 Number of leaf nodes: 30,168 Number of unaligned nodes: 0 Allocation slop factor: 0.999932 Maximum depth: 26
I1106 08:08:20.897207 260 bvh_build.cpp:519] BVH build statistics: Build time: 28.1948 Total number of nodes: 1,935,557 Number of inner nodes: 967,778 Number of leaf nodes: 967,779 Number of unaligned nodes: 1,353,578 Allocation slop factor: 0.999767 Maximum depth: 29
I1106 08:08:20.983206 1144 bvh_build.cpp:519] BVH build statistics: Build time: 0.337221 Total number of nodes: 2,243 Number of inner nodes: 1,121 Number of leaf nodes: 1,122 Number of unaligned nodes: 0 Allocation slop factor: 1 Maximum depth: 14
I1106 08:08:21.049206 1144 bvh_build.cpp:519] BVH build statistics: Build time: 0.0657432 Total number of nodes: 469 Number of inner nodes: 234 Number of leaf nodes: 235 Number of unaligned nodes: 0 Allocation slop factor: 1 Maximum depth: 12
I1106 08:08:21.126206 1144 bvh_build.cpp:519] BVH build statistics: Build time: 0.0767151 Total number of nodes: 801 Number of inner nodes: 400 Number of leaf nodes: 401 Number of unaligned nodes: 0 Allocation slop factor: 1 Maximum depth: 13
I1106 08:08:21.240206 1144 bvh_build.cpp:519] BVH build statistics: Build time: 0.113823 Total number of nodes: 1,489 Number of inner nodes: 744 Number of leaf nodes: 745 Number of unaligned nodes: 0 Allocation slop factor: 1 Maximum depth: 13
I1106 08:08:21.298207 1144 bvh_build.cpp:519] BVH build statistics: Build time: 0.0571977 Total number of nodes: 807 Number of inner nodes: 403 Number of leaf nodes: 404 Number of unaligned nodes: 0 Allocation slop factor: 1 Maximum depth: 13
I1106 08:08:21.477206 1144 bvh_build.cpp:519] BVH build statistics: Build time: 0.177966 Total number of nodes: 1,915 Number of inner nodes: 957 Number of leaf nodes: 958 Number of unaligned nodes: 0 Allocation slop factor: 1 Maximum depth: 15
I1106 08:08:21.647207 1144 bvh_build.cpp:519] BVH build statistics: Build time: 0.169278 Total number of nodes: 1,793 Number of inner nodes: 896 Number of leaf nodes: 897 Number of unaligned nodes: 0 Allocation slop factor: 1 Maximum depth: 16
I1106 08:08:21.886206 1144 bvh_build.cpp:519] BVH build statistics: Build time: 0.2382 Total number of nodes: 1,681 Number of inner nodes: 840 Number of leaf nodes: 841 Number of unaligned nodes: 0 Allocation slop factor: 1 Maximum depth: 15
I1106 08:08:22.061206 1144 bvh_build.cpp:519] BVH build statistics: Build time: 0.174981 Total number of nodes: 1,757 Number of inner nodes: 878 Number of leaf nodes: 879 Number of unaligned nodes: 0 Allocation slop factor: 1 Maximum depth: 15
I1106 08:08:22.079206 1144 bvh_build.cpp:519] BVH build statistics: Build time: 0.0171527 Total number of nodes: 181 Number of inner nodes: 90 Number of leaf nodes: 91 Number of unaligned nodes: 0 Allocation slop factor: 1 Maximum depth: 9
I1106 08:08:22.246206 1144 bvh_build.cpp:519] BVH build statistics: Build time: 0.166503 Total number of nodes: 1,759 Number of inner nodes: 879 Number of leaf nodes: 880 Number of unaligned nodes: 0 Allocation slop factor: 1 Maximum depth: 16
I1106 08:08:25.095206 3904 bvh_build.cpp:519] BVH build statistics: Build time: 32.176 Total number of nodes: 5,559,375 Number of inner nodes: 2,779,687 Number of leaf nodes: 2,779,688 Number of unaligned nodes: 4,040,133 Allocation slop factor: 0.999124 Maximum depth: 30
I1106 08:08:26.528206 1144 mesh.cpp:2102] Objects BVH build pool statistics: Total time: 34.051702 Tasks handled: 167
I1106 08:08:26.691206 1144 mesh.cpp:1826] Using regular BVH optimization structure
I1106 08:08:46.005206 1144 bvh_build.cpp:519] BVH build statistics: Build time: 17.8752 Total number of nodes: 18,611,337 Number of inner nodes: 9,305,668 Number of leaf nodes: 9,305,669 Number of unaligned nodes: 11,985,613 Allocation slop factor: 1 Maximum depth: 40
I1106 08:08:51.116206 1144 opencl_base.cpp:528] Texture allocate: __bvh_nodes, 1,339,776,288 bytes. (1.25G)
I1106 08:08:51.116206 1144 opencl_base.cpp:528] Texture allocate: __bvh_leaf_nodes, 219,636,416 bytes. (209.46M)
I1106 08:08:51.116206 1144 opencl_base.cpp:528] Texture allocate: __object_node, 6,012,036 bytes. (5.73M)
I1106 08:08:51.116206 1144 opencl_base.cpp:528] Texture allocate: __prim_tri_index, 73,261,344 bytes. (69.87M)
I1106 08:08:51.116206 1144 opencl_base.cpp:528] Texture allocate: __prim_tri_verts, 297,037,536 bytes. (283.28M)
I1106 08:08:51.116206 1144 opencl_base.cpp:528] Texture allocate: __prim_type, 73,261,344 bytes. (69.87M)
I1106 08:08:51.116206 1144 opencl_base.cpp:528] Texture allocate: __prim_visibility, 73,261,344 bytes. (69.87M)
I1106 08:08:51.116206 1144 opencl_base.cpp:528] Texture allocate: __prim_index, 73,261,344 bytes. (69.87M)
I1106 08:08:51.116206 1144 opencl_base.cpp:528] Texture allocate: __prim_object, 73,261,344 bytes. (69.87M)
I1106 08:08:51.235206 1144 opencl_base.cpp:528] Texture allocate: __tri_shader, 22,642,456 bytes. (21.59M)
I1106 08:08:51.235206 1144 opencl_base.cpp:528] Texture allocate: __tri_vnormal, 46,871,696 bytes. (44.70M)
I1106 08:08:51.235206 1144 opencl_base.cpp:528] Texture allocate: __tri_vindex, 90,569,824 bytes. (86.37M)
I1106 08:08:51.235206 1144 opencl_base.cpp:528] Texture allocate: __tri_patch, 22,642,456 bytes. (21.59M)
I1106 08:08:51.235206 1144 opencl_base.cpp:528] Texture allocate: __tri_patch_uv, 23,435,848 bytes. (22.35M)
I1106 08:08:51.328207 1144 opencl_base.cpp:528] Texture allocate: __curve_keys, 188,645,680 bytes. (179.91M)
I1106 08:08:51.328207 1144 opencl_base.cpp:528] Texture allocate: __curves, 18,666,288 bytes. (17.80M)
I1106 08:08:51.361207 1144 opencl_base.cpp:528] Texture allocate: __object_flag, 6,012,036 bytes. (5.73M)
I1106 08:08:51.391206 2120 opencl_base.cpp:528] Texture allocate: __tex_image_byte4_017, 4,194,304 bytes. (4.00M)
I1106 08:08:51.395206 1088 opencl_base.cpp:528] Texture allocate: __tex_image_byte4_001, 16,777,216 bytes. (16.00M)
I1106 08:08:51.425206 3948 opencl_base.cpp:528] Texture allocate: __tex_image_byte4_057, 4 bytes. (4)
I1106 08:08:51.426206 1144 opencl_base.cpp:528] Texture allocate: __tex_image_byte4_041, 1,040,384 bytes. (1016.00K)
I1106 08:08:51.432206 3328 opencl_base.cpp:528] Texture allocate: __tex_image_byte4_009, 16,777,216 bytes. (16.00M)
I1106 08:08:51.462206 3948 opencl_base.cpp:528] Texture allocate: __tex_image_byte4_081, 4,353,600 bytes. (4.15M)
I1106 08:08:51.469207 2872 opencl_base.cpp:528] Texture allocate: __tex_image_byte4_025, 16,777,216 bytes. (16.00M)
I1106 08:08:51.472206 1088 opencl_base.cpp:528] Texture allocate: __tex_image_byte4_073, 4,194,304 bytes. (4.00M)
I1106 08:08:51.489207 3948 opencl_base.cpp:528] Texture allocate: __tex_image_byte4_105, 4,194,304 bytes. (4.00M)
I1106 08:08:51.494206 2872 opencl_base.cpp:528] Texture allocate: __tex_image_byte4_113, 12,582,912 bytes. (12.00M)
I1106 08:08:51.495206 2120 opencl_base.cpp:528] Texture allocate: __tex_image_byte4_065, 11,943,936 bytes. (11.39M)
I1106 08:08:51.532207 2872 opencl_base.cpp:528] Texture allocate: __tex_image_byte4_137, 16,777,216 bytes. (16.00M)
I1106 08:08:51.608206 2872 opencl_base.cpp:528] Texture allocate: __tex_image_byte4_153, 20,155,392 bytes. (19.22M)
I1106 08:08:51.626206 1144 opencl_base.cpp:528] Texture allocate: __tex_image_byte4_089, 67,108,864 bytes. (64.00M)
I1106 08:08:51.741206 260 opencl_base.cpp:528] Texture allocate: __tex_image_float4_000, 128,000,000 bytes. (122.07M)
I1106 08:08:51.753206 260 opencl_base.cpp:528] Texture allocate: __tex_image_byte4_177, 4,194,304 bytes. (4.00M)
I1106 08:08:51.778206 1088 opencl_base.cpp:528] Texture allocate: __tex_image_byte4_121, 39,860,100 bytes. (38.01M)
I1106 08:08:51.806206 260 opencl_base.cpp:528] Texture allocate: __tex_image_byte4_185, 8,388,608 bytes. (8.00M)
I1106 08:08:51.815207 260 opencl_base.cpp:528] Texture allocate: __tex_image_byte4_201, 2,359,296 bytes. (2.25M)
I1106 08:08:51.817206 2120 opencl_base.cpp:528] Texture allocate: __tex_image_byte4_145, 67,108,864 bytes. (64.00M)
I1106 08:08:51.991206 1144 opencl_base.cpp:528] Texture allocate: __tex_image_byte4_169, 67,108,864 bytes. (64.00M)
I1106 08:08:52.004206 1088 opencl_base.cpp:528] Texture allocate: __tex_image_byte4_193, 16,777,216 bytes. (16.00M)
I1106 08:08:52.018206 1144 opencl_base.cpp:528] Texture allocate: __tex_image_byte4_225, 2,359,296 bytes. (2.25M)
I1106 08:08:52.019207 2872 opencl_base.cpp:528] Texture allocate: __tex_image_byte4_161, 67,108,864 bytes. (64.00M)
I1106 08:08:52.022207 1088 opencl_base.cpp:528] Texture allocate: __tex_image_byte4_233, 2,359,296 bytes. (2.25M)
I1106 08:08:52.045207 2120 opencl_base.cpp:528] Texture allocate: __tex_image_byte4_217, 13,000,000 bytes. (12.40M)
I1106 08:08:52.046206 2872 opencl_base.cpp:528] Texture allocate: __tex_image_byte4_249, 2,359,296 bytes. (2.25M)
I1106 08:08:52.055207 1088 opencl_base.cpp:528] Texture allocate: __tex_image_byte4_257, 4,194,304 bytes. (4.00M)
I1106 08:08:52.056206 2872 opencl_base.cpp:528] Texture allocate: __tex_image_byte4_273, 2,359,296 bytes. (2.25M)
I1106 08:08:52.063206 2120 opencl_base.cpp:528] Texture allocate: __tex_image_byte4_265, 4,194,304 bytes. (4.00M)
I1106 08:08:52.071207 2120 opencl_base.cpp:528] Texture allocate: __tex_image_byte4_297, 2,359,296 bytes. (2.25M)
I1106 08:08:52.124207 2120 opencl_base.cpp:528] Texture allocate: __tex_image_byte4_305, 16,777,216 bytes. (16.00M)
I1106 08:08:52.140206 260 opencl_base.cpp:528] Texture allocate: __tex_image_byte4_209, 39,860,100 bytes. (38.01M)
I1106 08:08:52.299206 1144 opencl_base.cpp:528] Texture allocate: __tex_image_byte4_241, 67,108,864 bytes. (64.00M)
I1106 08:08:52.322206 3904 opencl_base.cpp:528] Texture allocate: __tex_image_byte4_033, 268,435,456 bytes. (256.00M)
I1106 08:08:52.335206 1144 opencl_base.cpp:528] Texture allocate: __tex_image_byte4_329, 8,388,608 bytes. (8.00M)
I1106 08:08:52.376206 3904 opencl_base.cpp:528] Texture allocate: __tex_image_byte4_337, 16,777,216 bytes. (16.00M)
I1106 08:08:52.377207 3904 opencl_base.cpp:528] Texture allocate: __tex_image_byte4_353, 129,536 bytes. (126.50K)
I1106 08:08:52.414206 2120 opencl_base.cpp:528] Texture allocate: __tex_image_byte4_313, 67,108,864 bytes. (64.00M)
I1106 08:08:52.607206 1764 opencl_base.cpp:528] Texture allocate: __tex_image_byte4_049, 268,435,456 bytes. (256.00M)
I1106 08:08:52.748206 3948 opencl_base.cpp:528] Texture allocate: __tex_image_byte4_129, 268,435,456 bytes. (256.00M)
I1106 08:08:52.754206 1144 opencl_base.cpp:528] Texture allocate: __tex_image_byte4_345, 67,108,864 bytes. (64.00M)
I1106 08:08:52.797206 3328 opencl_base.cpp:528] Texture allocate: __tex_image_byte4_097, 268,435,456 bytes. (256.00M)
I1106 08:08:53.116206 2872 opencl_base.cpp:528] Texture allocate: __tex_image_byte4_289, 268,435,456 bytes. (256.00M)
I1106 08:08:53.143206 1088 opencl_base.cpp:528] Texture allocate: __tex_image_byte4_281, 268,435,456 bytes. (256.00M)
I1106 08:08:53.179206 260 opencl_base.cpp:528] Texture allocate: __tex_image_byte4_321, 268,435,456 bytes. (256.00M)
I1106 08:08:53.191206 1144 tables.cpp:43] Total 1 lookup tables.
I1106 08:08:53.191206 1144 opencl_base.cpp:528] Texture allocate: __lookup_table, 262,144 bytes. (256.00K)
I1106 08:08:53.191206 1144 light.cpp:819] Total 2 lights.
I1106 08:08:53.191206 1144 light.cpp:806] Number of lights sent to the device: 2
I1106 08:08:53.191206 1144 light.cpp:808] Number of lights without contribution: 0
I1106 08:08:53.191206 1144 opencl_base.cpp:528] Texture allocate: __light_data, 352 bytes. (352)
I1106 08:08:53.245206 1144 light.cpp:287] Total 180 of light distribution primitives.
I1106 08:08:53.299206 1144 opencl_base.cpp:528] Texture allocate: __light_distribution, 2,896 bytes. (2.83K)
I1106 08:08:53.328207 1144 opencl_base.cpp:291] Buffer allocate: background_output, 67,108,864 bytes. (64.00M)
I1106 08:08:53.342206 1144 opencl_base.cpp:291] Buffer allocate: background_input, 67,108,864 bytes. (64.00M)
I1106 08:08:53.359206 1144 opencl_base.cpp:291] Buffer allocate: __data, 1,440 bytes. (1.41K)
I1106 08:08:53.360206 1192 opencl_base.cpp:291] Buffer allocate: memory manager buffer, 1,339,788,736 bytes. (1.25G)
I1106 08:08:53.649206 1192 opencl_base.cpp:291] Buffer allocate: memory manager buffer, 726,975,392 bytes. (693.30M)
I1106 08:08:53.790206 1192 opencl_base.cpp:291] Buffer allocate: memory manager buffer, 857,809,456 bytes. (818.07M)
I1106 08:08:53.963207 1192 opencl_base.cpp:291] Buffer allocate: memory manager buffer, 760,559,136 bytes. (725.33M)
I1106 08:08:54.136206 1192 opencl_base.cpp:291] Buffer allocate: memory manager buffer, 917,735,344 bytes. (875.22M)
I1106 08:08:54.331207 1192 opencl_base.cpp:291] Buffer allocate: memory manager buffer, 761,699,760 bytes. (726.41M)
