skippI1106 08:06:38.805207 2688 blender_python.cpp:188] Debug flags initialized to: CPU flags: AVX2 : True AVX : True SSE4.1 : True SSE3 : True SSE2 : True QBVH : True Split : False CUDA flags: Adaptive Compile: False OpenCL flags: Device type : ALL Kernel type : DEFAULT Debug : False Single program : True Memory limit : 0
I1106 08:06:43.476207 2688 device_opencl.cpp:58] CLEW initialization succeeded.
I1106 08:06:43.534206 2688 opencl_util.cpp:778] Enumerating devices for platform AMD Accelerated Parallel Processing.
I1106 08:06:43.534206 2688 opencl_util.cpp:827] Using more readable device name: Radeon RX Vega
I1106 08:06:43.534206 2688 opencl_util.cpp:830] Adding new device Radeon RX Vega.
I1106 08:06:43.534206 2688 opencl_util.cpp:842] Ignoring device Intel(R) Core(TM) i7-6700K CPU @ 4.00GHz, not officially supported yet.
I1106 08:06:43.534206 2688 opencl_util.cpp:778] Enumerating devices for platform NVIDIA CUDA.
I1106 08:06:43.535207 2688 opencl_util.cpp:842] Ignoring device GeForce GTX 1080 Ti, not officially supported yet.
I1106 08:06:43.535207 2688 device_cuda.cpp:2083] CUEW initialization succeeded
I1106 08:06:49.814206 1380 util_system.cpp:77] Detected 1 CPU groups.
I1106 08:06:49.815207 1380 util_system.cpp:80] Group 0 has 8 threads.
I1106 08:06:49.815207 1380 util_task.cpp:203] Creating pool of 8 threads.
I1106 08:06:49.815207 1380 device_opencl.cpp:37] Using split kernel.
I1106 08:06:49.815207 1380 opencl_base.cpp:99] Creating new Cycles device for OpenCL platform AMD Accelerated Parallel Processing, device Radeon RX Vega. Device init success
I1106 08:06:49.977206 1088 graph.cpp:617] Deduplicated 1 nodes.
I1106 08:06:49.978206 2120 constant_fold.cpp:109] Folding Mix::Color to socket Image Texture.004::Color.
I1106 08:06:49.978206 2120 nodes.cpp:1981] Using GGX glossy with filter glossy.
I1106 08:06:49.978206 2872 nodes.cpp:1981] Using GGX glossy with filter glossy.
I1106 08:06:49.978206 2120 graph.cpp:617] Deduplicated 16 nodes.
I1106 08:06:49.978206 260 graph.cpp:617] Deduplicated 2 nodes.
I1106 08:06:49.978206 3328 graph.cpp:617] Deduplicated 2 nodes.
I1106 08:06:49.978206 3904 graph.cpp:617] Deduplicated 8 nodes.
I1106 08:06:49.978206 1088 graph.cpp:617] Deduplicated 8 nodes.
I1106 08:06:49.979207 260 graph.cpp:617] Deduplicated 2 nodes.
I1106 08:06:49.979207 1764 constant_fold.cpp:54] Folding RGB::Color to constant (0.561401, 0.501731, 0.453753).
I1106 08:06:49.979207 1764 graph.cpp:617] Deduplicated 1 nodes.
I1106 08:06:49.979207 2872 graph.cpp:617] Deduplicated 2 nodes.
I1106 08:06:49.979207 1764 constant_fold.cpp:109] Folding convert_vector_to_normal::value_normal to socket Bump::Normal.
I1106 08:06:49.979207 1764 constant_fold.cpp:109] Folding convert_vector_to_normal::value_normal to socket Bump::Normal.
I1106 08:06:49.979207 1764 constant_fold.cpp:109] Folding convert_vector_to_normal::value_normal to socket Bump::Normal.
I1106 08:06:49.979207 1764 graph.cpp:617] Deduplicated 5 nodes.
I1106 08:06:49.979207 3948 constant_fold.cpp:109] Folding convert_vector_to_normal::value_normal to socket Bump::Normal.
I1106 08:06:49.979207 3948 constant_fold.cpp:109] Folding convert_vector_to_normal::value_normal to socket Bump::Normal.
I1106 08:06:49.979207 3948 constant_fold.cpp:109] Folding convert_vector_to_normal::value_normal to socket Bump::Normal.
I1106 08:06:49.979207 3948 graph.cpp:617] Deduplicated 5 nodes.
I1106 08:06:49.979207 2120 constant_fold.cpp:109] Folding convert_vector_to_normal::value_normal to socket Bump::Normal.
I1106 08:06:49.979207 2120 constant_fold.cpp:109] Folding convert_vector_to_normal::value_normal to socket Bump::Normal.
I1106 08:06:49.979207 2120 constant_fold.cpp:109] Folding convert_vector_to_normal::value_normal to socket Bump::Normal.
I1106 08:06:49.979207 2120 graph.cpp:617] Deduplicated 5 nodes.
I1106 08:06:49.980206 3904 constant_fold.cpp:109] Folding convert_vector_to_normal::value_normal to socket Bump::Normal.
I1106 08:06:49.980206 3904 constant_fold.cpp:109] Folding convert_vector_to_normal::value_normal to socket Bump::Normal.
I1106 08:06:49.980206 2872 constant_fold.cpp:54] Folding RGB::Color to constant (0.310167, 0.361913, 0.483659).
I1106 08:06:49.980206 3904 constant_fold.cpp:109] Folding convert_vector_to_normal::value_normal to socket Bump::Normal.
I1106 08:06:49.980206 3904 graph.cpp:617] Deduplicated 5 nodes.
I1106 08:06:49.980206 1088 graph.cpp:617] Deduplicated 1 nodes.
I1106 08:06:49.980206 260 graph.cpp:617] Deduplicated 2 nodes.
I1106 08:06:49.980206 3948 constant_fold.cpp:109] Folding convert_vector_to_normal::value_normal to socket Bump::Normal.
I1106 08:06:49.980206 3948 constant_fold.cpp:109] Folding convert_vector_to_normal::value_normal to socket Bump::Normal.
I1106 08:06:49.980206 3948 constant_fold.cpp:109] Folding convert_vector_to_normal::value_normal to socket Bump::Normal.
I1106 08:06:49.980206 3948 graph.cpp:617] Deduplicated 5 nodes.
I1106 08:06:49.980206 2120 constant_fold.cpp:109] Folding convert_vector_to_normal::value_normal to socket Bump::Normal.
I1106 08:06:49.980206 2120 constant_fold.cpp:109] Folding convert_vector_to_normal::value_normal to socket Bump::Normal.
I1106 08:06:49.980206 2120 constant_fold.cpp:109] Folding convert_vector_to_normal::value_normal to socket Bump::Normal.
I1106 08:06:49.980206 2120 graph.cpp:617] Deduplicated 5 nodes.
I1106 08:06:49.980206 3328 constant_fold.cpp:109] Folding Mix.001::Color to socket ColorRamp.003::Color.
I1106 08:06:49.980206 3328 graph.cpp:617] Deduplicated 2 nodes.
I1106 08:06:49.981206 1764 constant_fold.cpp:109] Folding Mix.001::Color to socket Mix.004::Color.
I1106 08:06:49.981206 1764 graph.cpp:617] Deduplicated 3 nodes.
I1106 08:06:49.981206 260 constant_fold.cpp:109] Folding Mix.004::Color to socket Hue Saturation Value::Color.
I1106 08:06:49.981206 260 graph.cpp:617] Deduplicated 6 nodes.
I1106 08:06:49.981206 2872 graph.cpp:617] Deduplicated 1 nodes.
I1106 08:06:49.981206 3904 graph.cpp:617] Deduplicated 3 nodes.
I1106 08:06:49.981206 1764 constant_fold.cpp:109] Folding Mix.001::Color to socket Mix.004::Color.
I1106 08:06:49.981206 1764 graph.cpp:617] Deduplicated 2 nodes.
I1106 08:06:49.981206 3948 constant_fold.cpp:54] Folding RGB::Color to constant (0.240158, 0.0932817, 0.125065).
I1106 08:06:49.981206 3948 constant_fold.cpp:54] Folding convert_color_to_vector::value_vector to constant (0.240158, 0.0932817, 0.125065).
I1106 08:06:49.981206 3948 graph.cpp:617] Deduplicated 3 nodes.
I1106 08:06:49.981206 1088 constant_fold.cpp:109] Folding Mix Shader.004::Closure to socket Transparent BSDF::BSDF.
I1106 08:06:49.981206 1088 nodes.cpp:1981] Using GGX glossy with filter glossy.
I1106 08:06:49.982206 3328 graph.cpp:617] Deduplicated 2 nodes.
I1106 08:06:49.982206 1088 graph.cpp:617] Deduplicated 2 nodes.
I1106 08:06:49.982206 3948 graph.cpp:617] Deduplicated 2 nodes.
I1106 08:06:49.982206 1764 constant_fold.cpp:54] Folding Mix.001::Color to constant (0.0256854, 0.0257086, 0.0241112).
I1106 08:06:49.982206 1764 graph.cpp:617] Deduplicated 4 nodes.
I1106 08:06:49.982206 260 graph.cpp:617] Deduplicated 3 nodes.
I1106 08:06:49.982206 260 graph.cpp:617] Deduplicated 1 nodes.
I1106 08:06:49.982206 1088 constant_fold.cpp:54] Folding RGB::Color to constant (0.0490753, 0.0432376, 0.0399975).
I1106 08:06:49.982206 1088 graph.cpp:617] Deduplicated 1 nodes.
I1106 08:06:49.982206 2872 nodes.cpp:2171] Using GGX refraction with filter glossy.
I1106 08:06:49.982206 2872 nodes.cpp:1981] Using GGX glossy with filter glossy.
I1106 08:06:49.982206 3328 constant_fold.cpp:109] Folding convert_vector_to_point::value_point to socket UV Map::UV.
I1106 08:06:49.982206 3328 constant_fold.cpp:109] Folding convert_vector_to_point::value_point to socket UV Map::UV.
I1106 08:06:49.982206 3328 constant_fold.cpp:109] Folding convert_vector_to_point::value_point to socket UV Map::UV.
I1106 08:06:49.983206 3328 graph.cpp:617] Deduplicated 3 nodes.
I1106 08:06:49.983206 260 constant_fold.cpp:109] Folding convert_vector_to_point::value_point to socket UV Map::UV.
I1106 08:06:49.983206 260 constant_fold.cpp:109] Folding convert_vector_to_point::value_point to socket UV Map::UV.
I1106 08:06:49.983206 260 graph.cpp:617] Deduplicated 1 nodes.
I1106 08:06:49.983206 1088 constant_fold.cpp:54] Folding RGB::Color to constant (0.0874762, 0.0342926, 0.0143094).
I1106 08:06:49.983206 1088 constant_fold.cpp:109] Folding convert_vector_to_point::value_point to socket UV Map::UV.
I1106 08:06:49.983206 1088 constant_fold.cpp:109] Folding convert_vector_to_point::value_point to socket UV Map::UV.
I1106 08:06:49.983206 1088 constant_fold.cpp:109] Folding convert_vector_to_point::value_point to socket UV Map::UV.
I1106 08:06:49.983206 1088 graph.cpp:617] Deduplicated 3 nodes.
I1106 08:06:49.983206 3948 constant_fold.cpp:54] Folding RGB::Color to constant (0.0874762, 0.0342926, 0.0143094).
I1106 08:06:49.983206 3948 constant_fold.cpp:109] Folding convert_vector_to_point::value_point to socket UV Map::UV.
I1106 08:06:49.983206 3948 constant_fold.cpp:109] Folding convert_vector_to_point::value_point to socket UV Map::UV.
I1106 08:06:49.983206 3948 graph.cpp:617] Deduplicated 1 nodes.
I1106 08:06:49.983206 2120 constant_fold.cpp:109] Folding convert_vector_to_point::value_point to socket UV Map::UV.
I1106 08:06:49.983206 2120 constant_fold.cpp:109] Folding convert_vector_to_point::value_point to socket UV Map::UV.
I1106 08:06:49.983206 2120 constant_fold.cpp:109] Folding convert_vector_to_point::value_point to socket UV Map::UV.
I1106 08:06:49.983206 2120 graph.cpp:617] Deduplicated 2 nodes.
I1106 08:06:49.983206 1764 constant_fold.cpp:109] Folding convert_vector_to_point::value_point to socket UV Map::UV.
I1106 08:06:49.983206 1764 constant_fold.cpp:109] Folding convert_vector_to_point::value_point to socket UV Map::UV.
I1106 08:06:49.983206 2872 constant_fold.cpp:109] Folding Math::Value to socket Image Texture.004::Alpha.
I1106 08:06:49.983206 2872 constant_fold.cpp:109] Folding convert_vector_to_normal::value_normal to socket Bump.004::Normal.
I1106 08:06:49.983206 2872 constant_fold.cpp:109] Folding convert_vector_to_normal::value_normal to socket Bump.004::Normal.
I1106 08:06:49.983206 2872 graph.cpp:617] Deduplicated 1 nodes.
I1106 08:06:49.983206 3328 constant_fold.cpp:109] Folding convert_vector_to_normal::value_normal to socket Bump.001::Normal.
I1106 08:06:49.983206 3328 constant_fold.cpp:109] Folding convert_vector_to_normal::value_normal to socket Bump.001::Normal.
I1106 08:06:49.983206 260 graph.cpp:617] Deduplicated 1 nodes.
I1106 08:06:49.983206 2120 constant_fold.cpp:109] Folding convert_vector_to_normal::value_normal to socket Bump.001::Normal.
I1106 08:06:49.984206 2120 constant_fold.cpp:109] Folding convert_vector_to_normal::value_normal to socket Bump.001::Normal.
I1106 08:06:49.984206 2120 graph.cpp:617] Deduplicated 2 nodes.
I1106 08:06:49.984206 3904 constant_fold.cpp:109] Folding convert_vector_to_normal::value_normal to socket Bump.001::Normal.
I1106 08:06:49.984206 3904 constant_fold.cpp:109] Folding convert_vector_to_normal::value_normal to socket Bump.001::Normal.
I1106 08:06:49.984206 2872 graph.cpp:617] Deduplicated 1 nodes.
I1106 08:06:49.984206 3328 constant_fold.cpp:54] Folding RGB::Color to constant (0.240158, 0.0932817, 0.125065).
I1106 08:06:49.984206 3328 constant_fold.cpp:54] Folding convert_color_to_vector::value_vector to constant (0.240158, 0.0932817, 0.125065).
I1106 08:06:49.984206 3328 graph.cpp:617] Deduplicated 4 nodes.
I1106 08:06:49.984206 260 constant_fold.cpp:54] Folding RGB::Color to constant (0.240158, 0.0932817, 0.125065).
I1106 08:06:49.984206 260 constant_fold.cpp:54] Folding convert_color_to_vector::value_vector to constant (0.240158, 0.0932817, 0.125065).
I1106 08:06:49.984206 260 graph.cpp:617] Deduplicated 4 nodes.
I1106 08:06:49.984206 1088 graph.cpp:617] Deduplicated 1 nodes.
I1106 08:06:49.984206 3948 constant_fold.cpp:109] Folding convert_vector_to_normal::value_normal to socket Bump::Normal.
I1106 08:06:49.984206 3948 constant_fold.cpp:109] Folding convert_vector_to_normal::value_normal to socket Bump::Normal.
I1106 08:06:49.984206 3948 graph.cpp:617] Deduplicated 1 nodes.
I1106 08:06:49.984206 2872 constant_fold.cpp:54] Folding RGB.001::Color to constant (0.0392065, 0.045089, 0.0592535).
I1106 08:06:49.984206 2872 constant_fold.cpp:127] Discarding closure Emission.002.
I1106 08:06:49.984206 3904 graph.cpp:617] Deduplicated 6 nodes.
I1106 08:06:51.089206 1380 blender_curves.cpp:584] Exporting curve segments for mesh GEO-victor_jacket
I1106 08:06:53.616206 1380 blender_curves.cpp:584] Exporting curve segments for mesh GEO-victor_head
I1106 08:07:05.795207 1380 blender_curves.cpp:584] Exporting curve segments for mesh GEO-franck_sheep_body
I1106 08:07:09.869206 1380 blender_curves.cpp:584] Exporting curve segments for mesh GEO-franck_sheep_furcoat
I1106 08:07:11.431206 1380 blender_curves.cpp:584] Exporting curve segments for mesh Cube.006
I1106 08:07:31.461206 1144 session.cpp:701] Requested features: Experimental features: Off Max closure count: 7 Max nodes group: 3 Nodes features: 6 Use Hair: True Use Object Motion: False Use Camera Motion: False Use Baking: False Use Subsurface: True Use Volume: True Use Branched Integrator: False Use Patch Evaluation: False Use Transparent Shadows: True Use Principled BSDF: False Use Denoising: False
I1106 08:07:31.461206 1144 opencl_base.cpp:215] Loading kernels for platform AMD Accelerated Parallel Processing, device Radeon RX Vega.
I1106 08:07:31.461206 1144 opencl_util.cpp:287] OpenCL program split not found in cache.
I1106 08:07:31.878206 1144 opencl_util.cpp:314] Build options passed to clBuildProgram: '-cl-no-signed-zeros -cl-mad-enable -D__KERNEL_OPENCL_AMD__ -D__SPLIT_KERNEL__ -D__NODES_MAX_GROUP__=3 -D__NODES_FEATURES__=6 -D__MAX_CLOSURE__=7 -D__NO_OBJECT_MOTION__ -D__NO_CAMERA_MOTION__ -D__NO_BAKING__ -D__NO_BRANCHED_PATH__ -D__NO_PATCH_EVAL__ -D__NO_SHADOW_TRICKS__ -D__NO_PRINCIPLED__ -D__NO_DENOISING__ -D__NO_SHADER_RAYTRACE__ -D__COMPUTE_DEVICE_GPU__'.
I1106 08:07:31.913206 1144 opencl_util.cpp:287] Loaded program from C:\Users\test\AppData\Roaming\Blender Foundation\Blender\2.79\cache\kernels\cycles_kernel_split_CEA7E7FC96B47DAE835CB242AC22C58A_A4D4F14C38CEBD19AD1849E14198C353.clbin.
I1106 08:07:31.916206 1144 opencl_util.cpp:287] OpenCL program split not found in cache.
I1106 08:07:32.330206 1144 opencl_util.cpp:314] Build options passed to clBuildProgram: '-cl-no-signed-zeros -cl-mad-enable -D__KERNEL_OPENCL_AMD__ -D__SPLIT_KERNEL__ -D__NODES_MAX_GROUP__=3 -D__NODES_FEATURES__=6 -D__MAX_CLOSURE__=7 -D__NO_OBJECT_MOTION__ -D__NO_CAMERA_MOTION__ -D__NO_BAKING__ -D__NO_BRANCHED_PATH__ -D__NO_PATCH_EVAL__ -D__NO_SHADOW_TRICKS__ -D__NO_PRINCIPLED__ -D__NO_DENOISING__ -D__NO_SHADER_RAYTRACE__ -D__COMPUTE_DEVICE_GPU__'.
I1106 08:07:32.363206 1144 opencl_util.cpp:287] Loaded program from C:\Users\test\AppData\Roaming\Blender Foundation\Blender\2.79\cache\kernels\cycles_kernel_split_CEA7E7FC96B47DAE835CB242AC22C58A_A4D4F14C38CEBD19AD1849E14198C353.clbin.
I1106 08:07:32.366206 1144 opencl_util.cpp:287] OpenCL program split not found in cache.
I1106 08:07:32.779206 1144 opencl_util.cpp:314] Build options passed to clBuildProgram: '-cl-no-signed-zeros -cl-mad-enable -D__KERNEL_OPENCL_AMD__ -D__SPLIT_KERNEL__ -D__NODES_MAX_GROUP__=3 -D__NODES_FEATURES__=6 -D__MAX_CLOSURE__=7 -D__NO_OBJECT_MOTION__ -D__NO_CAMERA_MOTION__ -D__NO_BAKING__ -D__NO_BRANCHED_PATH__ -D__NO_PATCH_EVAL__ -D__NO_SHADOW_TRICKS__ -D__NO_PRINCIPLED__ -D__NO_DENOISING__ -D__NO_SHADER_RAYTRACE__ -D__COMPUTE_DEVICE_GPU__'.
I1106 08:07:32.812206 1144 opencl_util.cpp:287] Loaded program from C:\Users\test\AppData\Roaming\Blender Foundation\Blender\2.79\cache\kernels\cycles_kernel_split_CEA7E7FC96B47DAE835CB242AC22C58A_A4D4F14C38CEBD19AD1849E14198C353.clbin.
I1106 08:07:32.815207 1144 opencl_util.cpp:287] OpenCL program split not found in cache.
I1106 08:07:33.229207 1144 opencl_util.cpp:314] Build options passed to clBuildProgram: '-cl-no-signed-zeros -cl-mad-enable -D__KERNEL_OPENCL_AMD__ -D__SPLIT_KERNEL__ -D__NODES_MAX_GROUP__=3 -D__NODES_FEATURES__=6 -D__MAX_CLOSURE__=7 -D__NO_OBJECT_MOTION__ -D__NO_CAMERA_MOTION__ -D__NO_BAKING__ -D__NO_BRANCHED_PATH__ -D__NO_PATCH_EVAL__ -D__NO_SHADOW_TRICKS__ -D__NO_PRINCIPLED__ -D__NO_DENOISING__ -D__NO_SHADER_RAYTRACE__ -D__COMPUTE_DEVICE_GPU__'.
I1106 08:07:33.262207 1144 opencl_util.cpp:287] Loaded program from C:\Users\test\AppData\Roaming\Blender Foundation\Blender\2.79\cache\kernels\cycles_kernel_split_CEA7E7FC96B47DAE835CB242AC22C58A_A4D4F14C38CEBD19AD1849E14198C353.clbin.
I1106 08:07:33.265206 1144 opencl_util.cpp:287] OpenCL program split not found in cache.
I1106 08:07:33.682206 1144 opencl_util.cpp:314] Build options passed to clBuildProgram: '-cl-no-signed-zeros -cl-mad-enable -D__KERNEL_OPENCL_AMD__ -D__SPLIT_KERNEL__ -D__NODES_MAX_GROUP__=3 -D__NODES_FEATURES__=6 -D__MAX_CLOSURE__=7 -D__NO_OBJECT_MOTION__ -D__NO_CAMERA_MOTION__ -D__NO_BAKING__ -D__NO_BRANCHED_PATH__ -D__NO_PATCH_EVAL__ -D__NO_SHADOW_TRICKS__ -D__NO_PRINCIPLED__ -D__NO_DENOISING__ -D__NO_SHADER_RAYTRACE__ -D__COMPUTE_DEVICE_GPU__'.
I1106 08:07:33.714206 1144 opencl_util.cpp:287] Loaded program from C:\Users\test\AppData\Roaming\Blender Foundation\Blender\2.79\cache\kernels\cycles_kernel_split_CEA7E7FC96B47DAE835CB242AC22C58A_A4D4F14C38CEBD19AD1849E14198C353.clbin.
I1106 08:07:33.718206 1144 opencl_util.cpp:287] OpenCL program split not found in cache.
I1106 08:07:34.133206 1144 opencl_util.cpp:314] Build options passed to clBuildProgram: '-cl-no-signed-zeros -cl-mad-enable -D__KERNEL_OPENCL_AMD__ -D__SPLIT_KERNEL__ -D__NODES_MAX_GROUP__=3 -D__NODES_FEATURES__=6 -D__MAX_CLOSURE__=7 -D__NO_OBJECT_MOTION__ -D__NO_CAMERA_MOTION__ -D__NO_BAKING__ -D__NO_BRANCHED_PATH__ -D__NO_PATCH_EVAL__ -D__NO_SHADOW_TRICKS__ -D__NO_PRINCIPLED__ -D__NO_DENOISING__ -D__NO_SHADER_RAYTRACE__ -D__COMPUTE_DEVICE_GPU__'.
I1106 08:07:34.166206 1144 opencl_util.cpp:287] Loaded program from C:\Users\test\AppData\Roaming\Blender Foundation\Blender\2.79\cache\kernels\cycles_kernel_split_CEA7E7FC96B47DAE835CB242AC22C58A_A4D4F14C38CEBD19AD1849E14198C353.clbin.
I1106 08:07:34.169206 1144 opencl_util.cpp:287] OpenCL program split not found in cache.
I1106 08:07:34.584206 1144 opencl_util.cpp:314] Build options passed to clBuildProgram: '-cl-no-signed-zeros -cl-mad-enable -D__KERNEL_OPENCL_AMD__ -D__SPLIT_KERNEL__ -D__NODES_MAX_GROUP__=3 -D__NODES_FEATURES__=6 -D__MAX_CLOSURE__=7 -D__NO_OBJECT_MOTION__ -D__NO_CAMERA_MOTION__ -D__NO_BAKING__ -D__NO_BRANCHED_PATH__ -D__NO_PATCH_EVAL__ -D__NO_SHADOW_TRICKS__ -D__NO_PRINCIPLED__ -D__NO_DENOISING__ -D__NO_SHADER_RAYTRACE__ -D__COMPUTE_DEVICE_GPU__'.
I1106 08:07:34.617207 1144 opencl_util.cpp:287] Loaded program from C:\Users\test\AppData\Roaming\Blender Foundation\Blender\2.79\cache\kernels\cycles_kernel_split_CEA7E7FC96B47DAE835CB242AC22C58A_A4D4F14C38CEBD19AD1849E14198C353.clbin.
I1106 08:07:34.620206 1144 opencl_util.cpp:287] OpenCL program split not found in cache.
I1106 08:07:35.035207 1144 opencl_util.cpp:314] Build options passed to clBuildProgram: '-cl-no-signed-zeros -cl-mad-enable -D__KERNEL_OPENCL_AMD__ -D__SPLIT_KERNEL__ -D__NODES_MAX_GROUP__=3 -D__NODES_FEATURES__=6 -D__MAX_CLOSURE__=7 -D__NO_OBJECT_MOTION__ -D__NO_CAMERA_MOTION__ -D__NO_BAKING__ -D__NO_BRANCHED_PATH__ -D__NO_PATCH_EVAL__ -D__NO_SHADOW_TRICKS__ -D__NO_PRINCIPLED__ -D__NO_DENOISING__ -D__NO_SHADER_RAYTRACE__ -D__COMPUTE_DEVICE_GPU__'.
I1106 08:07:35.067206 1144 opencl_util.cpp:287] Loaded program from C:\Users\test\AppData\Roaming\Blender Foundation\Blender\2.79\cache\kernels\cycles_kernel_split_CEA7E7FC96B47DAE835CB242AC22C58A_A4D4F14C38CEBD19AD1849E14198C353.clbin.
I1106 08:07:35.070206 1144 opencl_util.cpp:287] OpenCL program split not found in cache.
I1106 08:07:35.484206 1144 opencl_util.cpp:314] Build options passed to clBuildProgram: '-cl-no-signed-zeros -cl-mad-enable -D__KERNEL_OPENCL_AMD__ -D__SPLIT_KERNEL__ -D__NODES_MAX_GROUP__=3 -D__NODES_FEATURES__=6 -D__MAX_CLOSURE__=7 -D__NO_OBJECT_MOTION__ -D__NO_CAMERA_MOTION__ -D__NO_BAKING__ -D__NO_BRANCHED_PATH__ -D__NO_PATCH_EVAL__ -D__NO_SHADOW_TRICKS__ -D__NO_PRINCIPLED__ -D__NO_DENOISING__ -D__NO_SHADER_RAYTRACE__ -D__COMPUTE_DEVICE_GPU__'.
I1106 08:07:35.517206 1144 opencl_util.cpp:287] Loaded program from C:\Users\test\AppData\Roaming\Blender Foundation\Blender\2.79\cache\kernels\cycles_kernel_split_CEA7E7FC96B47DAE835CB242AC22C58A_A4D4F14C38CEBD19AD1849E14198C353.clbin.
I1106 08:07:35.520206 1144 opencl_util.cpp:287] OpenCL program split not found in cache.
I1106 08:07:35.935206 1144 opencl_util.cpp:314] Build options passed to clBuildProgram: '-cl-no-signed-zeros -cl-mad-enable -D__KERNEL_OPENCL_AMD__ -D__SPLIT_KERNEL__ -D__NODES_MAX_GROUP__=3 -D__NODES_FEATURES__=6 -D__MAX_CLOSURE__=7 -D__NO_OBJECT_MOTION__ -D__NO_CAMERA_MOTION__ -D__NO_BAKING__ -D__NO_BRANCHED_PATH__ -D__NO_PATCH_EVAL__ -D__NO_SHADOW_TRICKS__ -D__NO_PRINCIPLED__ -D__NO_DENOISING__ -D__NO_SHADER_RAYTRACE__ -D__COMPUTE_DEVICE_GPU__'.
I1106 08:07:35.967206 1144 opencl_util.cpp:287] Loaded program from C:\Users\test\AppData\Roaming\Blender Foundation\Blender\2.79\cache\kernels\cycles_kernel_split_CEA7E7FC96B47DAE835CB242AC22C58A_A4D4F14C38CEBD19AD1849E14198C353.clbin.
I1106 08:07:35.970206 1144 opencl_util.cpp:287] OpenCL program split not found in cache.
I1106 08:07:36.383206 1144 opencl_util.cpp:314] Build options passed to clBuildProgram: '-cl-no-signed-zeros -cl-mad-enable -D__KERNEL_OPENCL_AMD__ -D__SPLIT_KERNEL__ -D__NODES_MAX_GROUP__=3 -D__NODES_FEATURES__=6 -D__MAX_CLOSURE__=7 -D__NO_OBJECT_MOTION__ -D__NO_CAMERA_MOTION__ -D__NO_BAKING__ -D__NO_BRANCHED_PATH__ -D__NO_PATCH_EVAL__ -D__NO_SHADOW_TRICKS__ -D__NO_PRINCIPLED__ -D__NO_DENOISING__ -D__NO_SHADER_RAYTRACE__ -D__COMPUTE_DEVICE_GPU__'.
I1106 08:07:36.416206 1144 opencl_util.cpp:287] Loaded program from C:\Users\test\AppData\Roaming\Blender Foundation\Blender\2.79\cache\kernels\cycles_kernel_split_CEA7E7FC96B47DAE835CB242AC22C58A_A4D4F14C38CEBD19AD1849E14198C353.clbin.
I1106 08:07:36.419206 1144 opencl_util.cpp:287] OpenCL program split not found in cache.
I1106 08:07:36.832206 1144 opencl_util.cpp:314] Build options passed to clBuildProgram: '-cl-no-signed-zeros -cl-mad-enable -D__KERNEL_OPENCL_AMD__ -D__SPLIT_KERNEL__ -D__NODES_MAX_GROUP__=3 -D__NODES_FEATURES__=6 -D__MAX_CLOSURE__=7 -D__NO_OBJECT_MOTION__ -D__NO_CAMERA_MOTION__ -D__NO_BAKING__ -D__NO_BRANCHED_PATH__ -D__NO_PATCH_EVAL__ -D__NO_SHADOW_TRICKS__ -D__NO_PRINCIPLED__ -D__NO_DENOISING__ -D__NO_SHADER_RAYTRACE__ -D__COMPUTE_DEVICE_GPU__'.
I1106 08:07:36.864207 1144 opencl_util.cpp:287] Loaded program from C:\Users\test\AppData\Roaming\Blender Foundation\Blender\2.79\cache\kernels\cycles_kernel_split_CEA7E7FC96B47DAE835CB242AC22C58A_A4D4F14C38CEBD19AD1849E14198C353.clbin.
I1106 08:07:36.868206 1144 opencl_util.cpp:287] OpenCL program split not found in cache.
I1106 08:07:37.282207 1144 opencl_util.cpp:314] Build options passed to clBuildProgram: '-cl-no-signed-zeros -cl-mad-enable -D__KERNEL_OPENCL_AMD__ -D__SPLIT_KERNEL__ -D__NODES_MAX_GROUP__=3 -D__NODES_FEATURES__=6 -D__MAX_CLOSURE__=7 -D__NO_OBJECT_MOTION__ -D__NO_CAMERA_MOTION__ -D__NO_BAKING__ -D__NO_BRANCHED_PATH__ -D__NO_PATCH_EVAL__ -D__NO_SHADOW_TRICKS__ -D__NO_PRINCIPLED__ -D__NO_DENOISING__ -D__NO_SHADER_RAYTRACE__ -D__COMPUTE_DEVICE_GPU__'.
I1106 08:07:37.314206 1144 opencl_util.cpp:287] Loaded program from C:\Users\test\AppData\Roaming\Blender Foundation\Blender\2.79\cache\kernels\cycles_kernel_split_CEA7E7FC96B47DAE835CB242AC22C58A_A4D4F14C38CEBD19AD1849E14198C353.clbin.
I1106 08:07:37.317206 1144 opencl_util.cpp:287] OpenCL program split not found in cache.
I1106 08:07:37.731206 1144 opencl_util.cpp:314] Build options passed to clBuildProgram: '-cl-no-signed-zeros -cl-mad-enable -D__KERNEL_OPENCL_AMD__ -D__SPLIT_KERNEL__ -D__NODES_MAX_GROUP__=3 -D__NODES_FEATURES__=6 -D__MAX_CLOSURE__=7 -D__NO_OBJECT_MOTION__ -D__NO_CAMERA_MOTION__ -D__NO_BAKING__ -D__NO_BRANCHED_PATH__ -D__NO_PATCH_EVAL__ -D__NO_SHADOW_TRICKS__ -D__NO_PRINCIPLED__ -D__NO_DENOISING__ -D__NO_SHADER_RAYTRACE__ -D__COMPUTE_DEVICE_GPU__'.
I1106 08:07:37.764206 1144 opencl_util.cpp:287] Loaded program from C:\Users\test\AppData\Roaming\Blender Foundation\Blender\2.79\cache\kernels\cycles_kernel_split_CEA7E7FC96B47DAE835CB242AC22C58A_A4D4F14C38CEBD19AD1849E14198C353.clbin.
I1106 08:07:37.767206 1144 opencl_util.cpp:287] OpenCL program split not found in cache.
I1106 08:07:38.181206 1144 opencl_util.cpp:314] Build options passed to clBuildProgram: '-cl-no-signed-zeros -cl-mad-enable -D__KERNEL_OPENCL_AMD__ -D__SPLIT_KERNEL__ -D__NODES_MAX_GROUP__=3 -D__NODES_FEATURES__=6 -D__MAX_CLOSURE__=7 -D__NO_OBJECT_MOTION__ -D__NO_CAMERA_MOTION__ -D__NO_BAKING__ -D__NO_BRANCHED_PATH__ -D__NO_PATCH_EVAL__ -D__NO_SHADOW_TRICKS__ -D__NO_PRINCIPLED__ -D__NO_DENOISING__ -D__NO_SHADER_RAYTRACE__ -D__COMPUTE_DEVICE_GPU__'.
I1106 08:07:38.213207 1144 opencl_util.cpp:287] Loaded program from C:\Users\test\AppData\Roaming\Blender Foundation\Blender\2.79\cache\kernels\cycles_kernel_split_CEA7E7FC96B47DAE835CB242AC22C58A_A4D4F14C38CEBD19AD1849E14198C353.clbin.
I1106 08:07:38.216207 1144 opencl_util.cpp:287] OpenCL program split not found in cache.
I1106 08:07:38.630206 1144 opencl_util.cpp:314] Build options passed to clBuildProgram: '-cl-no-signed-zeros -cl-mad-enable -D__KERNEL_OPENCL_AMD__ -D__SPLIT_KERNEL__ -D__NODES_MAX_GROUP__=3 -D__NODES_FEATURES__=6 -D__MAX_CLOSURE__=7 -D__NO_OBJECT_MOTION__ -D__NO_CAMERA_MOTION__ -D__NO_BAKING__ -D__NO_BRANCHED_PATH__ -D__NO_PATCH_EVAL__ -D__NO_SHADOW_TRICKS__ -D__NO_PRINCIPLED__ -D__NO_DENOISING__ -D__NO_SHADER_RAYTRACE__ -D__COMPUTE_DEVICE_GPU__'.
I1106 08:07:38.663206 1144 opencl_util.cpp:287] Loaded program from C:\Users\test\AppData\Roaming\Blender Foundation\Blender\2.79\cache\kernels\cycles_kernel_split_CEA7E7FC96B47DAE835CB242AC22C58A_A4D4F14C38CEBD19AD1849E14198C353.clbin.
I1106 08:07:38.666206 1144 opencl_util.cpp:287] OpenCL program split not found in cache.
I1106 08:07:39.080206 1144 opencl_util.cpp:314] Build options passed to clBuildProgram: '-cl-no-signed-zeros -cl-mad-enable -D__KERNEL_OPENCL_AMD__ -D__SPLIT_KERNEL__ -D__NODES_MAX_GROUP__=3 -D__NODES_FEATURES__=6 -D__MAX_CLOSURE__=7 -D__NO_OBJECT_MOTION__ -D__NO_CAMERA_MOTION__ -D__NO_BAKING__ -D__NO_BRANCHED_PATH__ -D__NO_PATCH_EVAL__ -D__NO_SHADOW_TRICKS__ -D__NO_PRINCIPLED__ -D__NO_DENOISING__ -D__NO_SHADER_RAYTRACE__ -D__COMPUTE_DEVICE_GPU__'.
I1106 08:07:39.113206 1144 opencl_util.cpp:287] Loaded program from C:\Users\test\AppData\Roaming\Blender Foundation\Blender\2.79\cache\kernels\cycles_kernel_split_CEA7E7FC96B47DAE835CB242AC22C58A_A4D4F14C38CEBD19AD1849E14198C353.clbin.
I1106 08:07:39.116206 1144 opencl_util.cpp:287] OpenCL program split not found in cache.
I1106 08:07:39.532207 1144 opencl_util.cpp:314] Build options passed to clBuildProgram: '-cl-no-signed-zeros -cl-mad-enable -D__KERNEL_OPENCL_AMD__ -D__SPLIT_KERNEL__ -D__NODES_MAX_GROUP__=3 -D__NODES_FEATURES__=6 -D__MAX_CLOSURE__=7 -D__NO_OBJECT_MOTION__ -D__NO_CAMERA_MOTION__ -D__NO_BAKING__ -D__NO_BRANCHED_PATH__ -D__NO_PATCH_EVAL__ -D__NO_SHADOW_TRICKS__ -D__NO_PRINCIPLED__ -D__NO_DENOISING__ -D__NO_SHADER_RAYTRACE__ -D__COMPUTE_DEVICE_GPU__'.
I1106 08:07:39.565207 1144 opencl_util.cpp:287] Loaded program from C:\Users\test\AppData\Roaming\Blender Foundation\Blender\2.79\cache\kernels\cycles_kernel_split_CEA7E7FC96B47DAE835CB242AC22C58A_A4D4F14C38CEBD19AD1849E14198C353.clbin.
I1106 08:07:39.568207 1144 opencl_util.cpp:287] OpenCL program base not found in cache.
I1106 08:07:39.608206 1144 opencl_util.cpp:314] Build options passed to clBuildProgram: '-cl-no-signed-zeros -cl-mad-enable -D__KERNEL_OPENCL_AMD__ -D__NODES_MAX_GROUP__=3 -D__NODES_FEATURES__=6 -D__MAX_CLOSURE__=7 -D__NO_OBJECT_MOTION__ -D__NO_CAMERA_MOTION__ -D__NO_BAKING__ -D__NO_BRANCHED_PATH__ -D__NO_PATCH_EVAL__ -D__NO_SHADOW_TRICKS__ -D__NO_PRINCIPLED__ -D__NO_DENOISING__ -D__NO_SHADER_RAYTRACE__'.
I1106 08:07:39.621206 1144 opencl_util.cpp:287] Loaded program from C:\Users\test\AppData\Roaming\Blender Foundation\Blender\2.79\cache\kernels\cycles_kernel_base_FF47F49870DCC71AABA6E9E53AFCFAB6_29D893947441B8B9F83561C97AB18A77.clbin.
I1106 08:07:39.621206 1144 opencl_util.cpp:287] OpenCL program denoising not found in cache.
I1106 08:07:39.627207 1144 opencl_util.cpp:314] Build options passed to clBuildProgram: '-cl-no-signed-zeros -cl-mad-enable -D__KERNEL_OPENCL_AMD__ '.
I1106 08:07:39.629206 1144 opencl_util.cpp:287] Loaded program from C:\Users\test\AppData\Roaming\Blender Foundation\Blender\2.79\cache\kernels\cycles_kernel_denoising_6D2A6ACDFE0507A69833F0E59E420C8E_E9C1C7AFD28B94B1CF64E5E43369C8C9.clbin.
I1106 08:07:39.629206 1144 opencl_util.cpp:287] OpenCL program split not found in cache.
I1106 08:07:40.046206 1144 opencl_util.cpp:314] Build options passed to clBuildProgram: '-cl-no-signed-zeros -cl-mad-enable -D__KERNEL_OPENCL_AMD__ -D__SPLIT_KERNEL__ -D__NODES_MAX_GROUP__=3 -D__NODES_FEATURES__=6 -D__MAX_CLOSURE__=7 -D__NO_OBJECT_MOTION__ -D__NO_CAMERA_MOTION__ -D__NO_BAKING__ -D__NO_BRANCHED_PATH__ -D__NO_PATCH_EVAL__ -D__NO_SHADOW_TRICKS__ -D__NO_PRINCIPLED__ -D__NO_DENOISING__ -D__NO_SHADER_RAYTRACE__ -D__COMPUTE_DEVICE_GPU__'.
I1106 08:07:40.078207 1144 opencl_util.cpp:287] Loaded program from C:\Users\test\AppData\Roaming\Blender Foundation\Blender\2.79\cache\kernels\cycles_kernel_split_CEA7E7FC96B47DAE835CB242AC22C58A_A4D4F14C38CEBD19AD1849E14198C353.clbin.
I1106 08:07:40.082206 1144 opencl_util.cpp:287] OpenCL program split not found in cache.
I1106 08:07:40.499207 1144 opencl_util.cpp:314] Build options passed to clBuildProgram: '-cl-no-signed-zeros -cl-mad-enable -D__KERNEL_OPENCL_AMD__ -D__SPLIT_KERNEL__ -D__NODES_MAX_GROUP__=3 -D__NODES_FEATURES__=6 -D__MAX_CLOSURE__=7 -D__NO_OBJECT_MOTION__ -D__NO_CAMERA_MOTION__ -D__NO_BAKING__ -D__NO_BRANCHED_PATH__ -D__NO_PATCH_EVAL__ -D__NO_SHADOW_TRICKS__ -D__NO_PRINCIPLED__ -D__NO_DENOISING__ -D__NO_SHADER_RAYTRACE__ -D__COMPUTE_DEVICE_GPU__'.
I1106 08:07:40.532207 1144 opencl_util.cpp:287] Loaded program from C:\Users\test\AppData\Roaming\Blender Foundation\Blender\2.79\cache\kernels\cycles_kernel_split_CEA7E7FC96B47DAE835CB242AC22C58A_A4D4F14C38CEBD19AD1849E14198C353.clbin.
I1106 08:07:40.535207 1144 session.cpp:714] Total time spent loading kernels: 9.07412
I1106 08:07:40.557206 1144 svm.cpp:98] Total 124 shaders.
I1106 08:07:40.557206 2120 constant_fold.cpp:127] Discarding closure emission.
I1106 08:07:40.557206 1764 constant_fold.cpp:109] Folding Gamma::Color to socket Environment Texture.001::Color.
I1106 08:07:40.557206 3328 svm.cpp:66] Compilation summary: Shader name: default_empty Number of SVM nodes: 3 Peak stack usage: 0 Time (in seconds): Finalize: 0.000005 Surface: 0.000001 Bump: 0.000000 Volume: 0.000001 Displacement: 0.000001 Generate: 0.000003 Total: 0.000008
I1106 08:07:40.557206 2120 svm.cpp:66] Compilation summary: Shader name: default_light Number of SVM nodes: 3 Peak stack usage: 0 Time (in seconds): Finalize: 0.000020 Surface: 0.000001 Bump: 0.000000 Volume: 0.000001 Displacement: 0.000001 Generate: 0.000003 Total: 0.000023
I1106 08:07:40.557206 260 svm.cpp:66] Compilation summary: Shader name: default_surface Number of SVM nodes: 8 Peak stack usage: 4 Time (in seconds): Finalize: 0.000014 Surface: 0.000008 Bump: 0.000000 Volume: 0.000001 Displacement: 0.000002 Generate: 0.000011 Total: 0.000026
I1106 08:07:40.557206 3328 svm.cpp:66] Compilation summary: Shader name: Sun.001 Number of SVM nodes: 10 Peak stack usage: 4 Time (in seconds): Finalize: 0.000006 Surface: 0.000006 Bump: 0.000000 Volume: 0.000001 Displacement: 0.000001 Generate: 0.000007 Total: 0.000014
I1106 08:07:40.557206 2120 svm.cpp:66] Compilation summary: Shader name: BI_victor_skin_face Number of SVM nodes: 3 Peak stack usage: 0 Time (in seconds): Finalize: 0.000001 Surface: 0.000001 Bump: 0.000000 Volume: 0.000001 Displacement: 0.000001 Generate: 0.000002 Total: 0.000003
I1106 08:07:40.557206 260 svm.cpp:66] Compilation summary: Shader name: BI_victor_skin_face.001 Number of SVM nodes: 3 Peak stack usage: 0 Time (in seconds): Finalize: 0.000001 Surface: 0.000001 Bump: 0.000000 Volume: 0.000001 Displacement: 0.000001 Generate: 0.000003 Total: 0.000004
I1106 08:07:40.557206 3328 svm.cpp:66] Compilation summary: Shader name: BI_victor_skin_hands Number of SVM nodes: 3 Peak stack usage: 0 Time (in seconds): Finalize: 0.000000 Surface: 0.000001 Bump: 0.000000 Volume: 0.000001 Displacement: 0.000001 Generate: 0.000002 Total: 0.000003
I1106 08:07:40.557206 2120 svm.cpp:66] Compilation summary: Shader name: black_plate Number of SVM nodes: 8 Peak stack usage: 4 Time (in seconds): Finalize: 0.000000 Surface: 0.000008 Bump: 0.000000 Volume: 0.000001 Displacement: 0.000001 Generate: 0.000009 Total: 0.000010
I1106 08:07:40.557206 260 svm.cpp:66] Compilation summary: Shader name: dummy_gray Number of SVM nodes: 3 Peak stack usage: 0 Time (in seconds): Finalize: 0.000000 Surface: 0.000001 Bump: 0.000000 Volume: 0.000000 Displacement: 0.000000 Generate: 0.000002 Total: 0.000003
I1106 08:07:40.557206 3948 svm.cpp:66] Compilation summary: Shader name: dummy_green Number of SVM nodes: 3 Peak stack usage: 0 Time (in seconds): Finalize: 0.000000 Surface: 0.000001 Bump: 0.000000 Volume: 0.000001 Displacement: 0.000001 Generate: 0.000002 Total: 0.000003
I1106 08:07:40.557206 260 svm.cpp:66] Compilation summary: Shader name: dummy_red Number of SVM nodes: 3 Peak stack usage: 0 Time (in seconds): Finalize: 0.000000 Surface: 0.000001 Bump: 0.000000 Volume: 0.000000 Displacement: 0.000001 Generate: 0.000002 Total: 0.000002
I1106 08:07:40.557206 260 svm.cpp:66] Compilation summary: Shader name: franck_belt_leather Number of SVM nodes: 3 Peak stack usage: 0 Time (in seconds): Finalize: 0.000005 Surface: 0.000002 Bump: 0.000000 Volume: 0.000001 Displacement: 0.000001 Generate: 0.000004 Total: 0.000008
I1106 08:07:40.557206 3904 svm.cpp:66] Compilation summary: Shader name: dummy_white Number of SVM nodes: 8 Peak stack usage: 4 Time (in seconds): Finalize: 0.000000 Surface: 0.000005 Bump: 0.000000 Volume: 0.000001 Displacement: 0.000001 Generate: 0.000008 Total: 0.000008
I1106 08:07:40.557206 3948 svm.cpp:66] Compilation summary: Shader name: franck_belt_chrome Number of SVM nodes: 3 Peak stack usage: 0 Time (in seconds): Finalize: 0.000003 Surface: 0.000002 Bump: 0.000000 Volume: 0.000001 Displacement: 0.000001 Generate: 0.000004 Total: 0.000007
I1106 08:07:41.003206 2872 svm.cpp:66] Compilation summary: Shader name: franck_eye_iris_L2_view_color_1 Number of SVM nodes: 15 Peak stack usage: 10 Time (in seconds): Finalize: 0.000001 Surface: 0.441891 Bump: 0.000000 Volume: 0.000003 Displacement: 0.000002 Generate: 0.441896 Total: 0.441898
I1106 08:07:41.003206 3328 svm.cpp:66] Compilation summary: Shader name: franck_eye_iris_L2_view_color_2 Number of SVM nodes: 15 Peak stack usage: 10 Time (in seconds): Finalize: 0.000001 Surface: 0.414038 Bump: 0.000000 Volume: 0.000003 Displacement: 0.000002 Generate: 0.414043 Total: 0.414045
I1106 08:07:41.003206 2120 svm.cpp:66] Compilation summary: Shader name: franck_eye_iris_R2_view_color_1 Number of SVM nodes: 15 Peak stack usage: 10 Time (in seconds): Finalize: 0.000002 Surface: 0.381042 Bump: 0.000000 Volume: 0.000003 Displacement: 0.000001 Generate: 0.381047 Total: 0.381050
I1106 08:07:41.003206 1088 svm.cpp:66] Compilation summary: Shader name: franck_eye_iris_R2 Number of SVM nodes: 15 Peak stack usage: 10 Time (in seconds): Finalize: 0.000001 Surface: 0.413042 Bump: 0.000000 Volume: 0.000003 Displacement: 0.000002 Generate: 0.413047 Total: 0.413048
I1106 08:07:41.003206 1144 svm.cpp:66] Compilation summary: Shader name: franck_eye_iris_R2_view_color_2 Number of SVM nodes: 15 Peak stack usage: 10 Time (in seconds): Finalize: 0.000002 Surface: 0.291287 Bump: 0.000000 Volume: 0.000002 Displacement: 0.000001 Generate: 0.291290 Total: 0.291293
I1106 08:07:41.003206 1764 svm.cpp:66] Compilation summary: Shader name: default_background Number of SVM nodes: 23 Peak stack usage: 9 Time (in seconds): Finalize: 0.000041 Surface: 0.445776 Bump: 0.000000 Volume: 0.000003 Displacement: 0.000001 Generate: 0.445780 Total: 0.445822
I1106 08:07:41.003206 260 svm.cpp:66] Compilation summary: Shader name: franck_eye_cornea Number of SVM nodes: 805 Peak stack usage: 16 Time (in seconds): Finalize: 0.000002 Surface: 0.445494 Bump: 0.000000 Volume: 0.000004 Displacement: 0.000063 Generate: 0.445561 Total: 0.445564
I1106 08:07:41.003206 1144 svm.cpp:66] Compilation summary: Shader name: franck_glsl Number of SVM nodes: 3 Peak stack usage: 0 Time (in seconds): Finalize: 0.000001 Surface: 0.000002 Bump: 0.000000 Volume: 0.000001 Displacement: 0.000001 Generate: 0.000004 Total: 0.000006
I1106 08:07:41.003206 1764 svm.cpp:66] Compilation summary: Shader name: franck_glsl_eye_L Number of SVM nodes: 3 Peak stack usage: 0 Time (in seconds): Finalize: 0.000001 Surface: 0.000002 Bump: 0.000000 Volume: 0.000001 Displacement: 0.000001 Generate: 0.000003 Total: 0.000004
I1106 08:07:41.003206 260 svm.cpp:66] Compilation summary: Shader name: franck_glsl_eye_R Number of SVM nodes: 3 Peak stack usage: 0 Time (in seconds): Finalize: 0.000001 Surface: 0.000002 Bump: 0.000000 Volume: 0.000001 Displacement: 0.000001 Generate: 0.000003 Total: 0.000006
I1106 08:07:41.003206 2120 svm.cpp:66] Compilation summary: Shader name: franck_eyelashes Number of SVM nodes: 541 Peak stack usage: 12 Time (in seconds): Finalize: 0.000009 Surface: 0.000056 Bump: 0.000000 Volume: 0.000003 Displacement: 0.000006 Generate: 0.000065 Total: 0.000075
I1106 08:07:41.746206 3948 svm.cpp:66] Compilation summary: Shader name: franck_eye_iris_L2 Number of SVM nodes: 15 Peak stack usage: 10 Time (in seconds): Finalize: 0.000000 Surface: 1.188980 Bump: 0.000000 Volume: 0.000002 Displacement: 0.000001 Generate: 1.188984 Total: 1.188984
I1106 08:07:41.746206 2120 svm.cpp:66] Compilation summary: Shader name: franck_hair_wool_brown Number of SVM nodes: 1335 Peak stack usage: 25 Time (in seconds): Finalize: 0.000009 Surface: 0.743332 Bump: 0.000000 Volume: 0.000013 Displacement: 0.000003 Generate: 0.743347 Total: 0.743356
I1106 08:07:41.746206 3948 svm.cpp:66] Compilation summary: Shader name: green.000 Number of SVM nodes: 3 Peak stack usage: 0 Time (in seconds): Finalize: 0.000001 Surface: 0.000001 Bump: 0.000000 Volume: 0.000001 Displacement: 0.000001 Generate: 0.000003 Total: 0.000005
I1106 08:07:41.746206 1088 svm.cpp:66] Compilation summary: Shader name: franck_eyebrows Number of SVM nodes: 1602 Peak stack usage: 26 Time (in seconds): Finalize: 0.000013 Surface: 0.743450 Bump: 0.000000 Volume: 0.000009 Displacement: 0.000004 Generate: 0.743463 Total: 0.743477
I1106 08:07:41.746206 2120 svm.cpp:66] Compilation summary: Shader name: green.001 Number of SVM nodes: 3 Peak stack usage: 0 Time (in seconds): Finalize: 0.000001 Surface: 0.000002 Bump: 0.000000 Volume: 0.000001 Displacement: 0.000001 Generate: 0.000003 Total: 0.000004
I1106 08:07:41.746206 260 svm.cpp:66] Compilation summary: Shader name: franck_hair_legs Number of SVM nodes: 2663 Peak stack usage: 31 Time (in seconds): Finalize: 0.000026 Surface: 0.743412 Bump: 0.000000 Volume: 0.000008 Displacement: 0.000004 Generate: 0.743425 Total: 0.743451
I1106 08:07:41.746206 3948 svm.cpp:66] Compilation summary: Shader name: green.002 Number of SVM nodes: 3 Peak stack usage: 0 Time (in seconds): Finalize: 0.000001 Surface: 0.000002 Bump: 0.000000 Volume: 0.000000 Displacement: 0.000001 Generate: 0.000002 Total: 0.000004
I1106 08:07:41.746206 2120 svm.cpp:66] Compilation summary: Shader name: green.005 Number of SVM nodes: 3 Peak stack usage: 0 Time (in seconds): Finalize: 0.000000 Surface: 0.000001 Bump: 0.000000 Volume: 0.000001 Displacement: 0.000001 Generate: 0.000002 Total: 0.000003
I1106 08:07:41.746206 1764 svm.cpp:66] Compilation summary: Shader name: franck_hair_face_small Number of SVM nodes: 2659 Peak stack usage: 28 Time (in seconds): Finalize: 0.000018 Surface: 0.743450 Bump: 0.000000 Volume: 0.000007 Displacement: 0.000004 Generate: 0.743462 Total: 0.743480
I1106 08:07:41.746206 1088 svm.cpp:66] Compilation summary: Shader name: island_flowers_brighter Number of SVM nodes: 8 Peak stack usage: 4 Time (in seconds): Finalize: 0.000001 Surface: 0.000008 Bump: 0.000000 Volume: 0.000001 Displacement: 0.000001 Generate: 0.000010 Total: 0.000011
I1106 08:07:41.746206 260 svm.cpp:66] Compilation summary: Shader name: island_flowers_brighter.001 Number of SVM nodes: 8 Peak stack usage: 4 Time (in seconds): Finalize: 0.000001 Surface: 0.000006 Bump: 0.000000 Volume: 0.000001 Displacement: 0.000001 Generate: 0.000008 Total: 0.000009
I1106 08:07:41.746206 2120 svm.cpp:66] Compilation summary: Shader name: light_meshlight_01 Number of SVM nodes: 13 Peak stack usage: 4 Time (in seconds): Finalize: 0.000003 Surface: 0.000012 Bump: 0.000000 Volume: 0.000001 Displacement: 0.000001 Generate: 0.000013 Total: 0.000017
I1106 08:07:41.747206 260 svm.cpp:66] Compilation summary: Shader name: island_grass_mesh_yellowish Number of SVM nodes: 3483 Peak stack usage: 47 Time (in seconds): Finalize: 0.000009 Surface: 0.000202 Bump: 0.000000 Volume: 0.000008 Displacement: 0.000008 Generate: 0.000219 Total: 0.000229
I1106 08:07:41.747206 3948 svm.cpp:66] Compilation summary: Shader name: island_grass_mesh Number of SVM nodes: 3483 Peak stack usage: 38 Time (in seconds): Finalize: 0.000012 Surface: 0.000273 Bump: 0.000000 Volume: 0.000010 Displacement: 0.000025 Generate: 0.000308 Total: 0.000320
I1106 08:07:41.747206 1088 svm.cpp:66] Compilation summary: Shader name: island_grass_mesh_darker Number of SVM nodes: 3483 Peak stack usage: 47 Time (in seconds): Finalize: 0.000013 Surface: 0.000228 Bump: 0.000000 Volume: 0.000010 Displacement: 0.000006 Generate: 0.000244 Total: 0.000257
I1106 08:07:41.747206 1764 svm.cpp:66] Compilation summary: Shader name: island_grass_mesh.001 Number of SVM nodes: 3483 Peak stack usage: 38 Time (in seconds): Finalize: 0.000013 Surface: 0.000288 Bump: 0.000000 Volume: 0.000012 Displacement: 0.000005 Generate: 0.000305 Total: 0.000318
I1106 08:07:41.747206 3948 svm.cpp:66] Compilation summary: Shader name: mat_island_grass_bushes Number of SVM nodes: 1122 Peak stack usage: 20 Time (in seconds): Finalize: 0.000051 Surface: 0.000101 Bump: 0.000024 Volume: 0.000004 Displacement: 0.000013 Generate: 0.000142 Total: 0.000193
I1106 08:07:41.747206 1088 svm.cpp:66] Compilation summary: Shader name: mat_pink.001x Number of SVM nodes: 8 Peak stack usage: 4 Time (in seconds): Finalize: 0.000001 Surface: 0.000011 Bump: 0.000000 Volume: 0.000002 Displacement: 0.000001 Generate: 0.000014 Total: 0.000015
I1106 08:07:41.747206 1088 svm.cpp:66] Compilation summary: Shader name: mat_plant_dark Number of SVM nodes: 15 Peak stack usage: 7 Time (in seconds): Finalize: 0.000006 Surface: 0.000012 Bump: 0.000000 Volume: 0.000002 Displacement: 0.000002 Generate: 0.000016 Total: 0.000023
I1106 08:07:41.747206 1088 svm.cpp:66] Compilation summary: Shader name: mat_plant_dark.001 Number of SVM nodes: 15 Peak stack usage: 7 Time (in seconds): Finalize: 0.000004 Surface: 0.000011 Bump: 0.000000 Volume: 0.000002 Displacement: 0.000002 Generate: 0.000015 Total: 0.000019
I1106 08:07:41.747206 1088 svm.cpp:66] Compilation summary: Shader name: mat_red Number of SVM nodes: 3 Peak stack usage: 0 Time (in seconds): Finalize: 0.000000 Surface: 0.000001 Bump: 0.000000 Volume: 0.000002 Displacement: 0.000001 Generate: 0.000004 Total: 0.000005
I1106 08:07:41.747206 1764 svm.cpp:66] Compilation summary: Shader name: mat_plant Number of SVM nodes: 3489 Peak stack usage: 44 Time (in seconds): Finalize: 0.000009 Surface: 0.000268 Bump: 0.000000 Volume: 0.000015 Displacement: 0.000006 Generate: 0.000289 Total: 0.000299
I1106 08:07:41.747206 3948 svm.cpp:66] Compilation summary: Shader name: mat_plant.001 Number of SVM nodes: 3489 Peak stack usage: 44 Time (in seconds): Finalize: 0.000009 Surface: 0.000231 Bump: 0.000000 Volume: 0.000007 Displacement: 0.000006 Generate: 0.000244 Total: 0.000254
I1106 08:07:41.748206 1088 image.cpp:137] File '' does not exist.
I1106 08:07:41.748206 1088 image.cpp:137] File '' does not exist.
I1106 08:07:41.748206 1088 image.cpp:137] File '' does not exist.
I1106 08:07:41.748206 1764 image.cpp:137] File '' does not exist.
I1106 08:07:41.748206 1764 image.cpp:137] File '' does not exist.
I1106 08:07:41.748206 1088 image.cpp:137] File '' does not exist.
I1106 08:07:41.748206 1764 image.cpp:137] File '' does not exist.
I1106 08:07:41.748206 1764 image.cpp:137] File '' does not exist.
I1106 08:07:41.748206 1088 svm.cpp:66] Compilation summary: Shader name: mat_rock_dark Number of SVM nodes: 2222 Peak stack usage: 26 Time (in seconds): Finalize: 0.000094 Surface: 0.000095 Bump: 0.000131 Volume: 0.000006 Displacement: 0.000037 Generate: 0.000268 Total: 0.000363
I1106 08:07:41.748206 1764 svm.cpp:66] Compilation summary: Shader name: mat_rock_light Number of SVM nodes: 2241 Peak stack usage: 25 Time (in seconds): Finalize: 0.000110 Surface: 0.000095 Bump: 0.000137 Volume: 0.000005 Displacement: 0.000040 Generate: 0.000277 Total: 0.000389
I1106 08:07:42.396206 1088 svm.cpp:66] Compilation summary: Shader name: mat_skin.001x Number of SVM nodes: 10 Peak stack usage: 7 Time (in seconds): Finalize: 0.000000 Surface: 0.647945 Bump: 0.000000 Volume: 0.000003 Displacement: 0.000002 Generate: 0.647949 Total: 0.647950
I1106 08:07:42.396206 3328 svm.cpp:66] Compilation summary: Shader name: franck_wool_brown_furcoat Number of SVM nodes: 2134 Peak stack usage: 29 Time (in seconds): Finalize: 0.000006 Surface: 1.376327 Bump: 0.000000 Volume: 0.000015 Displacement: 0.000004 Generate: 1.376346 Total: 1.376353
I1106 08:07:42.396206 3328 svm.cpp:66] Compilation summary: Shader name: Material.000 Number of SVM nodes: 3 Peak stack usage: 0 Time (in seconds): Finalize: 0.000001 Surface: 0.000002 Bump: 0.000000 Volume: 0.000002 Displacement: 0.000002 Generate: 0.000006 Total: 0.000007
I1106 08:07:42.397207 3328 svm.cpp:66] Compilation summary: Shader name: Material.001 Number of SVM nodes: 3 Peak stack usage: 0 Time (in seconds): Finalize: 0.000000 Surface: 0.000002 Bump: 0.000000 Volume: 0.000002 Displacement: 0.000002 Generate: 0.000005 Total: 0.000006
I1106 08:07:42.397207 1088 svm.cpp:66] Compilation summary: Shader name: mat_tree Number of SVM nodes: 2256 Peak stack usage: 67 Time (in seconds): Finalize: 0.000189 Surface: 0.000084 Bump: 0.000106 Volume: 0.000006 Displacement: 0.000054 Generate: 0.000250 Total: 0.000440
I1106 08:07:42.397207 3328 svm.cpp:66] Compilation summary: Shader name: Material.002 Number of SVM nodes: 5 Peak stack usage: 0 Time (in seconds): Finalize: 0.000001 Surface: 0.000006 Bump: 0.000000 Volume: 0.000002 Displacement: 0.000002 Generate: 0.000009 Total: 0.000009
I1106 08:07:42.397207 1088 image.cpp:137] File '' does not exist.
I1106 08:07:42.397207 1088 image.cpp:137] File '' does not exist.
I1106 08:07:42.397207 1088 image.cpp:137] File '' does not exist.
I1106 08:07:42.397207 1088 image.cpp:137] File '' does not exist.
I1106 08:07:42.397207 1088 svm.cpp:66] Compilation summary: Shader name: pebble_rocks Number of SVM nodes: 1993 Peak stack usage: 25 Time (in seconds): Finalize: 0.000093 Surface: 0.000093 Bump: 0.000121 Volume: 0.000006 Displacement: 0.000034 Generate: 0.000253 Total: 0.000347
I1106 08:07:42.397207 1088 svm.cpp:66] Compilation summary: Shader name: red.000 Number of SVM nodes: 3 Peak stack usage: 0 Time (in seconds): Finalize: 0.000000 Surface: 0.000002 Bump: 0.000000 Volume: 0.000002 Displacement: 0.000002 Generate: 0.000005 Total: 0.000006
I1106 08:07:42.397207 1088 svm.cpp:66] Compilation summary: Shader name: red.001 Number of SVM nodes: 3 Peak stack usage: 0 Time (in seconds): Finalize: 0.000000 Surface: 0.000002 Bump: 0.000000 Volume: 0.000001 Displacement: 0.000001 Generate: 0.000004 Total: 0.000005
I1106 08:07:42.397207 1088 svm.cpp:66] Compilation summary: Shader name: red.002 Number of SVM nodes: 3 Peak stack usage: 0 Time (in seconds): Finalize: 0.000001 Surface: 0.000002 Bump: 0.000000 Volume: 0.000001 Displacement: 0.000002 Generate: 0.000004 Total: 0.000005
I1106 08:07:42.397207 1088 svm.cpp:66] Compilation summary: Shader name: red.003 Number of SVM nodes: 3 Peak stack usage: 0 Time (in seconds): Finalize: 0.000001 Surface: 0.000002 Bump: 0.000000 Volume: 0.000001 Displacement: 0.000002 Generate: 0.000004 Total: 0.000005
I1106 08:07:42.398206 1088 svm.cpp:66] Compilation summary: Shader name: red.004 Number of SVM nodes: 3 Peak stack usage: 0 Time (in seconds): Finalize: 0.000000 Surface: 0.000002 Bump: 0.000000 Volume: 0.000002 Displacement: 0.000002 Generate: 0.000005 Total: 0.000006
I1106 08:07:42.398206 1088 svm.cpp:66] Compilation summary: Shader name: red.005 Number of SVM nodes: 3 Peak stack usage: 0 Time (in seconds): Finalize: 0.000000 Surface: 0.000001 Bump: 0.000000 Volume: 0.000002 Displacement: 0.000001 Generate: 0.000004 Total: 0.000005
I1106 08:07:42.398206 1088 svm.cpp:66] Compilation summary: Shader name: red.006 Number of SVM nodes: 3 Peak stack usage: 0 Time (in seconds): Finalize: 0.000000 Surface: 0.000001 Bump: 0.000000 Volume: 0.000001 Displacement: 0.000001 Generate: 0.000004 Total: 0.000005
I1106 08:07:42.398206 1088 svm.cpp:66] Compilation summary: Shader name: red.008 Number of SVM nodes: 3 Peak stack usage: 0 Time (in seconds): Finalize: 0.000000 Surface: 0.000002 Bump: 0.000000 Volume: 0.000001 Displacement: 0.000001 Generate: 0.000004 Total: 0.000005
I1106 08:07:42.398206 1088 svm.cpp:66] Compilation summary: Shader name: red.009 Number of SVM nodes: 3 Peak stack usage: 0 Time (in seconds): Finalize: 0.000000 Surface: 0.000002 Bump: 0.000000 Volume: 0.000001 Displacement: 0.000002 Generate: 0.000004 Total: 0.000005
